000
CDUS44 KMEG 222304
CLIJBR


CLIMATE REPORT
NATIONAL WEATHER SERVICE MEMPHIS TN
504 PM CST MON DEC 22 2014


...................................

...THE JONESBORO CLIMATE SUMMARY FOR DECEMBER 22 2014...
VALID TODAY AS OF 0500 PM LOCAL TIME.

CLIMATE NORMAL PERIOD 1981 TO 2010
CLIMATE RECORD PERIOD 1897 TO 2014


WEATHER ITEM   OBSERVED TIME   RECORD YEAR NORMAL DEPARTURE LAST
                VALUE   (LST)  VALUE       VALUE  FROM      YEAR
                                                  NORMAL
..................................................................
TEMPERATURE (F)
 TODAY
  MAXIMUM         53    259 PM  70    1982  47      6       50
  MINIMUM         41   1209 AM  -7    1989  30     11       35
  AVERAGE         47                        38      9       43

PRECIPITATION (IN)
  TODAY            0.01          2.02 1968   0.15  -0.14     0.00
  MONTH TO DATE    2.07                      3.52  -1.45     6.44
  SINCE DEC 1      2.07                      3.52  -1.45     6.44
  SINCE JAN 1     43.43                     46.85  -3.42    52.42

SNOWFALL (IN)
  TODAY           MM

DEGREE DAYS
 HEATING
  TODAY           18                        27     -9       22
  MONTH TO DATE  469                       546    -77      529
  SINCE DEC 1    469                       546    -77      529
  SINCE JUL 1   1228                      1196     32     1272

 COOLING
  TODAY            0                         0      0        0
  MONTH TO DATE    0                         0      0        0
  SINCE DEC 1      0                         0      0        0
  SINCE JAN 1   1800                      1827    -27     2044
..................................................................


WIND (MPH)
  HIGHEST WIND SPEED    20   HIGHEST WIND DIRECTION     S (170)
  HIGHEST GUST SPEED    27   HIGHEST GUST DIRECTION     S (180)
  AVERAGE WIND SPEED    10.4


SKY COVER
  POSSIBLE SUNSHINE  MM
  AVERAGE SKY COVER 1.0


WEATHER CONDITIONS
 THE FOLLOWING WEATHER WAS RECORDED TODAY.
  LIGHT RAIN
  FOG


RELATIVE HUMIDITY (PERCENT)
 HIGHEST   100           500 AM
 LOWEST     82          1200 AM
 AVERAGE    91

..........................................................


THE JONESBORO CLIMATE NORMALS FOR TOMORROW
                         NORMAL    RECORD    YEAR
 MAXIMUM TEMPERATURE (F)   46        73      1931
 MINIMUM TEMPERATURE (F)   30        -5      1989


SUNRISE AND SUNSET
DECEMBER 22 2014......SUNRISE   709 AM CST   SUNSET   453 PM CST
DECEMBER 23 2014......SUNRISE   710 AM CST   SUNSET   454 PM CST


-  INDICATES NEGATIVE NUMBERS.
R  INDICATES RECORD WAS SET OR TIED.
MM INDICATES DATA IS MISSING.
T  INDICATES TRACE AMOUNT.




$$
