000
CDUS44 KMEG 250636
CLIJBR


CLIMATE REPORT
NATIONAL WEATHER SERVICE MEMPHIS TN
136 AM CDT SUN JUN 25 2017


...................................

...THE JONESBORO CLIMATE SUMMARY FOR JUNE 24 2017...

CLIMATE NORMAL PERIOD 1981 TO 2010
CLIMATE RECORD PERIOD 1897 TO 2017


WEATHER ITEM   OBSERVED TIME   RECORD YEAR NORMAL DEPARTURE LAST
                VALUE   (LST)  VALUE       VALUE  FROM      YEAR
                                                  NORMAL
..................................................................
TEMPERATURE (F)
 YESTERDAY
  MAXIMUM         82    512 PM 107    1901  90     -8       92
  MINIMUM         65   1108 PM  56    1974  69     -4       78
  AVERAGE         74                        80     -6       85

PRECIPITATION (IN)
  YESTERDAY        0.00          1.57 1948   0.13  -0.13     0.00
  MONTH TO DATE    2.54                      2.78  -0.24     0.48
  SINCE JUN 1      2.54                      2.78  -0.24     0.48
  SINCE JAN 1     29.73                     24.06   5.67    32.91

DEGREE DAYS
 HEATING
  YESTERDAY        0                         0      0        0
  MONTH TO DATE    0                         0      0        0
  SINCE JUN 1      0                         0      0        0
  SINCE JUL 1   2628                      3652  -1024     2983

 COOLING
  YESTERDAY        9                        15     -6       20
  MONTH TO DATE  323                       292     31      383
  SINCE JUN 1    323                       292     31      383
  SINCE JAN 1    557                       505     52      582
..................................................................


WIND (MPH)
  HIGHEST WIND SPEED    13   HIGHEST WIND DIRECTION     N (360)
  HIGHEST GUST SPEED    18   HIGHEST GUST DIRECTION     N (350)
  AVERAGE WIND SPEED     6.0


SKY COVER
  POSSIBLE SUNSHINE  MM
  AVERAGE SKY COVER 0.0


WEATHER CONDITIONS
 THE FOLLOWING WEATHER WAS RECORDED YESTERDAY.
  NO SIGNIFICANT WEATHER WAS OBSERVED.


RELATIVE HUMIDITY (PERCENT)
 HIGHEST    90          1200 AM
 LOWEST     46           500 PM
 AVERAGE    68

..........................................................


THE JONESBORO CLIMATE NORMALS FOR TODAY
                         NORMAL    RECORD    YEAR
 MAXIMUM TEMPERATURE (F)   91       108      1901
 MINIMUM TEMPERATURE (F)   69        52      1974


SUNRISE AND SUNSET
JUNE 25 2017..........SUNRISE   548 AM CDT   SUNSET   823 PM CDT
JUNE 26 2017..........SUNRISE   548 AM CDT   SUNSET   823 PM CDT


-  INDICATES NEGATIVE NUMBERS.
R  INDICATES RECORD WAS SET OR TIED.
MM INDICATES DATA IS MISSING.
T  INDICATES TRACE AMOUNT.




$$
