000
CDUS44 KMEG 270739
CLIJBR


CLIMATE REPORT
NATIONAL WEATHER SERVICE MEMPHIS TN
138 AM CST MON FEB 27 2017


...................................

...THE JONESBORO CLIMATE SUMMARY FOR FEBRUARY 26 2017...

CLIMATE NORMAL PERIOD 1981 TO 2010
CLIMATE RECORD PERIOD 1897 TO 2017


WEATHER ITEM   OBSERVED TIME   RECORD YEAR NORMAL DEPARTURE LAST
                VALUE   (LST)  VALUE       VALUE  FROM      YEAR
                                                  NORMAL
..................................................................
TEMPERATURE (F)
 YESTERDAY
  MAXIMUM         56    254 PM  80    1917  54      2       47
  MINIMUM         28    442 AM  14    1980  35     -7       28
  AVERAGE         42                        44     -2       38

PRECIPITATION (IN)
  YESTERDAY        0.12          2.00 1903   0.13  -0.01     0.00
  MONTH TO DATE    1.43                      3.46  -2.03     2.13
  SINCE DEC 1      9.59                     11.66  -2.07    10.30
  SINCE JAN 1      5.13                      6.89  -1.76     3.93

DEGREE DAYS
 HEATING
  YESTERDAY       23                        21      2       27
  MONTH TO DATE  387                       619   -232      580
  SINCE DEC 1   1774                      2265   -491     1938
  SINCE JUL 1   2123                      2915   -792     2447

 COOLING
  YESTERDAY        0                         0      0        0
  MONTH TO DATE    3                         0      3        0
  SINCE DEC 1      3                         0      3        3
  SINCE JAN 1      3                         0      3        0
..................................................................


WIND (MPH)
  HIGHEST WIND SPEED    17   HIGHEST WIND DIRECTION     S (180)
  HIGHEST GUST SPEED    21   HIGHEST GUST DIRECTION     S (180)
  AVERAGE WIND SPEED     6.6


SKY COVER
  POSSIBLE SUNSHINE  MM
  AVERAGE SKY COVER 0.3


WEATHER CONDITIONS
 THE FOLLOWING WEATHER WAS RECORDED YESTERDAY.
  RAIN
  LIGHT RAIN


RELATIVE HUMIDITY (PERCENT)
 HIGHEST    93          1100 PM
 LOWEST     27           200 PM
 AVERAGE    60

..........................................................


THE JONESBORO CLIMATE NORMALS FOR TODAY
                         NORMAL    RECORD    YEAR
 MAXIMUM TEMPERATURE (F)   55        80      1971
 MINIMUM TEMPERATURE (F)   35         8      1934


SUNRISE AND SUNSET
FEBRUARY 27 2017......SUNRISE   635 AM CST   SUNSET   556 PM CST
FEBRUARY 28 2017......SUNRISE   634 AM CST   SUNSET   557 PM CST


-  INDICATES NEGATIVE NUMBERS.
R  INDICATES RECORD WAS SET OR TIED.
MM INDICATES DATA IS MISSING.
T  INDICATES TRACE AMOUNT.




$$
