000
CDUS44 KMEG 060635
CLIJBR


CLIMATE REPORT
NATIONAL WEATHER SERVICE MEMPHIS TN
135 AM CDT FRI MAY 6 2016


...................................

...THE JONESBORO CLIMATE SUMMARY FOR MAY 5 2016...

CLIMATE NORMAL PERIOD 1981 TO 2010
CLIMATE RECORD PERIOD 1897 TO 2016


WEATHER ITEM   OBSERVED TIME   RECORD YEAR NORMAL DEPARTURE LAST
                VALUE   (LST)  VALUE       VALUE  FROM      YEAR
                                                  NORMAL
..................................................................
TEMPERATURE (F)
 YESTERDAY
  MAXIMUM         73    414 PM  94    1959  76     -3       85
  MINIMUM         50    529 AM  36    1917  55     -5       55
                                      1907
  AVERAGE         62                        66     -4       70

PRECIPITATION (IN)
  YESTERDAY        0.00          1.50 1999   0.21  -0.21     0.00
  MONTH TO DATE    0.02                      0.99  -0.97     0.00
  SINCE MAR 1     17.70                     10.51   7.19    13.14
  SINCE JAN 1     21.63                     17.66   3.97    17.97

SNOWFALL (IN)
  YESTERDAY        0.0          MM      MM   0.0    0.0      0.0
  MONTH TO DATE    0.0                       0.0    0.0      0.0
  SINCE MAR 1      0.0                       0.7   -0.7      7.6
  SINCE JUL 1      0.3                       4.8   -4.5      9.4
  SNOW DEPTH       0

DEGREE DAYS
 HEATING
  YESTERDAY        3                         2      1        0
  MONTH TO DATE   11                        12     -1       17
  SINCE MAR 1    477                       671   -194      734
  SINCE JUL 1   2966                      3627   -661     3982

 COOLING
  YESTERDAY        0                         3     -3        5
  MONTH TO DATE    5                        13     -8        8
  SINCE MAR 1     55                        60     -5       36
  SINCE JAN 1     55                        60     -5       36
..................................................................


WIND (MPH)
  HIGHEST WIND SPEED    18   HIGHEST WIND DIRECTION     N (350)
  HIGHEST GUST SPEED    26   HIGHEST GUST DIRECTION    NW (320)
  AVERAGE WIND SPEED     9.1


SKY COVER
  POSSIBLE SUNSHINE  MM
  AVERAGE SKY COVER 0.0


WEATHER CONDITIONS
 THE FOLLOWING WEATHER WAS RECORDED YESTERDAY.
  NO SIGNIFICANT WEATHER WAS OBSERVED.


RELATIVE HUMIDITY (PERCENT)
 HIGHEST    77          1100 PM
 LOWEST     23           300 PM
 AVERAGE    50

..........................................................


THE JONESBORO CLIMATE NORMALS FOR TODAY
                         NORMAL    RECORD    YEAR
 MAXIMUM TEMPERATURE (F)   77        94      2012
                                             1952
 MINIMUM TEMPERATURE (F)   56        29      1927


SUNRISE AND SUNSET
MAY  6 2016...........SUNRISE   605 AM CDT   SUNSET   754 PM CDT
MAY  7 2016...........SUNRISE   604 AM CDT   SUNSET   755 PM CDT


-  INDICATES NEGATIVE NUMBERS.
R  INDICATES RECORD WAS SET OR TIED.
MM INDICATES DATA IS MISSING.
T  INDICATES TRACE AMOUNT.




$$
