000
CDUS45 KGGW 280022
CLIJDN


CLIMATE REPORT
NATIONAL WEATHER SERVICE GLASGOW MT
621 PM MDT TUE SEP 27 2016


...................................

...THE JORDAN  ASOS MT CLIMATE SUMMARY FOR SEPTEMBER 27 2016...
VALID TODAY AS OF 0500 PM LOCAL TIME.

CLIMATE NORMAL PERIOD 1981 TO 2010
CLIMATE RECORD PERIOD 9999 TO 9999


WEATHER ITEM   OBSERVED TIME   RECORD YEAR NORMAL DEPARTURE LAST
                VALUE   (LST)  VALUE       VALUE  FROM      YEAR
                                                  NORMAL
..................................................................
TEMPERATURE (F)
 TODAY
  MAXIMUM         86        MM  MM      MM  67     19       76
  MINIMUM         39        MM  MM      MM  37      2       44
  AVERAGE         63                        52     11       60

PRECIPITATION (IN)
  TODAY            0.00         MM      MM   0.04  -0.04     0.00
  MONTH TO DATE    1.96                      1.10   0.86     0.18
  SINCE OCT 1     15.41                     12.56   2.85    11.93
  SINCE JAN 1     11.72                     11.02   0.70    10.74

SNOWFALL (IN)
  TODAY            0.0          MM      MM  MM     MM        0.0
  MONTH TO DATE    0.0                      MM     MM        0.0
  SINCE SEP 1      0.0                      MM     MM        0.0
  SINCE JUL 1      0.0                      MM     MM        0.0
  SNOW DEPTH       0

DEGREE DAYS
 HEATING
  TODAY            2                        13    -11        5
  MONTH TO DATE  221                       220      1      145
  SINCE SEP 1    221                       220      1      145
  SINCE JUL 1    267                       285    -18      200

 COOLING
  TODAY            0                         0      0        0
  MONTH TO DATE   31                        24      7       31
  SINCE SEP 1     31                        24      7       31
  SINCE JAN 1    470                       417     53      537
..................................................................


WIND (MPH)
  HIGHEST WIND SPEED    16   HIGHEST WIND DIRECTION     W (270)
  HIGHEST GUST SPEED    20   HIGHEST GUST DIRECTION     W (270)
  AVERAGE WIND SPEED     7.4


SKY COVER
  POSSIBLE SUNSHINE  MM
  AVERAGE SKY COVER 0.0


WEATHER CONDITIONS
 THE FOLLOWING WEATHER WAS RECORDED TODAY.
  NO SIGNIFICANT WEATHER WAS OBSERVED.


RELATIVE HUMIDITY (PERCENT)
 HIGHEST    92          1200 AM
 LOWEST     19           300 PM
 AVERAGE    56

..........................................................


THE JORDAN  ASOS MT CLIMATE NORMALS FOR TOMORROW
                         NORMAL    RECORD    YEAR
 MAXIMUM TEMPERATURE (F)   67        MM        MM
 MINIMUM TEMPERATURE (F)   36        MM        MM


SUNRISE AND SUNSET
SEPTEMBER 27 2016.....SUNRISE   702 AM MDT   SUNSET   654 PM MDT
SEPTEMBER 28 2016.....SUNRISE   703 AM MDT   SUNSET   652 PM MDT


-  INDICATES NEGATIVE NUMBERS.
R  INDICATES RECORD WAS SET OR TIED.
MM INDICATES DATA IS MISSING.
T  INDICATES TRACE AMOUNT.




$$
