000
CDUS45 KGGW 310742
CLIJDN


CLIMATE REPORT
NATIONAL WEATHER SERVICE GLASGOW MT
141 AM MDT MON AUG 31 2015


...................................

...THE JORDAN  ASOS MT CLIMATE SUMMARY FOR AUGUST 30 2015...

CLIMATE NORMAL PERIOD 1981 TO 2010
CLIMATE RECORD PERIOD 9999 TO 9999


WEATHER ITEM   OBSERVED TIME   RECORD YEAR NORMAL DEPARTURE LAST
                VALUE   (LST)  VALUE       VALUE  FROM      YEAR
                                                  NORMAL
..................................................................
TEMPERATURE (F)
 YESTERDAY
  MAXIMUM         88    337 PM  MM      MM  81      7       71
  MINIMUM         60   1159 PM  MM      MM  48     12       55
  AVERAGE         74                        65      9       63

PRECIPITATION (IN)
  YESTERDAY        0.00         MM      MM   0.02  -0.02     0.03
  MONTH TO DATE    1.60                      1.15   0.45     6.53
  SINCE OCT 1     11.75                     11.42   0.33    14.30
  SINCE JAN 1     10.56                      9.88   0.68    11.89

SNOWFALL (IN)
  YESTERDAY        0.0          MM      MM  MM     MM        0.0
  MONTH TO DATE    0.0                      MM     MM        0.0
  SINCE JUN 1      0.0                      MM     MM        0.0
  SINCE JUL 1      0.0                      MM     MM        0.0
  SNOW DEPTH       0

DEGREE DAYS
 HEATING
  YESTERDAY        0                         3     -3        2
  MONTH TO DATE   51                        38     13       43
  SINCE JUN 1     97                       188    -91      178
  SINCE JUL 1     53                        63    -10       48

 COOLING
  YESTERDAY        9                         3      6        0
  MONTH TO DATE  202                       160     42      178
  SINCE JUN 1    506                       385    121      426
  SINCE JAN 1    506                       391    115      451
..................................................................


WIND (MPH)
  HIGHEST WIND SPEED    31   HIGHEST WIND DIRECTION    NW (320)
  HIGHEST GUST SPEED    42   HIGHEST GUST DIRECTION    NW (320)
  AVERAGE WIND SPEED    10.6


SKY COVER
  POSSIBLE SUNSHINE  MM
  AVERAGE SKY COVER 0.0


WEATHER CONDITIONS
 THE FOLLOWING WEATHER WAS RECORDED YESTERDAY.
  NO SIGNIFICANT WEATHER WAS OBSERVED.


RELATIVE HUMIDITY (PERCENT)
 HIGHEST    67           800 PM
 LOWEST     24           300 PM
 AVERAGE    46

..........................................................


THE JORDAN  ASOS MT CLIMATE NORMALS FOR TODAY
                         NORMAL    RECORD    YEAR
 MAXIMUM TEMPERATURE (F)   81        MM        MM
 MINIMUM TEMPERATURE (F)   48        MM        MM


SUNRISE AND SUNSET
AUGUST 31 2015........SUNRISE   625 AM MDT   SUNSET   750 PM MDT
SEPTEMBER  1 2015.....SUNRISE   626 AM MDT   SUNSET   748 PM MDT


-  INDICATES NEGATIVE NUMBERS.
R  INDICATES RECORD WAS SET OR TIED.
MM INDICATES DATA IS MISSING.
T  INDICATES TRACE AMOUNT.




$$
