000
CDUS45 KBOI 040932
CLIJER


CLIMATE REPORT
NATIONAL WEATHER SERVICE BOISE ID
330 AM MDT SAT JUL 4 2015


...................................

...THE JEROME ID CLIMATE SUMMARY FOR JULY 3 2015...

CLIMATE NORMAL PERIOD 1981 TO 2010
CLIMATE RECORD PERIOD 1919 TO 2015


WEATHER ITEM   OBSERVED TIME   RECORD YEAR NORMAL DEPARTURE LAST
                VALUE   (LST)  VALUE       VALUE  FROM      YEAR
                                                  NORMAL
..................................................................
TEMPERATURE (F)
 YESTERDAY
  MAXIMUM         98    346 PM 104    1996  84     14       93
  MINIMUM         67    423 AM  38    1921  54     13       61
  AVERAGE         83                        69     14       77

PRECIPITATION (IN)
  YESTERDAY        0.00          0.17 1982   0.01  -0.01     0.00
  MONTH TO DATE    0.00                      0.02  -0.02     0.00
  SINCE OCT 1      8.21                      9.91  -1.70     5.63
  SINCE JAN 1      5.31                      6.39  -1.08     5.03

DEGREE DAYS
 HEATING
  YESTERDAY        0                         1     -1        0
  MONTH TO DATE    0                         3     -3        0
  SINCE JUN 1     15                       110    -95       74
  SINCE JUL 1      0                         3     -3        0

 COOLING
  YESTERDAY       18                         5     13       12
  MONTH TO DATE   52                        14     38       33
  SINCE JUN 1    266                        82    184       78
  SINCE JAN 1    276                        95    181       88
..................................................................


WIND (MPH)
  HIGHEST WIND SPEED    16   HIGHEST WIND DIRECTION     W (250)
  HIGHEST GUST SPEED    21   HIGHEST GUST DIRECTION     W (250)
  AVERAGE WIND SPEED     6.9


SKY COVER
  AVERAGE SKY COVER 0.0


WEATHER CONDITIONS
 THE FOLLOWING WEATHER WAS RECORDED YESTERDAY.
  NO SIGNIFICANT WEATHER WAS OBSERVED.


RELATIVE HUMIDITY (PERCENT)
 HIGHEST    41           700 AM
 LOWEST     15           200 PM
 AVERAGE    28

..........................................................


THE JEROME ID CLIMATE NORMALS FOR TODAY
                         NORMAL    RECORD    YEAR
 MAXIMUM TEMPERATURE (F)   84       106      2001
 MINIMUM TEMPERATURE (F)   54        40      1921


SUNRISE AND SUNSET
JULY  4 2015..........SUNRISE   605 AM MDT   SUNSET   919 PM MDT
JULY  5 2015..........SUNRISE   606 AM MDT   SUNSET   919 PM MDT


-  INDICATES NEGATIVE NUMBERS.
R  INDICATES RECORD WAS SET OR TIED.
MM INDICATES DATA IS MISSING.
T  INDICATES TRACE AMOUNT.




$$
