000
CDUS45 KBOI 300931
CLIJER


CLIMATE REPORT
NATIONAL WEATHER SERVICE BOISE ID
331 AM MDT SUN AUG 30 2015


...................................

...THE JEROME ID CLIMATE SUMMARY FOR AUGUST 29 2015...

CLIMATE NORMAL PERIOD 1981 TO 2010
CLIMATE RECORD PERIOD 1919 TO 2015


WEATHER ITEM   OBSERVED TIME   RECORD YEAR NORMAL DEPARTURE LAST
                VALUE   (LST)  VALUE       VALUE  FROM      YEAR
                                                  NORMAL
..................................................................
TEMPERATURE (F)
 YESTERDAY
  MAXIMUM         88    516 PM 100    1948  83      5       85
  MINIMUM         66   1159 PM  37    1965  52     14       54
  AVERAGE         77                        67     10       70

PRECIPITATION (IN)
  YESTERDAY        0.01          0.13 2002   0.01   0.00      T
  MONTH TO DATE    0.96                      0.23   0.73     3.51
  SINCE OCT 1      9.63                     10.35  -0.72     9.16
  SINCE JAN 1      6.73                      6.83  -0.10     8.56

DEGREE DAYS
 HEATING
  YESTERDAY        0                         2     -2        0
  MONTH TO DATE    3                        14    -11       22
  SINCE JUN 1     30                       133   -103       96
  SINCE JUL 1     15                        26    -11       22

 COOLING
  YESTERDAY       12                         4      8        5
  MONTH TO DATE  217                       174     43      165
  SINCE JUN 1    632                       444    188      582
  SINCE JAN 1    642                       457    185      592
..................................................................


WIND (MPH)
  HIGHEST WIND SPEED    15   HIGHEST WIND DIRECTION    NW (300)
  HIGHEST GUST SPEED    24   HIGHEST GUST DIRECTION    NW (320)
  AVERAGE WIND SPEED     6.2


SKY COVER
  AVERAGE SKY COVER 0.0


WEATHER CONDITIONS
 THE FOLLOWING WEATHER WAS RECORDED YESTERDAY.
  LIGHT RAIN
  HAZE


RELATIVE HUMIDITY (PERCENT)
 HIGHEST    57           800 AM
 LOWEST     22           300 PM
 AVERAGE    40

..........................................................


THE JEROME ID CLIMATE NORMALS FOR TODAY
                         NORMAL    RECORD    YEAR
 MAXIMUM TEMPERATURE (F)   83       100      1998
 MINIMUM TEMPERATURE (F)   51        35      1965


SUNRISE AND SUNSET
AUGUST 30 2015........SUNRISE   700 AM MDT   SUNSET   816 PM MDT
AUGUST 31 2015........SUNRISE   701 AM MDT   SUNSET   814 PM MDT


-  INDICATES NEGATIVE NUMBERS.
R  INDICATES RECORD WAS SET OR TIED.
MM INDICATES DATA IS MISSING.
T  INDICATES TRACE AMOUNT.




$$
