000
CDUS45 KBOI 080932
CLIJER


CLIMATE REPORT
NATIONAL WEATHER SERVICE BOISE ID
232 AM MST THU DEC 8 2016


...................................

...THE JEROME ID CLIMATE SUMMARY FOR DECEMBER 7 2016...

CLIMATE NORMAL PERIOD 1981 TO 2010
CLIMATE RECORD PERIOD 1915 TO 2016


WEATHER ITEM   OBSERVED TIME   RECORD YEAR NORMAL DEPARTURE LAST
                VALUE   (LST)  VALUE       VALUE  FROM      YEAR
                                                  NORMAL
..................................................................
TEMPERATURE (F)
 YESTERDAY
  MAXIMUM         21   1241 PM  58    1987  36    -15       45
  MINIMUM         11   1114 PM  -3    1992  21    -10       35
  AVERAGE         16                        28    -12       40

PRECIPITATION (IN)
  YESTERDAY        T             0.46 2015   0.04  -0.04     0.46
  MONTH TO DATE    0.12                      0.35  -0.23     0.46
  SINCE OCT 1      3.00                      2.38   0.62     3.71
  SINCE JAN 1     10.01                      9.67   0.34    11.01

DEGREE DAYS
 HEATING
  YESTERDAY       49                        37     12       25
  MONTH TO DATE  271                       252     19      258
  SINCE DEC 1    271                       252     19      258
  SINCE JUL 1   1497                      1803   -306     1591

 COOLING
  YESTERDAY        0                         0      0        0
  MONTH TO DATE    0                         0      0        0
  SINCE DEC 1      0                         0      0        0
  SINCE JAN 1    612                       510    102      713
..................................................................


WIND (MPH)
  HIGHEST WIND SPEED    24   HIGHEST WIND DIRECTION    NE (50)
  HIGHEST GUST SPEED    28   HIGHEST GUST DIRECTION    NE (50)
  AVERAGE WIND SPEED     9.0


SKY COVER
  AVERAGE SKY COVER 0.6


WEATHER CONDITIONS
 THE FOLLOWING WEATHER WAS RECORDED YESTERDAY.
  LIGHT SNOW
  FOG
  HAZE


RELATIVE HUMIDITY (PERCENT)
 HIGHEST   100           200 AM
 LOWEST     77           400 PM
 AVERAGE    89

..........................................................


THE JEROME ID CLIMATE NORMALS FOR TODAY
                         NORMAL    RECORD    YEAR
 MAXIMUM TEMPERATURE (F)   35        59      1975
 MINIMUM TEMPERATURE (F)   20        -4      2013


SUNRISE AND SUNSET
DECEMBER  8 2016......SUNRISE   756 AM MST   SUNSET   504 PM MST
DECEMBER  9 2016......SUNRISE   757 AM MST   SUNSET   504 PM MST


-  INDICATES NEGATIVE NUMBERS.
R  INDICATES RECORD WAS SET OR TIED.
MM INDICATES DATA IS MISSING.
T  INDICATES TRACE AMOUNT.




$$
