440
CDUS45 KBOI 290942
CLIJER


CLIMATE REPORT
NATIONAL WEATHER SERVICE BOISE ID
337 AM MDT FRI APR 29 2016


...................................

...THE JEROME ID CLIMATE SUMMARY FOR APRIL 28 2016...

CLIMATE NORMAL PERIOD 1981 TO 2010
CLIMATE RECORD PERIOD 1915 TO 2016


WEATHER ITEM   OBSERVED TIME   RECORD YEAR NORMAL DEPARTURE LAST
                VALUE   (LST)  VALUE       VALUE  FROM      YEAR
                                                  NORMAL
..................................................................
TEMPERATURE (F)
 YESTERDAY
  MAXIMUM         62    351 PM  90    1939  62      0       77
  MINIMUM         37    225 AM  24    1958  37      0       40
  AVERAGE         50                        50      0       59

PRECIPITATION (IN)
  YESTERDAY        0.06          0.66 1953   0.05   0.01     0.00
  MONTH TO DATE    0.57                      1.24  -0.67     0.17
  SINCE OCT 1      8.53                      7.78   0.75     4.91
  SINCE JAN 1      3.94                      4.26  -0.32     2.01

DEGREE DAYS
 HEATING
  YESTERDAY       15                        15      0        6
  MONTH TO DATE  353                       517   -164      490
  SINCE MAR 1   1031                      1286   -255     1045
  SINCE JUL 1   5570                      6173   -603     5087

 COOLING
  YESTERDAY        0                         0      0        0
  MONTH TO DATE    1                         0      1        0
  SINCE MAR 1      1                         0      1        0
  SINCE JAN 1      1                         0      1        0
..................................................................


WIND (MPH)
  HIGHEST WIND SPEED    25   HIGHEST WIND DIRECTION     N (10)
  HIGHEST GUST SPEED    29   HIGHEST GUST DIRECTION     N (340)
  AVERAGE WIND SPEED     8.9


SKY COVER
  AVERAGE SKY COVER 0.6


WEATHER CONDITIONS
 THE FOLLOWING WEATHER WAS RECORDED YESTERDAY.
  LIGHT RAIN
  FOG


RELATIVE HUMIDITY (PERCENT)
 HIGHEST    92           200 AM
 LOWEST     39           400 PM
 AVERAGE    66

..........................................................


THE JEROME ID CLIMATE NORMALS FOR TODAY
                         NORMAL    RECORD    YEAR
 MAXIMUM TEMPERATURE (F)   62        87      1926
 MINIMUM TEMPERATURE (F)   38        24      1917


SUNRISE AND SUNSET
APRIL 29 2016.........SUNRISE   634 AM MDT   SUNSET   837 PM MDT
APRIL 30 2016.........SUNRISE   633 AM MDT   SUNSET   838 PM MDT


-  INDICATES NEGATIVE NUMBERS.
R  INDICATES RECORD WAS SET OR TIED.
MM INDICATES DATA IS MISSING.
T  INDICATES TRACE AMOUNT.




$$
