000
CDUS45 KBOI 200932
CLIJER


CLIMATE REPORT
NATIONAL WEATHER SERVICE BOISE ID
331 AM MDT SUN APR 20 2014


...................................

...THE JEROME ID CLIMATE SUMMARY FOR APRIL 19 2014...

CLIMATE NORMAL PERIOD 1981 TO 2010
CLIMATE RECORD PERIOD 1919 TO 2014


WEATHER ITEM   OBSERVED TIME   RECORD YEAR NORMAL DEPARTURE LAST
                VALUE   (LST)  VALUE       VALUE  FROM      YEAR
                                                  NORMAL
..................................................................
TEMPERATURE (F)
 YESTERDAY
  MAXIMUM         72    530 PM  89    1962  59     13       52
  MINIMUM         33    526 AM  23    1982  36     -3       36
  AVERAGE         53                        47      6       44

PRECIPITATION (IN)
  YESTERDAY        0.00          0.38 2007   0.05  -0.05     0.03
  MONTH TO DATE    0.18                      0.83  -0.65     0.70
  SINCE OCT 1      4.43                      7.37  -2.94     5.50
  SINCE JAN 1      3.83                      3.85  -0.02     2.20

DEGREE DAYS
 HEATING
  YESTERDAY       12                        18     -6       21
  MONTH TO DATE  320                       369    -49      401
  SINCE MAR 1   1020                      1138   -118     1124
  SINCE JUL 1   5688                      6025   -337     5749

 COOLING
  YESTERDAY        0                         0      0        0
  MONTH TO DATE    0                         0      0        0
  SINCE MAR 1      0                         0      0        0
  SINCE JAN 1      0                         0      0        0
..................................................................


WIND (MPH)
  HIGHEST WIND SPEED    18   HIGHEST WIND DIRECTION     W (250)
  HIGHEST GUST SPEED    25   HIGHEST GUST DIRECTION    SW (240)
  AVERAGE WIND SPEED     7.3


SKY COVER
  AVERAGE SKY COVER 0.0


WEATHER CONDITIONS
 THE FOLLOWING WEATHER WAS RECORDED YESTERDAY.
  NO SIGNIFICANT WEATHER WAS OBSERVED.


RELATIVE HUMIDITY (PERCENT)
 HIGHEST    70           600 AM
 LOWEST     17           500 PM
 AVERAGE    44

..........................................................


THE JEROME ID CLIMATE NORMALS FOR TODAY
                         NORMAL    RECORD    YEAR
 MAXIMUM TEMPERATURE (F)   59        89      1962
 MINIMUM TEMPERATURE (F)   36        20      1966


SUNRISE AND SUNSET
APRIL 20 2014.........SUNRISE   648 AM MDT   SUNSET   826 PM MDT
APRIL 21 2014.........SUNRISE   647 AM MDT   SUNSET   827 PM MDT


-  INDICATES NEGATIVE NUMBERS.
R  INDICATES RECORD WAS SET OR TIED.
MM INDICATES DATA IS MISSING.
T  INDICATES TRACE AMOUNT.




$$
