000
CDUS45 KBOI 240930
CLIJER


CLIMATE REPORT
NATIONAL WEATHER SERVICE BOISE ID
330 AM MDT WED AUG 24 2016


...................................

...THE JEROME ID CLIMATE SUMMARY FOR AUGUST 23 2016...

CLIMATE NORMAL PERIOD 1981 TO 2010
CLIMATE RECORD PERIOD 1915 TO 2016


WEATHER ITEM   OBSERVED TIME   RECORD YEAR NORMAL DEPARTURE LAST
                VALUE   (LST)  VALUE       VALUE  FROM      YEAR
                                                  NORMAL
..................................................................
TEMPERATURE (F)
 YESTERDAY
  MAXIMUM         79    435 PM 103    1969  85     -6       87
  MINIMUM         50    617 AM  35    1960  53     -3       50
  AVERAGE         65                        69     -4       69

PRECIPITATION (IN)
  YESTERDAY        0.00          0.31 1983   0.01  -0.01     0.00
  MONTH TO DATE    T                         0.18  -0.18     0.95
  SINCE OCT 1      9.99                     10.30  -0.31     9.62
  SINCE JAN 1      5.40                      6.78  -1.38     6.72

DEGREE DAYS
 HEATING
  YESTERDAY        0                         1     -1        0
  MONTH TO DATE    3                         5     -2        3
  SINCE JUN 1     60                       124    -64       30
  SINCE JUL 1     18                        17      1       15

 COOLING
  YESTERDAY        0                         5     -5        4
  MONTH TO DATE  145                       149     -4      152
  SINCE JUN 1    537                       419    118      567
  SINCE JAN 1    541                       432    109      577
..................................................................


WIND (MPH)
  HIGHEST WIND SPEED    20   HIGHEST WIND DIRECTION     W (250)
  HIGHEST GUST SPEED    27   HIGHEST GUST DIRECTION    SW (230)
  AVERAGE WIND SPEED    10.4


SKY COVER
  AVERAGE SKY COVER 0.0


WEATHER CONDITIONS
 THE FOLLOWING WEATHER WAS RECORDED YESTERDAY.
  NO SIGNIFICANT WEATHER WAS OBSERVED.


RELATIVE HUMIDITY (PERCENT)
 HIGHEST    52           600 AM
 LOWEST     11           200 PM
 AVERAGE    32

..........................................................


THE JEROME ID CLIMATE NORMALS FOR TODAY
                         NORMAL    RECORD    YEAR
 MAXIMUM TEMPERATURE (F)   85       102      1969
 MINIMUM TEMPERATURE (F)   53        37      1992


SUNRISE AND SUNSET
AUGUST 24 2016........SUNRISE   655 AM MDT   SUNSET   825 PM MDT
AUGUST 25 2016........SUNRISE   656 AM MDT   SUNSET   823 PM MDT


-  INDICATES NEGATIVE NUMBERS.
R  INDICATES RECORD WAS SET OR TIED.
MM INDICATES DATA IS MISSING.
T  INDICATES TRACE AMOUNT.




$$
