000
CDUS45 KBOI 230931
CLIJER


CLIMATE REPORT
NATIONAL WEATHER SERVICE BOISE ID
331 AM MDT SAT JUL 23 2016


...................................

...THE JEROME ID CLIMATE SUMMARY FOR JULY 22 2016...

CLIMATE NORMAL PERIOD 1981 TO 2010
CLIMATE RECORD PERIOD 1915 TO 2016


WEATHER ITEM   OBSERVED TIME   RECORD YEAR NORMAL DEPARTURE LAST
                VALUE   (LST)  VALUE       VALUE  FROM      YEAR
                                                  NORMAL
..................................................................
TEMPERATURE (F)
 YESTERDAY
  MAXIMUM         89    234 PM 105    1988  88      1       83
  MINIMUM         66   1159 PM  37    1954  57      9       58
  AVERAGE         78                        72      6       71

PRECIPITATION (IN)
  YESTERDAY        0.00          0.20 1987   0.01  -0.01      T
  MONTH TO DATE    0.03                      0.15  -0.12     0.34
  SINCE OCT 1      9.99                     10.04  -0.05     8.55
  SINCE JAN 1      5.40                      6.52  -1.12     5.65

DEGREE DAYS
 HEATING
  YESTERDAY        0                         0      0        0
  MONTH TO DATE   15                        10      5        0
  SINCE JUN 1     57                       117    -60       15
  SINCE JUL 1     15                        10      5        0

 COOLING
  YESTERDAY       13                         7      6        6
  MONTH TO DATE  128                       133     -5      164
  SINCE JUN 1    289                       201     88      378
  SINCE JAN 1    293                       214     79      388
..................................................................


WIND (MPH)
  HIGHEST WIND SPEED    20   HIGHEST WIND DIRECTION     W (260)
  HIGHEST GUST SPEED    25   HIGHEST GUST DIRECTION     W (270)
  AVERAGE WIND SPEED     9.3


SKY COVER
  AVERAGE SKY COVER 0.0


WEATHER CONDITIONS
 THE FOLLOWING WEATHER WAS RECORDED YESTERDAY.
  NO SIGNIFICANT WEATHER WAS OBSERVED.


RELATIVE HUMIDITY (PERCENT)
 HIGHEST    36          1200 AM
 LOWEST     14          1100 AM
 AVERAGE    25

..........................................................


THE JEROME ID CLIMATE NORMALS FOR TODAY
                         NORMAL    RECORD    YEAR
 MAXIMUM TEMPERATURE (F)   88       107      2003
 MINIMUM TEMPERATURE (F)   57        41      1954


SUNRISE AND SUNSET
JULY 23 2016..........SUNRISE   621 AM MDT   SUNSET   907 PM MDT
JULY 24 2016..........SUNRISE   622 AM MDT   SUNSET   906 PM MDT


-  INDICATES NEGATIVE NUMBERS.
R  INDICATES RECORD WAS SET OR TIED.
MM INDICATES DATA IS MISSING.
T  INDICATES TRACE AMOUNT.




$$
