000
CDUS45 KBOI 290932
CLIJER


CLIMATE REPORT
NATIONAL WEATHER SERVICE BOISE ID
332 AM MDT FRI AUG 29 2014


...................................

...THE JEROME ID CLIMATE SUMMARY FOR AUGUST 28 2014...

CLIMATE NORMAL PERIOD 1981 TO 2010
CLIMATE RECORD PERIOD 1919 TO 2014


WEATHER ITEM   OBSERVED TIME   RECORD YEAR NORMAL DEPARTURE LAST
                VALUE   (LST)  VALUE       VALUE  FROM      YEAR
                                                  NORMAL
..................................................................
TEMPERATURE (F)
 YESTERDAY
  MAXIMUM         88    343 PM 101    1924  83      5       88
  MINIMUM         53    526 AM  35    1960  52      1       61
  AVERAGE         71                        68      3       75

PRECIPITATION (IN)
  YESTERDAY        0.00          0.19 1920   0.01  -0.01      T
  MONTH TO DATE    3.51                      0.22   3.29      T
  SINCE OCT 1      9.16                     10.34  -1.18     5.82
  SINCE JAN 1      8.56                      6.82   1.74     2.52

DEGREE DAYS
 HEATING
  YESTERDAY        0                         2     -2        0
  MONTH TO DATE   22                        12     10        0
  SINCE JUN 1     96                       131    -35       78
  SINCE JUL 1     22                        24     -2        0

 COOLING
  YESTERDAY        6                         4      2       10
  MONTH TO DATE  160                       170    -10      269
  SINCE JUN 1    577                       440    137      775
  SINCE JAN 1    587                       453    134      790
..................................................................


WIND (MPH)
  HIGHEST WIND SPEED     9   HIGHEST WIND DIRECTION     E (100)
  HIGHEST GUST SPEED    15   HIGHEST GUST DIRECTION     W (280)
  AVERAGE WIND SPEED     5.3


SKY COVER
  AVERAGE SKY COVER 0.0


WEATHER CONDITIONS
 THE FOLLOWING WEATHER WAS RECORDED YESTERDAY.
  NO SIGNIFICANT WEATHER WAS OBSERVED.


RELATIVE HUMIDITY (PERCENT)
 HIGHEST    77           500 AM
 LOWEST     20           300 PM
 AVERAGE    49

..........................................................


THE JEROME ID CLIMATE NORMALS FOR TODAY
                         NORMAL    RECORD    YEAR
 MAXIMUM TEMPERATURE (F)   83       100      1948
 MINIMUM TEMPERATURE (F)   52        37      1965


SUNRISE AND SUNSET
AUGUST 29 2014........SUNRISE   659 AM MDT   SUNSET   817 PM MDT
AUGUST 30 2014........SUNRISE   700 AM MDT   SUNSET   815 PM MDT


-  INDICATES NEGATIVE NUMBERS.
R  INDICATES RECORD WAS SET OR TIED.
MM INDICATES DATA IS MISSING.
T  INDICATES TRACE AMOUNT.




$$
