000
CDUS45 KBOI 030930
CLIJER


CLIMATE REPORT
NATIONAL WEATHER SERVICE BOISE ID
230 AM MST TUE MAR 3 2015


...................................

...THE JEROME ID CLIMATE SUMMARY FOR MARCH 2 2015...

CLIMATE NORMAL PERIOD 1981 TO 2010
CLIMATE RECORD PERIOD 1919 TO 2015


WEATHER ITEM   OBSERVED TIME   RECORD YEAR NORMAL DEPARTURE LAST
                VALUE   (LST)  VALUE       VALUE  FROM      YEAR
                                                  NORMAL
..................................................................
TEMPERATURE (F)
 YESTERDAY
  MAXIMUM         49    429 PM  66    1992  45      4       53
  MINIMUM         24    759 AM   0    1993  26     -2       34
  AVERAGE         37                        36      1       44

PRECIPITATION (IN)
  YESTERDAY        0.00          0.74 1974   0.02  -0.02     0.06
  MONTH TO DATE    0.00                      0.05  -0.05     0.15
  SINCE OCT 1      4.41                      5.51  -1.10     3.09
  SINCE JAN 1      1.51                      1.99  -0.48     2.49

DEGREE DAYS
 HEATING
  YESTERDAY       28                        29     -1       21
  MONTH TO DATE   59                        59      0       43
  SINCE MAR 1     59                        59      0       43
  SINCE JUL 1   4101                      4946   -845     4711

 COOLING
  YESTERDAY        0                         0      0        0
  MONTH TO DATE    0                         0      0        0
  SINCE MAR 1      0                         0      0        0
  SINCE JAN 1      0                         0      0        0
..................................................................


WIND (MPH)
  HIGHEST WIND SPEED    23   HIGHEST WIND DIRECTION    SW (240)
  HIGHEST GUST SPEED    28   HIGHEST GUST DIRECTION    SW (230)
  AVERAGE WIND SPEED    13.6


SKY COVER
  AVERAGE SKY COVER 0.0


WEATHER CONDITIONS
 THE FOLLOWING WEATHER WAS RECORDED YESTERDAY.
  NO SIGNIFICANT WEATHER WAS OBSERVED.


RELATIVE HUMIDITY (PERCENT)
 HIGHEST    52           900 PM
 LOWEST     21           200 PM
 AVERAGE    37

..........................................................


THE JEROME ID CLIMATE NORMALS FOR TODAY
                         NORMAL    RECORD    YEAR
 MAXIMUM TEMPERATURE (F)   45        68      1987
 MINIMUM TEMPERATURE (F)   27         6      1976


SUNRISE AND SUNSET
MARCH  3 2015.........SUNRISE   711 AM MST   SUNSET   630 PM MST
MARCH  4 2015.........SUNRISE   709 AM MST   SUNSET   631 PM MST


-  INDICATES NEGATIVE NUMBERS.
R  INDICATES RECORD WAS SET OR TIED.
MM INDICATES DATA IS MISSING.
T  INDICATES TRACE AMOUNT.




$$
