000
CDUS45 KBOI 240931
CLIJER


CLIMATE REPORT
NATIONAL WEATHER SERVICE BOISE ID
330 AM MDT SAT JUN 24 2017


...................................

...THE JEROME ID CLIMATE SUMMARY FOR JUNE 23 2017...

CLIMATE NORMAL PERIOD 1981 TO 2010
CLIMATE RECORD PERIOD 1915 TO 2017


WEATHER ITEM   OBSERVED TIME   RECORD YEAR NORMAL DEPARTURE LAST
                VALUE   (LST)  VALUE       VALUE  FROM      YEAR
                                                  NORMAL
..................................................................
TEMPERATURE (F)
 YESTERDAY
  MAXIMUM         81    432 PM 101    1988  80      1       89
  MINIMUM         46    524 AM  37    1916  52     -6       62
  AVERAGE         64                        66     -2       76

PRECIPITATION (IN)
  YESTERDAY        0.00          0.25 1969   0.01  -0.01     0.00
  MONTH TO DATE    0.36                      0.72  -0.36     0.10
  SINCE OCT 1     11.25                      9.84   1.41     9.94
  SINCE JAN 1      6.73                      6.32   0.41     5.35

DEGREE DAYS
 HEATING
  YESTERDAY        1                         2     -1        0
  MONTH TO DATE   63                        96    -33       37
  SINCE JUN 1     63                        96    -33       37
  SINCE JUL 1   5973                      6623   -650     5903

 COOLING
  YESTERDAY        0                         3     -3       11
  MONTH TO DATE   73                        41     32      110
  SINCE JUN 1     73                        41     32      110
  SINCE JAN 1     89                        54     35      114
..................................................................


WIND (MPH)
  HIGHEST WIND SPEED    14   HIGHEST WIND DIRECTION     W (250)
  HIGHEST GUST SPEED    18   HIGHEST GUST DIRECTION     W (260)
  AVERAGE WIND SPEED     7.1


SKY COVER
  AVERAGE SKY COVER 0.0


WEATHER CONDITIONS
 THE FOLLOWING WEATHER WAS RECORDED YESTERDAY.
  NO SIGNIFICANT WEATHER WAS OBSERVED.


RELATIVE HUMIDITY (PERCENT)
 HIGHEST    56           500 AM
 LOWEST     17           400 PM
 AVERAGE    37

..........................................................


THE JEROME ID CLIMATE NORMALS FOR TODAY
                         NORMAL    RECORD    YEAR
 MAXIMUM TEMPERATURE (F)   81       100      1992
 MINIMUM TEMPERATURE (F)   52        37      1985


SUNRISE AND SUNSET
JUNE 24 2017..........SUNRISE   601 AM MDT   SUNSET   920 PM MDT
JUNE 25 2017..........SUNRISE   601 AM MDT   SUNSET   920 PM MDT


-  INDICATES NEGATIVE NUMBERS.
R  INDICATES RECORD WAS SET OR TIED.
MM INDICATES DATA IS MISSING.
T  INDICATES TRACE AMOUNT.




$$
