000
CDUS45 KBOI 310930
CLIJER


CLIMATE REPORT
NATIONAL WEATHER SERVICE BOISE ID
330 AM MDT FRI OCT 31 2014


...................................

...THE JEROME ID CLIMATE SUMMARY FOR OCTOBER 30 2014...

CLIMATE NORMAL PERIOD 1981 TO 2010
CLIMATE RECORD PERIOD 1919 TO 2014


WEATHER ITEM   OBSERVED TIME   RECORD YEAR NORMAL DEPARTURE LAST
                VALUE   (LST)  VALUE       VALUE  FROM      YEAR
                                                  NORMAL
..................................................................
TEMPERATURE (F)
 YESTERDAY
  MAXIMUM         73    328 PM  76    1962  54     19       46
  MINIMUM         42    702 AM  19    1972  34      8       33
  AVERAGE         58                        44     14       40

PRECIPITATION (IN)
  YESTERDAY        0.00          0.68 1982   0.04  -0.04     0.00
  MONTH TO DATE    0.34                      0.78  -0.44     0.08
  SINCE OCT 1      0.34                      0.78  -0.44     0.08
  SINCE JAN 1      9.41                      8.07   1.34     3.10

DEGREE DAYS
 HEATING
  YESTERDAY        7                        21    -14       25
  MONTH TO DATE  309                       474   -165      531
  SINCE SEP 1    417                       644   -227      669
  SINCE JUL 1    444                       677   -233      669

 COOLING
  YESTERDAY        0                         0      0        0
  MONTH TO DATE    0                         0      0        0
  SINCE SEP 1     60                        44     16       86
  SINCE JAN 1    652                       509    143      904
..................................................................


WIND (MPH)
  HIGHEST WIND SPEED    23   HIGHEST WIND DIRECTION    NE (50)
  HIGHEST GUST SPEED    27   HIGHEST GUST DIRECTION    NE (50)
  AVERAGE WIND SPEED    15.2


SKY COVER
  AVERAGE SKY COVER 0.1


WEATHER CONDITIONS
 THE FOLLOWING WEATHER WAS RECORDED YESTERDAY.
  NO SIGNIFICANT WEATHER WAS OBSERVED.


RELATIVE HUMIDITY (PERCENT)
 HIGHEST    71          1200 AM
 LOWEST     19           300 PM
 AVERAGE    45

..........................................................


THE JEROME ID CLIMATE NORMALS FOR TODAY
                         NORMAL    RECORD    YEAR
 MAXIMUM TEMPERATURE (F)   54        76      2012
 MINIMUM TEMPERATURE (F)   33        11      2002


SUNRISE AND SUNSET
OCTOBER 31 2014.......SUNRISE   811 AM MDT   SUNSET   632 PM MDT
NOVEMBER  1 2014......SUNRISE   812 AM MDT   SUNSET   630 PM MDT


-  INDICATES NEGATIVE NUMBERS.
R  INDICATES RECORD WAS SET OR TIED.
MM INDICATES DATA IS MISSING.
T  INDICATES TRACE AMOUNT.




$$
