000
CDUS45 KBOI 290949
CLIJER


CLIMATE REPORT
NATIONAL WEATHER SERVICE BOISE ID
249 AM MST MON DEC 29 2014


...................................

...THE JEROME ID CLIMATE SUMMARY FOR DECEMBER 28 2014...

CLIMATE NORMAL PERIOD 1981 TO 2010
CLIMATE RECORD PERIOD 1919 TO 2014


WEATHER ITEM   OBSERVED TIME   RECORD YEAR NORMAL DEPARTURE LAST
                VALUE   (LST)  VALUE       VALUE  FROM      YEAR
                                                  NORMAL
..................................................................
TEMPERATURE (F)
 YESTERDAY
  MAXIMUM         32    226 PM  59    1980  33     -1       31
  MINIMUM         21    834 PM  -4    1988  19      2       19
  AVERAGE         27                        26      1       25

PRECIPITATION (IN)
  YESTERDAY        0.06          0.42 1973   0.04   0.02     0.00
  MONTH TO DATE    1.66                      1.39   0.27     0.27
  SINCE OCT 1      2.90                      3.42  -0.52     0.60
  SINCE JAN 1     11.97                     10.71   1.26     3.62

DEGREE DAYS
 HEATING
  YESTERDAY       38                        39     -1       40
  MONTH TO DATE  790                      1061   -271     1190
  SINCE DEC 1    790                      1061   -271     1190
  SINCE JUL 1   2126                      2612   -486     2673

 COOLING
  YESTERDAY        0                         0      0        0
  MONTH TO DATE    0                         0      0        0
  SINCE DEC 1      0                         0      0        0
  SINCE JAN 1    652                       510    142      904
..................................................................


WIND (MPH)
  HIGHEST WIND SPEED    21   HIGHEST WIND DIRECTION     W (250)
  HIGHEST GUST SPEED    26   HIGHEST GUST DIRECTION     W (250)
  AVERAGE WIND SPEED    10.1


SKY COVER
  AVERAGE SKY COVER 0.6


WEATHER CONDITIONS
 THE FOLLOWING WEATHER WAS RECORDED YESTERDAY.
  SNOW
  LIGHT SNOW
  FOG
  FOG W/VISIBILITY <= 1/4 MILE


RELATIVE HUMIDITY (PERCENT)
 HIGHEST    92          1200 AM
 LOWEST     75           500 PM
 AVERAGE    84

..........................................................


THE JEROME ID CLIMATE NORMALS FOR TODAY
                         NORMAL    RECORD    YEAR
 MAXIMUM TEMPERATURE (F)   33        51      2004
 MINIMUM TEMPERATURE (F)   19        -6      1990


SUNRISE AND SUNSET
DECEMBER 29 2014......SUNRISE   808 AM MST   SUNSET   512 PM MST
DECEMBER 30 2014......SUNRISE   808 AM MST   SUNSET   513 PM MST


-  INDICATES NEGATIVE NUMBERS.
R  INDICATES RECORD WAS SET OR TIED.
MM INDICATES DATA IS MISSING.
T  INDICATES TRACE AMOUNT.




$$
