000
CDUS45 KBOI 170931
CLIJER


CLIMATE REPORT
NATIONAL WEATHER SERVICE BOISE ID
231 AM MST TUE JAN 17 2017


...................................

...THE JEROME ID CLIMATE SUMMARY FOR JANUARY 16 2017...

CLIMATE NORMAL PERIOD 1981 TO 2010
CLIMATE RECORD PERIOD 1915 TO 2017


WEATHER ITEM   OBSERVED TIME   RECORD YEAR NORMAL DEPARTURE LAST
                VALUE   (LST)  VALUE       VALUE  FROM      YEAR
                                                  NORMAL
..................................................................
TEMPERATURE (F)
 YESTERDAY
  MAXIMUM         13    427 PM  52    1974  33    -20       33
  MINIMUM         -1    538 AM -19    1917  20    -21       23
  AVERAGE          6                        26    -20       28

PRECIPITATION (IN)
  YESTERDAY        T             0.71 1970   0.03  -0.03     0.07
  MONTH TO DATE    0.86                      0.72   0.14     0.20
  SINCE OCT 1      5.38                      4.24   1.14     4.79
  SINCE JAN 1      0.86                      0.72   0.14     0.20

DEGREE DAYS
 HEATING
  YESTERDAY       59                        39     20       37
  MONTH TO DATE  642                       624     18      630
  SINCE DEC 1   1931                      1803    128     1802
  SINCE JUL 1   3157                      3354   -197     3135

 COOLING
  YESTERDAY        0                         0      0        0
  MONTH TO DATE    0                         0      0        0
  SINCE DEC 1      0                         0      0        0
  SINCE JAN 1      0                         0      0        0
..................................................................


WIND (MPH)
  HIGHEST WIND SPEED    15   HIGHEST WIND DIRECTION    NE (50)
  HIGHEST GUST SPEED    18   HIGHEST GUST DIRECTION    NE (50)
  AVERAGE WIND SPEED     9.4


SKY COVER
  AVERAGE SKY COVER 0.3


WEATHER CONDITIONS
 THE FOLLOWING WEATHER WAS RECORDED YESTERDAY.
  LIGHT SNOW
  FOG
  HAZE


RELATIVE HUMIDITY (PERCENT)
 HIGHEST    91           200 AM
 LOWEST     73          1200 PM
 AVERAGE    82

..........................................................


THE JEROME ID CLIMATE NORMALS FOR TODAY
                         NORMAL    RECORD    YEAR
 MAXIMUM TEMPERATURE (F)   33        59      2000
 MINIMUM TEMPERATURE (F)   20       -18      1917


SUNRISE AND SUNSET
JANUARY 17 2017.......SUNRISE   804 AM MST   SUNSET   532 PM MST
JANUARY 18 2017.......SUNRISE   804 AM MST   SUNSET   534 PM MST


-  INDICATES NEGATIVE NUMBERS.
R  INDICATES RECORD WAS SET OR TIED.
MM INDICATES DATA IS MISSING.
T  INDICATES TRACE AMOUNT.




$$
