000
CDUS41 KOKX 182031
CLIJFK


CLIMATE REPORT
NATIONAL WEATHER SERVICE NEW YORK NY
430 PM EDT FRI AUG 18 2017


...................................

...THE KENNEDY NY CLIMATE SUMMARY FOR AUGUST 18 2017...
VALID TODAY AS OF 0400 PM LOCAL TIME.

CLIMATE NORMAL PERIOD 1981 TO 2010
CLIMATE RECORD PERIOD 1948 TO 2017


WEATHER ITEM   OBSERVED TIME   RECORD YEAR NORMAL DEPARTURE LAST
                VALUE   (LST)  VALUE       VALUE  FROM      YEAR
                                                  NORMAL
..................................................................
TEMPERATURE (F)
 TODAY
  MAXIMUM         81   1127 AM  93    1995  82     -1       85
                                      1987
  MINIMUM         75    918 AM  58    1963  68      7       74
  AVERAGE         78                        75      3       80

PRECIPITATION (IN)
  TODAY            0.24          0.88 1994   0.11   0.13     0.01
  MONTH TO DATE    1.62                      2.25  -0.63     0.33
  SINCE JUN 1     10.47                     10.19   0.28     8.00
  SINCE JAN 1     32.37                     27.53   4.84    22.98

SNOWFALL (IN)
  TODAY            0.0          MM      MM   0.0    0.0      0.0
  MONTH TO DATE    0.0                       0.0    0.0      0.0
  SINCE OCT 1     30.9                      23.8    7.1     41.4
  SINCE JUL 1      0.0                       0.0    0.0      0.0
  SNOW DEPTH       0

DEGREE DAYS
 HEATING
  TODAY            0                         0      0        0
  MONTH TO DATE    0                         0      0        0
  SINCE JUN 1     20                        21     -1        3
  SINCE JUL 1      0                         0      0        0

 COOLING
  TODAY           13                        10      3       15
  MONTH TO DATE  187                       191     -4      262
  SINCE JUN 1    756                       711     45      908
  SINCE JAN 1    806                       746     60      959
..................................................................


WIND (MPH)
  HIGHEST WIND SPEED    20   HIGHEST WIND DIRECTION     S (180)
  HIGHEST GUST SPEED    24   HIGHEST GUST DIRECTION     S (180)
  AVERAGE WIND SPEED    13.0


SKY COVER
  AVERAGE SKY COVER 1.0


WEATHER CONDITIONS
 THE FOLLOWING WEATHER WAS RECORDED TODAY.
  THUNDERSTORM
  HEAVY RAIN
  LIGHT RAIN
  FOG


RELATIVE HUMIDITY (PERCENT)
 HIGHEST   100          1200 AM
 LOWEST     94           500 AM
 AVERAGE    97

..........................................................


THE KENNEDY NY CLIMATE NORMALS FOR TOMORROW
                         NORMAL    RECORD    YEAR
 MAXIMUM TEMPERATURE (F)   82        90      2009
                                             1983
                                             1966
 MINIMUM TEMPERATURE (F)   68        53      1963


SUNRISE AND SUNSET
AUGUST 18 2017........SUNRISE   609 AM EDT   SUNSET   748 PM EDT
AUGUST 19 2017........SUNRISE   610 AM EDT   SUNSET   747 PM EDT


-  INDICATES NEGATIVE NUMBERS.
R  INDICATES RECORD WAS SET OR TIED.
MM INDICATES DATA IS MISSING.
T  INDICATES TRACE AMOUNT.




$$
