000
CDUS41 KOKX 280618
CLIJFK


CLIMATE REPORT
NATIONAL WEATHER SERVICE NEW YORK NY
118 AM EST TUE FEB 28 2017


...................................

...THE KENNEDY NY CLIMATE SUMMARY FOR FEBRUARY 27 2017...

CLIMATE NORMAL PERIOD 1981 TO 2010
CLIMATE RECORD PERIOD 1948 TO 2017


WEATHER ITEM   OBSERVED TIME   RECORD YEAR NORMAL DEPARTURE LAST
                VALUE   (LST)  VALUE       VALUE  FROM      YEAR
                                                  NORMAL
..................................................................
TEMPERATURE (F)
 YESTERDAY
  MAXIMUM         52   1250 PM  71    1997  44      8       40
  MINIMUM         32    421 AM   9    1950  30      2       28
  AVERAGE         42                        37      5       34

PRECIPITATION (IN)
  YESTERDAY        0.00          0.66 1971   0.10  -0.10     0.00
  MONTH TO DATE    1.58                      2.48  -0.90     3.99
  SINCE DEC 1      9.28                      9.03   0.25    13.37
  SINCE JAN 1      6.22                      5.64   0.58     8.58

SNOWFALL (IN)
  YESTERDAY        0.0           0.4  1991   0.2   -0.2      0.0
                                      1979
  MONTH TO DATE    8.4                       8.1    0.3      8.1
  SINCE OCT 1     23.4                      19.3    4.1     39.5
  SINCE JUL 1     23.4                      19.3    4.1     39.5
  SNOW DEPTH       0

DEGREE DAYS
 HEATING
  YESTERDAY       23                        28     -5       31
  MONTH TO DATE  670                       814   -144      755
  SINCE DEC 1   2264                      2660   -396     2132
  SINCE JUL 1   2904                      3484   -580     2723

 COOLING
  YESTERDAY        0                         0      0        0
  MONTH TO DATE    0                         0      0        0
  SINCE DEC 1      0                         0      0        0
  SINCE JAN 1      0                         0      0        0
..................................................................


WIND (MPH)
  HIGHEST WIND SPEED    24   HIGHEST WIND DIRECTION     S (190)
  HIGHEST GUST SPEED    31   HIGHEST GUST DIRECTION     S (190)
  AVERAGE WIND SPEED    12.4


SKY COVER
  POSSIBLE SUNSHINE  MM
  AVERAGE SKY COVER 0.5


WEATHER CONDITIONS
 THE FOLLOWING WEATHER WAS RECORDED YESTERDAY.
  NO SIGNIFICANT WEATHER WAS OBSERVED.


RELATIVE HUMIDITY (PERCENT)
 HIGHEST    86          1100 PM
 LOWEST     38           100 PM
 AVERAGE    62

..........................................................


THE KENNEDY NY CLIMATE NORMALS FOR TODAY
                         NORMAL    RECORD    YEAR
 MAXIMUM TEMPERATURE (F)   45        66      1976
 MINIMUM TEMPERATURE (F)   30        11      2014


SUNRISE AND SUNSET
FEBRUARY 28 2017......SUNRISE   630 AM EST   SUNSET   546 PM EST
MARCH  1 2017.........SUNRISE   629 AM EST   SUNSET   547 PM EST


-  INDICATES NEGATIVE NUMBERS.
R  INDICATES RECORD WAS SET OR TIED.
MM INDICATES DATA IS MISSING.
T  INDICATES TRACE AMOUNT.




$$
