000
CDUS41 KOKX 210617
CLIJFK


CLIMATE REPORT
NATIONAL WEATHER SERVICE NEW YORK NY
117 AM EST FRI NOV 21 2014


...................................

...THE KENNEDY NY CLIMATE SUMMARY FOR NOVEMBER 20 2014...

CLIMATE NORMAL PERIOD 1981 TO 2010
CLIMATE RECORD PERIOD 1949 TO 2014


WEATHER ITEM   OBSERVED TIME   RECORD YEAR NORMAL DEPARTURE LAST
                VALUE   (LST)  VALUE       VALUE  FROM      YEAR
                                                  NORMAL
..................................................................
TEMPERATURE (F)
 YESTERDAY
  MAXIMUM         48    243 PM  73    1985  53     -5       46
  MINIMUM         32   1159 PM  25    1986  40     -8       31
  AVERAGE         40                        46     -6       39

PRECIPITATION (IN)
  YESTERDAY        0.00          2.45 1988   0.11  -0.11     0.00
  MONTH TO DATE    3.01                      2.13   0.88     0.50
  SINCE SEP 1      8.13                      9.25  -1.12     2.75
  SINCE JAN 1     42.24                     38.21   4.03    28.94

SNOWFALL (IN)
  YESTERDAY        0.0          MM      MM   0.0    0.0      0.0
  MONTH TO DATE    T                         0.0    0.0      0.2
  SINCE OCT 1      T                         0.0    0.0      0.2
  SINCE JUL 1      T                         0.0    0.0      0.2
  SNOW DEPTH       0

DEGREE DAYS
 HEATING
  YESTERDAY       25                        19      6       26
  MONTH TO DATE  374                       319     55      328
  SINCE SEP 1    568                       617    -49      559
  SINCE JUL 1    568                       618    -50      559

 COOLING
  YESTERDAY        0                         0      0        0
  MONTH TO DATE    0                         0      0        0
  SINCE SEP 1    187                       144     43      152
  SINCE JAN 1   1050                      1005     45     1111
..................................................................


WIND (MPH)
  HIGHEST WIND SPEED    24   HIGHEST WIND DIRECTION     W (270)
  HIGHEST GUST SPEED    33   HIGHEST GUST DIRECTION     W (270)
  AVERAGE WIND SPEED    16.5


SKY COVER
  POSSIBLE SUNSHINE  MM
  AVERAGE SKY COVER 0.6


WEATHER CONDITIONS
 THE FOLLOWING WEATHER WAS RECORDED YESTERDAY.
  NO SIGNIFICANT WEATHER WAS OBSERVED.


RELATIVE HUMIDITY (PERCENT)
 HIGHEST    49          1000 AM
 LOWEST     27           900 PM
 AVERAGE    38

..........................................................


THE KENNEDY NY CLIMATE NORMALS FOR TODAY
                         NORMAL    RECORD    YEAR
 MAXIMUM TEMPERATURE (F)   52        66      1991
 MINIMUM TEMPERATURE (F)   39        19      1987


SUNRISE AND SUNSET
NOVEMBER 21 2014......SUNRISE   649 AM EST   SUNSET   433 PM EST
NOVEMBER 22 2014......SUNRISE   650 AM EST   SUNSET   432 PM EST


-  INDICATES NEGATIVE NUMBERS.
R  INDICATES RECORD WAS SET OR TIED.
MM INDICATES DATA IS MISSING.
T  INDICATES TRACE AMOUNT.




$$
