000
CDUS41 KOKX 310616
CLIJFK


CLIMATE REPORT
NATIONAL WEATHER SERVICE NEW YORK NY
215 AM EDT THU JUL 31 2014


...................................

...THE KENNEDY NY CLIMATE SUMMARY FOR JULY 30 2014...

CLIMATE NORMAL PERIOD 1981 TO 2010
CLIMATE RECORD PERIOD 1949 TO 2014


WEATHER ITEM   OBSERVED TIME   RECORD YEAR NORMAL DEPARTURE LAST
                VALUE   (LST)  VALUE       VALUE  FROM      YEAR
                                                  NORMAL
..................................................................
TEMPERATURE (F)
 YESTERDAY
  MAXIMUM         80    247 PM  96    2002  83     -3       85
  MINIMUM         64    510 AM  59    1968  69     -5       67
                                      1965
  AVERAGE         72                        76     -4       76

PRECIPITATION (IN)
  YESTERDAY        0.00          2.81 1960   0.14  -0.14     0.00
  MONTH TO DATE    4.83                      3.94   0.89     2.26
  SINCE JUN 1      7.44                      7.80  -0.36    10.21
  SINCE JAN 1     29.88                     25.14   4.74    23.46

SNOWFALL (IN)
  YESTERDAY        0.0          MM      MM   0.0    0.0      0.0
  MONTH TO DATE    0.0                       0.0    0.0      0.0
  SINCE OCT 1     45.6                      23.8   21.8     17.6
  SINCE JUL 1      0.0                       0.0    0.0      0.0
  SNOW DEPTH       0

DEGREE DAYS
 HEATING
  YESTERDAY        0                         0      0        0
  MONTH TO DATE    0                         0      0        0
  SINCE JUN 1      0                        21    -21       10
  SINCE JUL 1      0                         0      0        0

 COOLING
  YESTERDAY        7                        11     -4       11
  MONTH TO DATE  324                       323      1      445
  SINCE JUN 1    532                       506     26      625
  SINCE JAN 1    564                       541     23      651
..................................................................


WIND (MPH)
  HIGHEST WIND SPEED    20   HIGHEST WIND DIRECTION     S (190)
  HIGHEST GUST SPEED    23   HIGHEST GUST DIRECTION     S (190)
  AVERAGE WIND SPEED     9.2


SKY COVER
  POSSIBLE SUNSHINE  MM
  AVERAGE SKY COVER 0.4


WEATHER CONDITIONS
 THE FOLLOWING WEATHER WAS RECORDED YESTERDAY.
  NO SIGNIFICANT WEATHER WAS OBSERVED.


RELATIVE HUMIDITY (PERCENT)
 HIGHEST    73          1100 PM
 LOWEST     35           200 PM
 AVERAGE    54

..........................................................


THE KENNEDY NY CLIMATE NORMALS FOR TODAY
                         NORMAL    RECORD    YEAR
 MAXIMUM TEMPERATURE (F)   83        95      2002
 MINIMUM TEMPERATURE (F)   69        58      1964


SUNRISE AND SUNSET
JULY 31 2014..........SUNRISE   551 AM EDT   SUNSET   811 PM EDT
AUGUST  1 2014........SUNRISE   552 AM EDT   SUNSET   810 PM EDT


-  INDICATES NEGATIVE NUMBERS.
R  INDICATES RECORD WAS SET OR TIED.
MM INDICATES DATA IS MISSING.
T  INDICATES TRACE AMOUNT.




$$
