000
CDUS41 KOKX 032146
CLIJFK


CLIMATE REPORT
NATIONAL WEATHER SERVICE NEW YORK NY
445 PM EST SAT DEC 3 2016


...................................

...THE KENNEDY NY CLIMATE SUMMARY FOR DECEMBER 3 2016...
VALID TODAY AS OF 0400 PM LOCAL TIME.

CLIMATE NORMAL PERIOD 1981 TO 2010
CLIMATE RECORD PERIOD 1948 TO 2016


WEATHER ITEM   OBSERVED TIME   RECORD YEAR NORMAL DEPARTURE LAST
                VALUE   (LST)  VALUE       VALUE  FROM      YEAR
                                                  NORMAL
..................................................................
TEMPERATURE (F)
 TODAY
  MAXIMUM         50    250 PM  66    2009  48      2       56
                                      1998
  MINIMUM         42    702 AM  11    1976  35      7       45
  AVERAGE         46                        42      4       51

PRECIPITATION (IN)
  TODAY            T             1.46 1967   0.12  -0.12      T
  MONTH TO DATE    0.03                      0.36  -0.33     0.41
  SINCE DEC 1      0.03                      0.36  -0.33     0.41
  SINCE JAN 1     32.98                     39.74  -6.76    33.93

SNOWFALL (IN)
  TODAY            0.0           T    1989   0.1   -0.1      0.0
  MONTH TO DATE    0.0                       0.2   -0.2      0.0
  SINCE OCT 1      T                         0.4   -0.4      0.0
  SINCE JUL 1      T                         0.4   -0.4      0.0
  SNOW DEPTH       0

DEGREE DAYS
 HEATING
  TODAY           19                        23     -4       14
  MONTH TO DATE   51                        69    -18       42
  SINCE DEC 1     51                        69    -18       42
  SINCE JUL 1    691                       893   -202      633

 COOLING
  TODAY            0                         0      0        0
  MONTH TO DATE    0                         0      0        0
  SINCE DEC 1      0                         0      0        0
  SINCE JAN 1   1362                      1005    357     1387
..................................................................


WIND (MPH)
  HIGHEST WIND SPEED    31   HIGHEST WIND DIRECTION    NW (310)
  HIGHEST GUST SPEED    41   HIGHEST GUST DIRECTION    NW (320)
  AVERAGE WIND SPEED    19.6


SKY COVER
  AVERAGE SKY COVER 0.6


WEATHER CONDITIONS
 THE FOLLOWING WEATHER WAS RECORDED TODAY.
  NO SIGNIFICANT WEATHER WAS OBSERVED.


RELATIVE HUMIDITY (PERCENT)
 HIGHEST    58           100 AM
 LOWEST     38           400 PM
 AVERAGE    48

..........................................................


THE KENNEDY NY CLIMATE NORMALS FOR TOMORROW
                         NORMAL    RECORD    YEAR
 MAXIMUM TEMPERATURE (F)   48        70      1998
                                             1982
 MINIMUM TEMPERATURE (F)   35        15      1966


SUNRISE AND SUNSET
DECEMBER  3 2016......SUNRISE   702 AM EST   SUNSET   428 PM EST
DECEMBER  4 2016......SUNRISE   703 AM EST   SUNSET   428 PM EST


-  INDICATES NEGATIVE NUMBERS.
R  INDICATES RECORD WAS SET OR TIED.
MM INDICATES DATA IS MISSING.
T  INDICATES TRACE AMOUNT.




$$
