416
CDUS43 KJKL 190534
CLIJKL

CLIMATE REPORT
NATIONAL WEATHER SERVICE JACKSON KY
1234 AM EST SUN FEB 19 2017


...................................

...THE JACKSON KY CLIMATE SUMMARY FOR FEBRUARY 18 2017...

CLIMATE NORMAL PERIOD 1981 TO 2010
CLIMATE RECORD PERIOD 1981 TO 2017


WEATHER ITEM   OBSERVED TIME   RECORD YEAR NORMAL DEPARTURE LAST
                VALUE   (LST)  VALUE       VALUE  FROM      YEAR
                                                  NORMAL
..................................................................
TEMPERATURE (F)
 YESTERDAY
  MAXIMUM         55   1210 PM  70    1994  49      6       47
                                      1986
  MINIMUM         46   1114 PM   5    2015  31     15       32
  AVERAGE         51                        40     11       40

PRECIPITATION (IN)
  YESTERDAY        0.02          1.32 2000   0.13  -0.11     0.00
  MONTH TO DATE    1.28                      2.39  -1.11     4.73
  SINCE DEC 1     12.15                     10.18   1.97    12.66
  SINCE JAN 1      5.99                      6.00  -0.01     8.02

SNOWFALL (IN)
  YESTERDAY        0.0           4.5  2015   0.3   -0.3      0.0
  MONTH TO DATE    T                         5.0   -5.0      7.4
  SINCE DEC 1      4.6                      17.0  -12.4     28.8
  SINCE JUL 1      4.6                      17.6  -13.0     28.8
  SNOW DEPTH       0

DEGREE DAYS
 HEATING
  YESTERDAY       14                        26    -12       25
  MONTH TO DATE  371                       494   -123      556
  SINCE DEC 1   1866                      2260   -394     1970
  SINCE JUL 1   2392                      3060   -668     2568

COOLING
  YESTERDAY        0                         0      0        0
  MONTH TO DATE    0                         0      0        0
  SINCE DEC 1      0                         1     -1        2
  SINCE JAN 1      0                         0      0        0
..................................................................


WIND (MPH)
  HIGHEST WIND SPEED     9   HIGHEST WIND DIRECTION    SW (220)
  HIGHEST GUST SPEED    18   HIGHEST GUST DIRECTION     S (200)
  AVERAGE WIND SPEED     3.7


SKY COVER
  POSSIBLE SUNSHINE  MM
  AVERAGE SKY COVER 0.6


WEATHER CONDITIONS
 THE FOLLOWING WEATHER WAS RECORDED YESTERDAY.
  LIGHT RAIN
  FOG
  FOG W/VISIBILITY <= 1/4 MILE


RELATIVE HUMIDITY (PERCENT)
 HIGHEST    93           900 PM
 LOWEST     35          1200 AM
 AVERAGE    64

..........................................................


THE JACKSON KY CLIMATE NORMALS FOR TODAY
                         NORMAL    RECORD    YEAR
 MAXIMUM TEMPERATURE (F)   49        74      1994
 MINIMUM TEMPERATURE (F)   31        -4      2015


SUNRISE AND SUNSET
FEBRUARY 19 2017......SUNRISE   717 AM EST   SUNSET   617 PM EST
FEBRUARY 20 2017......SUNRISE   716 AM EST   SUNSET   618 PM EST


-  INDICATES NEGATIVE NUMBERS.
R  INDICATES RECORD WAS SET OR TIED.
MM INDICATES DATA IS MISSING.
T  INDICATES TRACE AMOUNT.




$$
