000
CDUS43 KJKL 010554
CLIJKL

CLIMATE REPORT
NATIONAL WEATHER SERVICE JACKSON KY
1254 AM EST SUN MAR 1 2015


...................................

...THE JACKSON KY CLIMATE SUMMARY FOR FEBRUARY 28 2015...

CLIMATE NORMAL PERIOD 1981 TO 2010
CLIMATE RECORD PERIOD 1981 TO 2015


WEATHER ITEM   OBSERVED TIME   RECORD YEAR NORMAL DEPARTURE LAST
                VALUE   (LST)  VALUE       VALUE  FROM      YEAR
                                                  NORMAL
..................................................................
TEMPERATURE (F)
 YESTERDAY
  MAXIMUM         40    514 PM  70    2011  52    -12       43
  MINIMUM         17    755 AM  13    2014  33    -16       13
                                      1986
  AVERAGE         29                        42    -13       28

PRECIPITATION (IN)
  YESTERDAY        0.00          1.20 2011   0.13  -0.13     0.00
  MONTH TO DATE    4.06                      3.75   0.31     4.47
  SINCE DEC 1      8.67                     11.54  -2.87    14.71
  SINCE JAN 1      6.18                      7.36  -1.18     7.62

SNOWFALL (IN)
  YESTERDAY        0.0           1.5  2005   0.2   -0.2      0.0
                                      1984
  MONTH TO DATE   21.5                       7.0   14.5      8.7
  SINCE DEC 1     24.2                      19.0    5.2     24.1
  SINCE JUL 1     25.4                      19.6    5.8     27.0
  SNOW DEPTH       3

DEGREE DAYS
 HEATING
  YESTERDAY       36                        23     13       37
  MONTH TO DATE 1051                       734    317      817
  SINCE DEC 1   2775                      2500    275     2714
  SINCE JUL 1   3765                      3300    465     3601

COOLING
  YESTERDAY        0                         0      0        0
  MONTH TO DATE    0                         0      0        0
  SINCE DEC 1      0                         1     -1        0
  SINCE JAN 1      0                         0      0        0
..................................................................


WIND (MPH)
  HIGHEST WIND SPEED     8   HIGHEST WIND DIRECTION    NE (50)
  HIGHEST GUST SPEED    13   HIGHEST GUST DIRECTION    NE (60)
  AVERAGE WIND SPEED     3.5


SKY COVER
  POSSIBLE SUNSHINE  MM
  AVERAGE SKY COVER 0.6


WEATHER CONDITIONS
 THE FOLLOWING WEATHER WAS RECORDED YESTERDAY.
  NO SIGNIFICANT WEATHER WAS OBSERVED.


RELATIVE HUMIDITY (PERCENT)
 HIGHEST    62           900 AM
 LOWEST     33           300 PM
 AVERAGE    48

..........................................................


THE JACKSON KY CLIMATE NORMALS FOR TODAY
                         NORMAL    RECORD    YEAR
 MAXIMUM TEMPERATURE (F)   52        77      1997
 MINIMUM TEMPERATURE (F)   33        17      1986


SUNRISE AND SUNSET
MARCH  1 2015.........SUNRISE   705 AM EST   SUNSET   627 PM EST
MARCH  2 2015.........SUNRISE   704 AM EST   SUNSET   628 PM EST


-  INDICATES NEGATIVE NUMBERS.
R  INDICATES RECORD WAS SET OR TIED.
MM INDICATES DATA IS MISSING.
T  INDICATES TRACE AMOUNT.




$$
