000
CDUS43 KSGF 112227
CLIJLN


CLIMATE REPORT
NATIONAL WEATHER SERVICE SPRINGFIELD MO
526 PM CDT FRI JUL 11 2014


...................................

...THE JOPLIN MO CLIMATE SUMMARY FOR JULY 11 2014...
VALID TODAY AS OF 0500 PM LOCAL TIME.

CLIMATE NORMAL PERIOD 1981 TO 2010
CLIMATE RECORD PERIOD 1902 TO 2014


WEATHER ITEM   OBSERVED TIME   RECORD YEAR NORMAL DEPARTURE LAST
                VALUE   (LST)  VALUE       VALUE  FROM      YEAR
                                                  NORMAL
..................................................................
TEMPERATURE (F)
 TODAY
  MAXIMUM         92    313 PM 109    1954  90      2       93
  MINIMUM         68   1230 AM  58    1975  70     -2       72
  AVERAGE         80                        80      0       83

PRECIPITATION (IN)
  TODAY            0.00          2.76 1958   0.13  -0.13     0.00
  MONTH TO DATE    0.46                      1.54  -1.08     0.09
  SINCE JUN 1      4.39                      7.40  -3.01     5.48
  SINCE JAN 1     13.14                     25.35 -12.21    27.87

DEGREE DAYS
 HEATING
  TODAY            0                         0      0        0
  MONTH TO DATE    0                         0      0        0
  SINCE JUN 1      2                         5     -3       12
  SINCE JUL 1      0                         0      0        0

 COOLING
  TODAY           15                        15      0       18
  MONTH TO DATE  115                       161    -46      143
  SINCE JUN 1    418                       479    -61      466
  SINCE JAN 1    631                       659    -28      610
..................................................................


WIND (MPH)
  HIGHEST WIND SPEED    20   HIGHEST WIND DIRECTION    SW (210)
  HIGHEST GUST SPEED    24   HIGHEST GUST DIRECTION    SW (210)


SKY COVER
  AVERAGE SKY COVER 0.2


WEATHER CONDITIONS
 THE FOLLOWING WEATHER WAS RECORDED TODAY.
  NO SIGNIFICANT WEATHER WAS OBSERVED.


RELATIVE HUMIDITY (PERCENT)
 HIGHEST    93          1200 AM
 LOWEST     47           300 PM
 AVERAGE    70

..........................................................


THE JOPLIN MO CLIMATE NORMALS FOR TOMORROW
                         NORMAL    RECORD    YEAR
 MAXIMUM TEMPERATURE (F)   90       112      1954
 MINIMUM TEMPERATURE (F)   70        55      1975


SUNRISE AND SUNSET
JULY 11 2014..........SUNRISE   607 AM CDT   SUNSET   840 PM CDT
JULY 12 2014..........SUNRISE   608 AM CDT   SUNSET   839 PM CDT


-  INDICATES NEGATIVE NUMBERS.
R  INDICATES RECORD WAS SET OR TIED.
MM INDICATES DATA IS MISSING.
T  INDICATES TRACE AMOUNT.




$$
