000
CDUS43 KBIS 280731
CLIJMS


CLIMATE REPORT
NATIONAL WEATHER SERVICE BISMARCK ND
230 AM CDT TUE MAR 28 2017


...................................

...THE JAMESTOWN ND CLIMATE SUMMARY FOR MARCH 27 2017...

CLIMATE NORMAL PERIOD 1981 TO 2010
CLIMATE RECORD PERIOD 1891 TO 2017


WEATHER ITEM   OBSERVED TIME   RECORD YEAR NORMAL DEPARTURE LAST
                VALUE   (LST)  VALUE       VALUE  FROM      YEAR
                                                  NORMAL
..................................................................
TEMPERATURE (F)
 YESTERDAY
  MAXIMUM         59    409 PM  80    1946  43     16       59
  MINIMUM         27    706 AM -14    1899  23      4       19
  AVERAGE         43                        33     10       39

PRECIPITATION (IN)
  YESTERDAY        0.00          1.80 2004   0.03  -0.03     0.00
  MONTH TO DATE    0.08                      0.71  -0.63     0.32
  SINCE MAR 1      0.08                      0.71  -0.63     0.32
  SINCE JAN 1      0.50                      1.56  -1.06     0.43

DEGREE DAYS
 HEATING
  YESTERDAY       22                        32    -10       26
  MONTH TO DATE 1072                      1038     34      777
  SINCE MAR 1   1072                      1038     34      777
  SINCE JUL 1   7081                      7797   -716     6519

 COOLING
  YESTERDAY        0                         0      0        0
  MONTH TO DATE    0                         0      0        0
  SINCE MAR 1      0                         0      0        0
  SINCE JAN 1      0                         0      0        0
..................................................................


WIND (MPH)
  HIGHEST WIND SPEED    13   HIGHEST WIND DIRECTION    SE (140)
  HIGHEST GUST SPEED    15   HIGHEST GUST DIRECTION     S (190)
  AVERAGE WIND SPEED     5.4


SKY COVER
  POSSIBLE SUNSHINE  MM
  AVERAGE SKY COVER 0.3


WEATHER CONDITIONS
 THE FOLLOWING WEATHER WAS RECORDED YESTERDAY.
  FOG
  FOG W/VISIBILITY <= 1/4 MILE


RELATIVE HUMIDITY (PERCENT)
 HIGHEST   100          1200 AM
 LOWEST     47           200 PM
 AVERAGE    74

..........................................................


THE JAMESTOWN ND CLIMATE NORMALS FOR TODAY
                         NORMAL    RECORD    YEAR
 MAXIMUM TEMPERATURE (F)   44        76      1986
 MINIMUM TEMPERATURE (F)   23       -10      1969


SUNRISE AND SUNSET
MARCH 28 2017.........SUNRISE   721 AM CDT   SUNSET   759 PM CDT
MARCH 29 2017.........SUNRISE   719 AM CDT   SUNSET   800 PM CDT


-  INDICATES NEGATIVE NUMBERS.
R  INDICATES RECORD WAS SET OR TIED.
MM INDICATES DATA IS MISSING.
T  INDICATES TRACE AMOUNT.




$$
