000
CDUS43 KBIS 260729
CLIJMS


CLIMATE REPORT
NATIONAL WEATHER SERVICE BISMARCK ND
228 AM CDT TUE SEP 26 2017


...................................

...THE JAMESTOWN ND CLIMATE SUMMARY FOR SEPTEMBER 25 2017...

CLIMATE NORMAL PERIOD 1981 TO 2010
CLIMATE RECORD PERIOD 1891 TO 2017


WEATHER ITEM   OBSERVED TIME   RECORD YEAR NORMAL DEPARTURE LAST
                VALUE   (LST)  VALUE       VALUE  FROM      YEAR
                                                  NORMAL
..................................................................
TEMPERATURE (F)
 YESTERDAY
  MAXIMUM         51    433 PM  95    1938  66    -15       63
  MINIMUM         46   1214 AM  18    1926  41      5       46
  AVERAGE         49                        53     -4       55

PRECIPITATION (IN)
  YESTERDAY        0.01          0.78 1915   0.05  -0.04      T
  MONTH TO DATE    2.69                      1.72   0.97     3.91
  SINCE SEP 1      2.69                      1.72   0.97     3.91
  SINCE JAN 1     12.00                     15.91  -3.91    22.66

DEGREE DAYS
 HEATING
  YESTERDAY       16                        12      4       10
  MONTH TO DATE  144                       188    -44      131
  SINCE SEP 1    144                       188    -44      131
  SINCE JUL 1    178                       254    -76      164

 COOLING
  YESTERDAY        0                         0      0        0
  MONTH TO DATE   35                        28      7       22
  SINCE SEP 1     35                        28      7       22
  SINCE JAN 1    397                       443    -46      415
..................................................................


WIND (MPH)
  HIGHEST WIND SPEED    13   HIGHEST WIND DIRECTION     N (20)
  HIGHEST GUST SPEED    17   HIGHEST GUST DIRECTION     N (10)
  AVERAGE WIND SPEED     8.0


SKY COVER
  POSSIBLE SUNSHINE  MM
  AVERAGE SKY COVER 1.0


WEATHER CONDITIONS
 THE FOLLOWING WEATHER WAS RECORDED YESTERDAY.
  LIGHT RAIN


RELATIVE HUMIDITY (PERCENT)
 HIGHEST    93          1200 AM
 LOWEST     74          1100 AM
 AVERAGE    84

..........................................................


THE JAMESTOWN ND CLIMATE NORMALS FOR TODAY
                         NORMAL    RECORD    YEAR
 MAXIMUM TEMPERATURE (F)   66        92      1963
 MINIMUM TEMPERATURE (F)   40        18      1965


SUNRISE AND SUNSET
SEPTEMBER 26 2017.....SUNRISE   727 AM CDT   SUNSET   724 PM CDT
SEPTEMBER 27 2017.....SUNRISE   728 AM CDT   SUNSET   722 PM CDT


-  INDICATES NEGATIVE NUMBERS.
R  INDICATES RECORD WAS SET OR TIED.
MM INDICATES DATA IS MISSING.
T  INDICATES TRACE AMOUNT.




$$
