000
CDUS43 KBIS 252337
CLIJMS


CLIMATE REPORT
NATIONAL WEATHER SERVICE BISMARCK ND
536 PM CST TUE NOV 25 2014


...................................

...THE JAMESTOWN ND CLIMATE SUMMARY FOR NOVEMBER 25 2014...
VALID TODAY AS OF 0500 PM LOCAL TIME.

CLIMATE NORMAL PERIOD 1981 TO 2010
CLIMATE RECORD PERIOD 1891 TO 2014


WEATHER ITEM   OBSERVED TIME   RECORD YEAR NORMAL DEPARTURE LAST
                VALUE   (LST)  VALUE       VALUE  FROM      YEAR
                                                  NORMAL
..................................................................
TEMPERATURE (F)
 TODAY
  MAXIMUM         33    155 PM  70    1960  31      2       34
  MINIMUM         18   1220 AM -17    1977  13      5       19
  AVERAGE         26                        22      4       27

PRECIPITATION (IN)
  TODAY            T             0.35 1993   0.01  -0.01      T
  MONTH TO DATE    0.13                      0.55  -0.42     0.01
  SINCE SEP 1      2.15                      4.10  -1.95     6.67
  SINCE JAN 1     20.83                     18.29   2.54    15.87

DEGREE DAYS
 HEATING
  TODAY           39                        43     -4       38
  MONTH TO DATE  999                       895    104      908
  SINCE SEP 1   1783                      1796    -13     1732
  SINCE JUL 1   1838                      1862    -24     1776

 COOLING
  TODAY            0                         0      0        0
  MONTH TO DATE    0                         0      0        0
  SINCE SEP 1     29                        31     -2       55
  SINCE JAN 1    367                       446    -79      521
..................................................................


WIND (MPH)
  RESULTANT WIND SPEED   3   RESULTANT WIND DIRECTION   S (170)
  HIGHEST WIND SPEED    17   HIGHEST WIND DIRECTION    SE (140)
  HIGHEST GUST SPEED    21   HIGHEST GUST DIRECTION    SE (140)
  AVERAGE WIND SPEED     6.8


SKY COVER
  POSSIBLE SUNSHINE  MM
  AVERAGE SKY COVER 1.0


WEATHER CONDITIONS
 THE FOLLOWING WEATHER WAS RECORDED TODAY.
  SNOW
  LIGHT SNOW
  FOG
  FOG W/VISIBILITY <= 1/4 MILE


RELATIVE HUMIDITY (PERCENT)
 HIGHEST    92           500 PM
 LOWEST     61          1200 AM
 AVERAGE    77

..........................................................


THE JAMESTOWN ND CLIMATE NORMALS FOR TOMORROW
                         NORMAL    RECORD    YEAR
 MAXIMUM TEMPERATURE (F)   31        62      1914
 MINIMUM TEMPERATURE (F)   13       -19      1996


SUNRISE AND SUNSET
NOVEMBER 25 2014......SUNRISE   752 AM CST   SUNSET   451 PM CST
NOVEMBER 26 2014......SUNRISE   753 AM CST   SUNSET   451 PM CST


-  INDICATES NEGATIVE NUMBERS.
R  INDICATES RECORD WAS SET OR TIED.
MM INDICATES DATA IS MISSING.
T  INDICATES TRACE AMOUNT.




$$
