000
CDUS43 KBIS 270732
CLIJMS


CLIMATE REPORT
NATIONAL WEATHER SERVICE BISMARCK ND
229 AM CDT FRI MAR 27 2015


...................................

...THE JAMESTOWN ND CLIMATE SUMMARY FOR MARCH 26 2015...

CLIMATE NORMAL PERIOD 1981 TO 2010
CLIMATE RECORD PERIOD 1891 TO 2015


WEATHER ITEM   OBSERVED TIME   RECORD YEAR NORMAL DEPARTURE LAST
                VALUE   (LST)  VALUE       VALUE  FROM      YEAR
                                                  NORMAL
..................................................................
TEMPERATURE (F)
 YESTERDAY
  MAXIMUM         38    255 PM  70    1946  43     -5       41
  MINIMUM         17   1139 PM -17    1964  22     -5       18
  AVERAGE         28                        32     -4       30

PRECIPITATION (IN)
  YESTERDAY        0.00          0.83 1995   0.03  -0.03     0.00
  MONTH TO DATE    0.07                      0.68  -0.61     0.03
  SINCE MAR 1      0.07                      0.68  -0.61     0.03
  SINCE JAN 1      0.49                      1.53  -1.04     0.42

DEGREE DAYS
 HEATING
  YESTERDAY       37                        33      4       35
  MONTH TO DATE  874                      1006   -132     1090
  SINCE MAR 1    874                      1006   -132     1090
  SINCE JUL 1   7611                      7765   -154     8358

 COOLING
  YESTERDAY        0                         0      0        0
  MONTH TO DATE    0                         0      0        0
  SINCE MAR 1      0                         0      0        0
  SINCE JAN 1      0                         0      0        0
..................................................................


WIND (MPH)
  HIGHEST WIND SPEED    21   HIGHEST WIND DIRECTION    NE (30)
  HIGHEST GUST SPEED    27   HIGHEST GUST DIRECTION    NE (30)
  AVERAGE WIND SPEED     8.6


SKY COVER
  POSSIBLE SUNSHINE  MM
  AVERAGE SKY COVER 0.4


WEATHER CONDITIONS
 THE FOLLOWING WEATHER WAS RECORDED YESTERDAY.
  NO SIGNIFICANT WEATHER WAS OBSERVED.


RELATIVE HUMIDITY (PERCENT)
 HIGHEST    92           300 AM
 LOWEST     32           300 PM
 AVERAGE    62

..........................................................


THE JAMESTOWN ND CLIMATE NORMALS FOR TODAY
                         NORMAL    RECORD    YEAR
 MAXIMUM TEMPERATURE (F)   43        80      1946
 MINIMUM TEMPERATURE (F)   23       -14      1899


SUNRISE AND SUNSET
MARCH 27 2015.........SUNRISE   724 AM CDT   SUNSET   757 PM CDT
MARCH 28 2015.........SUNRISE   722 AM CDT   SUNSET   758 PM CDT


-  INDICATES NEGATIVE NUMBERS.
R  INDICATES RECORD WAS SET OR TIED.
MM INDICATES DATA IS MISSING.
T  INDICATES TRACE AMOUNT.




$$
