274
CDUS43 KBIS 250741
CLIJMS


CLIMATE REPORT
NATIONAL WEATHER SERVICE BISMARCK ND
240 AM CDT THU MAY 25 2017


...................................

...THE JAMESTOWN ND CLIMATE SUMMARY FOR MAY 24 2017...

CLIMATE NORMAL PERIOD 1981 TO 2010
CLIMATE RECORD PERIOD 1891 TO 2017


WEATHER ITEM   OBSERVED TIME   RECORD YEAR NORMAL DEPARTURE LAST
                VALUE   (LST)  VALUE       VALUE  FROM      YEAR
                                                  NORMAL
..................................................................
TEMPERATURE (F)
 YESTERDAY
  MAXIMUM         67    414 PM  91    1967  70     -3       77
  MINIMUM         33    438 AM  25    2002  46    -13       54
                                      1930
  AVERAGE         50                        58     -8       66

PRECIPITATION (IN)
  YESTERDAY        0.00          2.07 2010   0.08  -0.08     0.03
  MONTH TO DATE    0.69                      2.00  -1.31     1.26
  SINCE MAR 1      2.17                      4.04  -1.87     4.19
  SINCE JAN 1      2.59                      4.89  -2.30     4.30

DEGREE DAYS
 HEATING
  YESTERDAY       15                         8      7        0
  MONTH TO DATE  254                       276    -22      239
  SINCE MAR 1   2059                      2111    -52     1784
  SINCE JUL 1   8068                      8870   -802     7526

 COOLING
  YESTERDAY        0                         1     -1        1
  MONTH TO DATE    0                        13    -13       12
  SINCE MAR 1      0                        15    -15       12
  SINCE JAN 1      0                        15    -15       12
..................................................................


WIND (MPH)
  HIGHEST WIND SPEED    25   HIGHEST WIND DIRECTION    SE (150)
  HIGHEST GUST SPEED    36   HIGHEST GUST DIRECTION     S (170)
  AVERAGE WIND SPEED    13.5


SKY COVER
  POSSIBLE SUNSHINE  MM
  AVERAGE SKY COVER 0.4


WEATHER CONDITIONS
 THE FOLLOWING WEATHER WAS RECORDED YESTERDAY.
  FOG
  FOG W/VISIBILITY <= 1/4 MILE


RELATIVE HUMIDITY (PERCENT)
 HIGHEST   100           300 AM
 LOWEST     44           400 PM
 AVERAGE    72

..........................................................


THE JAMESTOWN ND CLIMATE NORMALS FOR TODAY
                         NORMAL    RECORD    YEAR
 MAXIMUM TEMPERATURE (F)   71        95      1941
 MINIMUM TEMPERATURE (F)   46        28      1910


SUNRISE AND SUNSET
MAY 25 2017...........SUNRISE   549 AM CDT   SUNSET   915 PM CDT
MAY 26 2017...........SUNRISE   548 AM CDT   SUNSET   916 PM CDT


-  INDICATES NEGATIVE NUMBERS.
R  INDICATES RECORD WAS SET OR TIED.
MM INDICATES DATA IS MISSING.
T  INDICATES TRACE AMOUNT.




$$
