000
CDUS43 KBIS 250746
CLIJMS


CLIMATE REPORT
NATIONAL WEATHER SERVICE BISMARCK ND
141 AM CST THU DEC 25 2014


...................................

...THE JAMESTOWN ND CLIMATE SUMMARY FOR DECEMBER 24 2014...

CLIMATE NORMAL PERIOD 1981 TO 2010
CLIMATE RECORD PERIOD 1891 TO 2014


WEATHER ITEM   OBSERVED TIME   RECORD YEAR NORMAL DEPARTURE LAST
                VALUE   (LST)  VALUE       VALUE  FROM      YEAR
                                                  NORMAL
..................................................................
TEMPERATURE (F)
 YESTERDAY
  MAXIMUM         31    826 PM  44    1957  21     10       30
  MINIMUM         23    603 AM -26    1921   3     20       -9
  AVERAGE         27                        12     15       11

PRECIPITATION (IN)
  YESTERDAY        0.00          0.27 1949   0.01  -0.01     0.04
  MONTH TO DATE    0.03                      0.30  -0.27     0.24
  SINCE DEC 1      0.03                      0.30  -0.27     0.24
  SINCE JAN 1     21.03                     18.67   2.36    16.11

DEGREE DAYS
 HEATING
  YESTERDAY       38                        53    -15       54
  MONTH TO DATE 1065                      1200   -135     1478
  SINCE DEC 1   1065                      1200   -135     1478
  SINCE JUL 1   3228                      3284    -56     3486

 COOLING
  YESTERDAY        0                         0      0        0
  MONTH TO DATE    0                         0      0        0
  SINCE DEC 1      0                         0      0        0
  SINCE JAN 1    367                       446    -79      521
..................................................................


WIND (MPH)
  HIGHEST WIND SPEED    17   HIGHEST WIND DIRECTION     S (180)
  HIGHEST GUST SPEED    22   HIGHEST GUST DIRECTION     S (180)
  AVERAGE WIND SPEED    10.3


SKY COVER
  POSSIBLE SUNSHINE  MM
  AVERAGE SKY COVER 1.0


WEATHER CONDITIONS
 THE FOLLOWING WEATHER WAS RECORDED YESTERDAY.
  FOG


RELATIVE HUMIDITY (PERCENT)
 HIGHEST   100           900 AM
 LOWEST     78           600 PM
 AVERAGE    89

..........................................................


THE JAMESTOWN ND CLIMATE NORMALS FOR TODAY
                         NORMAL    RECORD    YEAR
 MAXIMUM TEMPERATURE (F)   21        46      1999
 MINIMUM TEMPERATURE (F)    3       -25      1933


SUNRISE AND SUNSET
DECEMBER 25 2014......SUNRISE   819 AM CST   SUNSET   451 PM CST
DECEMBER 26 2014......SUNRISE   819 AM CST   SUNSET   451 PM CST


-  INDICATES NEGATIVE NUMBERS.
R  INDICATES RECORD WAS SET OR TIED.
MM INDICATES DATA IS MISSING.
T  INDICATES TRACE AMOUNT.




$$
