000
CDUS43 KBIS 270733
CLIJMS


CLIMATE REPORT
NATIONAL WEATHER SERVICE BISMARCK ND
232 AM CDT FRI MAY 27 2016


...................................

...THE JAMESTOWN ND CLIMATE SUMMARY FOR MAY 26 2016...

CLIMATE NORMAL PERIOD 1981 TO 2010
CLIMATE RECORD PERIOD 1891 TO 2016


WEATHER ITEM   OBSERVED TIME   RECORD YEAR NORMAL DEPARTURE LAST
                VALUE   (LST)  VALUE       VALUE  FROM      YEAR
                                                  NORMAL
..................................................................
TEMPERATURE (F)
 YESTERDAY
  MAXIMUM         75    403 PM 101    1934  71      4       81
  MINIMUM         54   1159 PM  29    1961  46      8       51
  AVERAGE         65                        59      6       66

PRECIPITATION (IN)
  YESTERDAY        0.00          1.48 1932   0.09  -0.09      T
                                      1955
                                      2007
  MONTH TO DATE    1.69                      2.18  -0.49     8.48
  SINCE MAR 1      4.62                      4.22   0.40     9.47
  SINCE JAN 1      4.73                      5.07  -0.34     9.89

DEGREE DAYS
 HEATING
  YESTERDAY        0                         7     -7        0
  MONTH TO DATE  243                       290    -47      326
  SINCE MAR 1   1788                      2125   -337     1913
  SINCE JUL 1   7530                      8884  -1354     8650

 COOLING
  YESTERDAY        0                         1     -1        1
  MONTH TO DATE   12                        15     -3        1
  SINCE MAR 1     12                        17     -5        1
  SINCE JAN 1     12                        17     -5        1
..................................................................


WIND (MPH)
  HIGHEST WIND SPEED    21   HIGHEST WIND DIRECTION     W (260)
  HIGHEST GUST SPEED    28   HIGHEST GUST DIRECTION     W (260)
  AVERAGE WIND SPEED    10.9


SKY COVER
  POSSIBLE SUNSHINE  MM
  AVERAGE SKY COVER 0.5


WEATHER CONDITIONS
 THE FOLLOWING WEATHER WAS RECORDED YESTERDAY.
  THUNDERSTORM
  FOG


RELATIVE HUMIDITY (PERCENT)
 HIGHEST   100          1200 AM
 LOWEST     44           400 PM
 AVERAGE    72

..........................................................


THE JAMESTOWN ND CLIMATE NORMALS FOR TODAY
                         NORMAL    RECORD    YEAR
 MAXIMUM TEMPERATURE (F)   71       102      1934
 MINIMUM TEMPERATURE (F)   47        23      1907


SUNRISE AND SUNSET
MAY 27 2016...........SUNRISE   547 AM CDT   SUNSET   917 PM CDT
MAY 28 2016...........SUNRISE   546 AM CDT   SUNSET   918 PM CDT


-  INDICATES NEGATIVE NUMBERS.
R  INDICATES RECORD WAS SET OR TIED.
MM INDICATES DATA IS MISSING.
T  INDICATES TRACE AMOUNT.




$$
