000
CDUS43 KBIS 050158
CLIJMS


CLIMATE REPORT
NATIONAL WEATHER SERVICE BISMARCK ND
858 PM CDT SAT JUL 4 2015


...................................

...THE JAMESTOWN ND CLIMATE SUMMARY FOR JULY 4 2015...
VALID TODAY AS OF 0800 PM LOCAL TIME.

CLIMATE NORMAL PERIOD 1981 TO 2010
CLIMATE RECORD PERIOD 1891 TO 2015


WEATHER ITEM   OBSERVED TIME   RECORD YEAR NORMAL DEPARTURE LAST
                VALUE   (LST)  VALUE       VALUE  FROM      YEAR
                                                  NORMAL
..................................................................
TEMPERATURE (F)
 TODAY
  MAXIMUM         87    442 PM 101    1989  81      6       82
  MINIMUM         64    301 AM  40    1917  57      7       60
  AVERAGE         76                        69      7       71

PRECIPITATION (IN)
  TODAY            0.00          1.97 1994   0.12  -0.12     0.03
  MONTH TO DATE    0.10                      0.49  -0.39     0.18
  SINCE JUN 1      5.76                      3.68   2.08     6.54
  SINCE JAN 1     15.92                      9.23   6.69    14.98

DEGREE DAYS
 HEATING
  TODAY            0                         1     -1        0
  MONTH TO DATE    0                         4     -4       16
  SINCE JUN 1     42                       101    -59       75
  SINCE JUL 1      0                         4     -4       16

 COOLING
  TODAY           11                         5      6        6
  MONTH TO DATE   28                        20      8        6
  SINCE JUN 1    130                       100     30       62
  SINCE JAN 1    138                       120     18      116
..................................................................


WIND (MPH)
  RESULTANT WIND SPEED  10   RESULTANT WIND DIRECTION   S (180)
  HIGHEST WIND SPEED    16   HIGHEST WIND DIRECTION     S (190)
  HIGHEST GUST SPEED    MM   HIGHEST GUST DIRECTION    MM
  AVERAGE WIND SPEED     9.7


SKY COVER
  POSSIBLE SUNSHINE  MM
  AVERAGE SKY COVER 0.4


WEATHER CONDITIONS
 THE FOLLOWING WEATHER WAS RECORDED TODAY.
  THUNDERSTORM
  LIGHT RAIN
  FOG
  HAZE


RELATIVE HUMIDITY (PERCENT)
 HIGHEST    93           300 AM
 LOWEST     48           300 PM
 AVERAGE    71

..........................................................


THE JAMESTOWN ND CLIMATE NORMALS FOR TOMORROW
                         NORMAL    RECORD    YEAR
 MAXIMUM TEMPERATURE (F)   81       108      1989
 MINIMUM TEMPERATURE (F)   57        40      1915


SUNRISE AND SUNSET
JULY  4 2015..........SUNRISE   546 AM CDT   SUNSET   932 PM CDT
JULY  5 2015..........SUNRISE   546 AM CDT   SUNSET   932 PM CDT


-  INDICATES NEGATIVE NUMBERS.
R  INDICATES RECORD WAS SET OR TIED.
MM INDICATES DATA IS MISSING.
T  INDICATES TRACE AMOUNT.




$$
