000
CDUS43 KBIS 050019
CLIJMS


CLIMATE REPORT
NATIONAL WEATHER SERVICE BISMARCK ND
619 PM CST SUN DEC 4 2016


...................................

...THE JAMESTOWN ND CLIMATE SUMMARY FOR DECEMBER 4 2016...
VALID TODAY AS OF 0600 PM LOCAL TIME.

CLIMATE NORMAL PERIOD 1981 TO 2010
CLIMATE RECORD PERIOD 1891 TO 2016


WEATHER ITEM   OBSERVED TIME   RECORD YEAR NORMAL DEPARTURE LAST
                VALUE   (LST)  VALUE       VALUE  FROM      YEAR
                                                  NORMAL
..................................................................
TEMPERATURE (F)
 TODAY
  MAXIMUM         35    336 PM  59    1965  27      8       39
  MINIMUM         28    559 PM -20    1964   9     19       17
  AVERAGE         32                        18     14       28

PRECIPITATION (IN)
  TODAY            T             0.20 1930   0.02  -0.02     0.00
  MONTH TO DATE    T                         0.06  -0.06     0.01
  SINCE DEC 1      T                         0.06  -0.06     0.01
  SINCE JAN 1     24.86                     18.43   6.43    22.25

DEGREE DAYS
 HEATING
  TODAY           33                        47    -14       37
  MONTH TO DATE  146                       186    -40      157
  SINCE DEC 1    146                       186    -40      157
  SINCE JUL 1   1707                      2270   -563     1805

 COOLING
  TODAY            0                         0      0        0
  MONTH TO DATE    0                         0      0        0
  SINCE DEC 1      0                         0      0        0
  SINCE JAN 1    419                       446    -27      508
..................................................................


WIND (MPH)
  RESULTANT WIND SPEED   8   RESULTANT WIND DIRECTION   W (270)
  HIGHEST WIND SPEED    21   HIGHEST WIND DIRECTION    NW (300)
  HIGHEST GUST SPEED    25   HIGHEST GUST DIRECTION     W (290)
  AVERAGE WIND SPEED    10.7


SKY COVER
  POSSIBLE SUNSHINE  MM
  AVERAGE SKY COVER 0.8


WEATHER CONDITIONS
 THE FOLLOWING WEATHER WAS RECORDED TODAY.
  LIGHT SNOW
  FOG


RELATIVE HUMIDITY (PERCENT)
 HIGHEST   100           300 AM
 LOWEST     75           300 PM
 AVERAGE    88

..........................................................


THE JAMESTOWN ND CLIMATE NORMALS FOR TOMORROW
                         NORMAL    RECORD    YEAR
 MAXIMUM TEMPERATURE (F)   26        61      1939
 MINIMUM TEMPERATURE (F)    9       -23      1950


SUNRISE AND SUNSET
DECEMBER  4 2016......SUNRISE   803 AM CST   SUNSET   447 PM CST
DECEMBER  5 2016......SUNRISE   805 AM CST   SUNSET   446 PM CST


-  INDICATES NEGATIVE NUMBERS.
R  INDICATES RECORD WAS SET OR TIED.
MM INDICATES DATA IS MISSING.
T  INDICATES TRACE AMOUNT.




$$
