000
CDUS43 KBIS 040746
CLIJMS


CLIMATE REPORT
NATIONAL WEATHER SERVICE BISMARCK ND
246 AM CDT WED MAY 4 2016


...................................

...THE JAMESTOWN ND CLIMATE SUMMARY FOR MAY 3 2016...

CLIMATE NORMAL PERIOD 1981 TO 2010
CLIMATE RECORD PERIOD 1891 TO 2016


WEATHER ITEM   OBSERVED TIME   RECORD YEAR NORMAL DEPARTURE LAST
                VALUE   (LST)  VALUE       VALUE  FROM      YEAR
                                                  NORMAL
..................................................................
TEMPERATURE (F)
 YESTERDAY
  MAXIMUM         71   1228 PM  92    1985  64      7       68
  MINIMUM         38    245 AM  14    1907  37      1       40
  AVERAGE         55                        51      4       54

PRECIPITATION (IN)
  YESTERDAY        0.00          1.42 1915   0.07  -0.07      T
  MONTH TO DATE    0.03                      0.21  -0.18      T
  SINCE MAR 1      2.96                      2.25   0.71     0.99
  SINCE JAN 1      3.07                      3.10  -0.03     1.41

DEGREE DAYS
 HEATING
  YESTERDAY       10                        15     -5       11
  MONTH TO DATE   43                        45     -2       20
  SINCE MAR 1   1588                      1880   -292     1607
  SINCE JUL 1   7330                      8639  -1309     8344

 COOLING
  YESTERDAY        0                         0      0        0
  MONTH TO DATE    0                         0      0        0
  SINCE MAR 1      0                         2     -2        0
  SINCE JAN 1      0                         2     -2        0
..................................................................


WIND (MPH)
  HIGHEST WIND SPEED    30   HIGHEST WIND DIRECTION     N (350)
  HIGHEST GUST SPEED    40   HIGHEST GUST DIRECTION     N (360)
  AVERAGE WIND SPEED    14.8


SKY COVER
  POSSIBLE SUNSHINE  MM
  AVERAGE SKY COVER 0.0


WEATHER CONDITIONS
 THE FOLLOWING WEATHER WAS RECORDED YESTERDAY.
  NO SIGNIFICANT WEATHER WAS OBSERVED.


RELATIVE HUMIDITY (PERCENT)
 HIGHEST    92           200 AM
 LOWEST     17           500 PM
 AVERAGE    55

..........................................................


THE JAMESTOWN ND CLIMATE NORMALS FOR TODAY
                         NORMAL    RECORD    YEAR
 MAXIMUM TEMPERATURE (F)   64        94      1926
 MINIMUM TEMPERATURE (F)   38        22      1907


SUNRISE AND SUNSET
MAY  4 2016...........SUNRISE   614 AM CDT   SUNSET   850 PM CDT
MAY  5 2016...........SUNRISE   612 AM CDT   SUNSET   851 PM CDT


-  INDICATES NEGATIVE NUMBERS.
R  INDICATES RECORD WAS SET OR TIED.
MM INDICATES DATA IS MISSING.
T  INDICATES TRACE AMOUNT.




$$
