000
CDAK47 PAJK 231232
CLIJNU
AKZ025-240000-
CLIMATE REPORT
NATIONAL WEATHER SERVICE JUNEAU, AK

345 AM AKDT WED JUL 23 2014


...................................

...THE JUNEAU CLIMATE SUMMARY FOR JULY 22 2014...

CLIMATE NORMAL PERIOD 1981 TO 2010
CLIMATE RECORD PERIOD 1943 TO 2014


WEATHER ITEM   OBSERVED TIME   RECORD YEAR NORMAL DEPARTURE LAST

                VALUE   (LST)  VALUE       VALUE  FROM      YEAR

                                                  NORMAL

..................................................................
TEMPERATURE (F)

 YESTERDAY

  MAXIMUM         67   1144 AM  81    1990  64      3       66

  MINIMUM         52    456 AM  41    1963  51      1       52

  AVERAGE         60                        57      3       59



PRECIPITATION (IN)

  YESTERDAY        0.00          2.39 2001   0.17  -0.17     0.01

  MONTH TO DATE    6.29                      3.15   3.14     3.91

  SINCE JUN 1     13.68                      6.39   7.29     7.10

  SINCE JAN 1     33.60                     25.99   7.61    35.47



DEGREE DAYS

 HEATING

  YESTERDAY        5                         8     -3        6

  MONTH TO DATE  156                       185    -29      185

  SINCE JUN 1    506                       500      6      399

  SINCE JUL 1    156                       185    -29      185



 COOLING

  YESTERDAY        0                         0      0        0

  MONTH TO DATE    0                         0      0        0

  SINCE JUN 1      0                         1     -1        7

  SINCE JAN 1      0                         1     -1        7

..................................................................


WIND (MPH)

  HIGHEST WIND SPEED    24   HIGHEST WIND DIRECTION     E (110)

  HIGHEST GUST SPEED    30   HIGHEST GUST DIRECTION     E (110)

  AVERAGE WIND SPEED    10.4




SKY COVER

  POSSIBLE SUNSHINE  MM

  AVERAGE SKY COVER 0.8




WEATHER CONDITIONS

 THE FOLLOWING WEATHER WAS RECORDED YESTERDAY.

  NO SIGNIFICANT WEATHER WAS OBSERVED.




RELATIVE HUMIDITY (PERCENT)

 HIGHEST    89           200 AM

 LOWEST     63          1000 AM

 AVERAGE    76


..........................................................



THE JUNEAU CLIMATE NORMALS FOR TODAY
                         NORMAL    RECORD    YEAR

 MAXIMUM TEMPERATURE (F)   64        80      1966

 MINIMUM TEMPERATURE (F)   51        40      1949




SUNRISE AND SUNSET

JULY 23 2014..........SUNRISE   431 AM AKDT  SUNSET   937 PM AKDT
JULY 24 2014..........SUNRISE   433 AM AKDT  SUNSET   935 PM AKDT



-  INDICATES NEGATIVE NUMBERS.

R  INDICATES RECORD WAS SET OR TIED.

MM INDICATES DATA IS MISSING.

T  INDICATES TRACE AMOUNT.





$$


&&
----------------------------
AMOUNT OF DAYLIGHT TODAY  (HOUR:MIN)........17:06
GAIN/LOSS SINCE YESTERDAY (HOUR:MIN:SEC)....-0:03:52
