000
CDAK47 PAJK 131206
CLIJNU
AKZ025-140000-
CLIMATE REPORT
NATIONAL WEATHER SERVICE JUNEAU, AK
404 AM AKDT SUN JUL 13 2014


...................................

...THE JUNEAU CLIMATE SUMMARY FOR JULY 12 2014...

CLIMATE NORMAL PERIOD 1981 TO 2010
CLIMATE RECORD PERIOD 1943 TO 2014


WEATHER ITEM   OBSERVED TIME   RECORD YEAR NORMAL DEPARTURE LAST
                VALUE   (LST)  VALUE       VALUE  FROM      YEAR
                                                  NORMAL
..................................................................
TEMPERATURE (F)
 YESTERDAY
  MAXIMUM         63    523 PM  83    1989  64     -1       57
  MINIMUM         54    141 AM  38    2012  50      4       53
  AVERAGE         59                        57      2       55

PRECIPITATION (IN)
  YESTERDAY        0.55          1.16 1945   0.15   0.40      T
  MONTH TO DATE    4.46                      1.60   2.86     3.03
  SINCE JUN 1     11.85                      4.84   7.01     6.22
  SINCE JAN 1     31.77                     24.44   7.33    34.59

DEGREE DAYS
 HEATING
  YESTERDAY        6                         8     -2       10
  MONTH TO DATE   93                       105    -12      118
  SINCE JUN 1    443                       420     23      332
  SINCE JUL 1     93                       105    -12      118

 COOLING
  YESTERDAY        0                         0      0        0
  MONTH TO DATE    0                         0      0        0
  SINCE JUN 1      0                         1     -1        7
  SINCE JAN 1      0                         1     -1        7
..................................................................


WIND (MPH)
  HIGHEST WIND SPEED    22   HIGHEST WIND DIRECTION    SE (130)
  HIGHEST GUST SPEED    32   HIGHEST GUST DIRECTION    SE (140)
  AVERAGE WIND SPEED    12.9


SKY COVER
  POSSIBLE SUNSHINE  MM
  AVERAGE SKY COVER 1.0


WEATHER CONDITIONS
 THE FOLLOWING WEATHER WAS RECORDED YESTERDAY.
  RAIN
  LIGHT RAIN
  FOG


RELATIVE HUMIDITY (PERCENT)
 HIGHEST   100          1200 AM
 LOWEST     90           100 PM
 AVERAGE    95

..........................................................


THE JUNEAU CLIMATE NORMALS FOR TODAY
                         NORMAL    RECORD    YEAR
 MAXIMUM TEMPERATURE (F)   64        83      1956
 MINIMUM TEMPERATURE (F)   50        38      1957


SUNRISE AND SUNSET
JULY 13 2014..........SUNRISE   413 AM AKDT  SUNSET   954 PM AKDT
JULY 14 2014..........SUNRISE   415 AM AKDT  SUNSET   953 PM AKDT


-  INDICATES NEGATIVE NUMBERS.
R  INDICATES RECORD WAS SET OR TIED.
MM INDICATES DATA IS MISSING.
T  INDICATES TRACE AMOUNT.




$$


&&
----------------------------
AMOUNT OF DAYLIGHT TODAY  (HOUR:MIN)........17:41
GAIN/LOSS SINCE YESTERDAY (HOUR:MIN:SEC)....-0:03:01
