000
CDAK47 PAJK 261126
CLIJNU
AKZ025-262300-
CLIMATE REPORT
NATIONAL WEATHER SERVICE JUNEAU, AK
325 AM AKDT TUE MAY 26 2015


...................................

...THE JUNEAU CLIMATE SUMMARY FOR MAY 25 2015...

CLIMATE NORMAL PERIOD 1981 TO 2010
CLIMATE RECORD PERIOD 1943 TO 2015


WEATHER ITEM   OBSERVED TIME   RECORD YEAR NORMAL DEPARTURE LAST
                VALUE   (LST)  VALUE       VALUE  FROM      YEAR
                                                  NORMAL
..................................................................
TEMPERATURE (F)
 YESTERDAY
  MAXIMUM         68    409 PM  77    1947  59      9       66
  MINIMUM         46    541 AM  29    1966  43      3       37
  AVERAGE         57                        51      6       52

PRECIPITATION (IN)
  YESTERDAY        0.00          1.86 1992   0.12  -0.12     0.00
  MONTH TO DATE    0.47                      2.74  -2.27     1.20
  SINCE MAR 1     12.17                      9.46   2.71     7.32
  SINCE JAN 1     27.77                     18.94   8.83    19.45

DEGREE DAYS
 HEATING
  YESTERDAY        8                        14     -6       13
  MONTH TO DATE  289                       429   -140      306
  SINCE MAR 1   1833                      2120   -287     2049
  SINCE JUL 1   7054                      7957   -903     7690

 COOLING
  YESTERDAY        0                         0      0        0
  MONTH TO DATE    0                         0      0        0
  SINCE MAR 1      0                         0      0        0
  SINCE JAN 1      0                         0      0        0
..................................................................


WIND (MPH)
  HIGHEST WIND SPEED    16   HIGHEST WIND DIRECTION     W (270)
  HIGHEST GUST SPEED    20   HIGHEST GUST DIRECTION    SW (240)
  AVERAGE WIND SPEED     6.6


SKY COVER
  POSSIBLE SUNSHINE  MM
  AVERAGE SKY COVER 0.7


WEATHER CONDITIONS
 THE FOLLOWING WEATHER WAS RECORDED YESTERDAY.
  NO SIGNIFICANT WEATHER WAS OBSERVED.


RELATIVE HUMIDITY (PERCENT)
 HIGHEST    86           400 AM
 LOWEST     45           200 PM
 AVERAGE    66

..........................................................


THE JUNEAU CLIMATE NORMALS FOR TODAY
                         NORMAL    RECORD    YEAR
 MAXIMUM TEMPERATURE (F)   59        78      1947
 MINIMUM TEMPERATURE (F)   43        31      2000


SUNRISE AND SUNSET
MAY 26 2015...........SUNRISE   411 AM AKDT  SUNSET   941 PM AKDT
MAY 27 2015...........SUNRISE   410 AM AKDT  SUNSET   943 PM AKDT


-  INDICATES NEGATIVE NUMBERS.
R  INDICATES RECORD WAS SET OR TIED.
MM INDICATES DATA IS MISSING.
T  INDICATES TRACE AMOUNT.




$$


&&
----------------------------
AMOUNT OF DAYLIGHT TODAY  (HOUR:MIN)........17:30
GAIN/LOSS SINCE YESTERDAY (HOUR:MIN:SEC)....+0:03:28
