000
CDAK47 PAJK 011127
CLIJNU
AKZ025-012300-
CLIMATE REPORT
NATIONAL WEATHER SERVICE JUNEAU, AK
325 AM AKDT WED OCT 1 2014


...................................

...THE JUNEAU CLIMATE SUMMARY FOR SEPTEMBER 30 2014...

CLIMATE NORMAL PERIOD 1981 TO 2010
CLIMATE RECORD PERIOD 1943 TO 2014


WEATHER ITEM   OBSERVED TIME   RECORD YEAR NORMAL DEPARTURE LAST
                VALUE   (LST)  VALUE       VALUE  FROM      YEAR
                                                  NORMAL
..................................................................
TEMPERATURE (F)
 YESTERDAY
  MAXIMUM         51   1152 AM  62    2008  52     -1       60
  MINIMUM         38   1154 PM  28    1996  42     -4       37
  AVERAGE         45                        47     -2       49

PRECIPITATION (IN)
  YESTERDAY        0.72          0.94 1981   0.31   0.41     0.01
  MONTH TO DATE    9.31                      8.64   0.67     7.53
  SINCE SEP 1      9.31                      8.64   0.67     7.53
  SINCE JAN 1     53.41                     41.81  11.60    48.44

DEGREE DAYS
 HEATING
  YESTERDAY       20                        18      2       16
  MONTH TO DATE  391                       448    -57      387
  SINCE SEP 1    391                       449    -58      387
  SINCE JUL 1    867                       984   -117      822

 COOLING
  YESTERDAY        0                         0      0        0
  MONTH TO DATE    0                         0      0        0
  SINCE SEP 1      0                         0      0        0
  SINCE JAN 1      0                         2     -2        9
..................................................................


WIND (MPH)
  HIGHEST WIND SPEED    21   HIGHEST WIND DIRECTION     E (110)
  HIGHEST GUST SPEED    25   HIGHEST GUST DIRECTION    SE (130)
  AVERAGE WIND SPEED     5.5


SKY COVER
  POSSIBLE SUNSHINE  MM
  AVERAGE SKY COVER 0.9


WEATHER CONDITIONS
 THE FOLLOWING WEATHER WAS RECORDED YESTERDAY.
  HEAVY RAIN
  RAIN
  LIGHT RAIN
  HAIL
  FOG


RELATIVE HUMIDITY (PERCENT)
 HIGHEST   100           900 PM
 LOWEST     74          1200 PM
 AVERAGE    87

..........................................................


THE JUNEAU CLIMATE NORMALS FOR TODAY
                         NORMAL    RECORD    YEAR
 MAXIMUM TEMPERATURE (F)   52        61      1987
 MINIMUM TEMPERATURE (F)   42        25      2000


SUNRISE AND SUNSET
OCTOBER  1 2014.......SUNRISE   703 AM AKDT  SUNSET   632 PM AKDT
OCTOBER  2 2014.......SUNRISE   705 AM AKDT  SUNSET   629 PM AKDT


-  INDICATES NEGATIVE NUMBERS.
R  INDICATES RECORD WAS SET OR TIED.
MM INDICATES DATA IS MISSING.
T  INDICATES TRACE AMOUNT.




$$


&&
----------------------------
AMOUNT OF DAYLIGHT TODAY  (HOUR:MIN)........11:28
GAIN/LOSS SINCE YESTERDAY (HOUR:MIN:SEC)....-0:05:03
