000
CDAK47 PAJK 221128
CLIJNU
AKZ025-222300-
CLIMATE REPORT
NATIONAL WEATHER SERVICE JUNEAU, AK
325 AM AKDT WED OCT 22 2014


...................................

...THE JUNEAU CLIMATE SUMMARY FOR OCTOBER 21 2014...

CLIMATE NORMAL PERIOD 1981 TO 2010
CLIMATE RECORD PERIOD 1943 TO 2014


WEATHER ITEM   OBSERVED TIME   RECORD YEAR NORMAL DEPARTURE LAST
                VALUE   (LST)  VALUE       VALUE  FROM      YEAR
                                                  NORMAL
..................................................................
TEMPERATURE (F)
 YESTERDAY
  MAXIMUM         53   1238 PM  54    1957  45      8       49
  MINIMUM         36    510 AM  26    1991  36      0       33
  AVERAGE         45                        41      4       41

PRECIPITATION (IN)
  YESTERDAY        0.02          1.95 2002   0.27  -0.25      T
  MONTH TO DATE    6.25                      6.16   0.09     7.39
  SINCE SEP 1     15.56                     14.80   0.76    14.92
  SINCE JAN 1     59.66                     47.97  11.69    55.83

SNOWFALL (IN)
  YESTERDAY       MM             0.6  1958   0.0   MM        0.0
  MONTH TO DATE    0.0                       0.2   -0.2       T
  SINCE SEP 1      T                         0.2   -0.2       T
  SINCE JUL 1      T                         0.2   -0.2       T
  SNOW DEPTH       0

DEGREE DAYS
 HEATING
  YESTERDAY       20                        24     -4       24
  MONTH TO DATE  408                       438    -30      410
  SINCE SEP 1    799                       887    -88      797
  SINCE JUL 1   1275                      1422   -147     1232

 COOLING
  YESTERDAY        0                         0      0        0
  MONTH TO DATE    0                         0      0        0
  SINCE SEP 1      0                         0      0        0
  SINCE JAN 1      0                         2     -2        9
..................................................................


WIND (MPH)
  HIGHEST WIND SPEED    18   HIGHEST WIND DIRECTION    SE (130)
  HIGHEST GUST SPEED    21   HIGHEST GUST DIRECTION    SE (120)
  AVERAGE WIND SPEED     3.8


SKY COVER
  POSSIBLE SUNSHINE  MM
  AVERAGE SKY COVER 0.9


WEATHER CONDITIONS
 THE FOLLOWING WEATHER WAS RECORDED YESTERDAY.
  LIGHT RAIN
  FOG


RELATIVE HUMIDITY (PERCENT)
 HIGHEST   100           300 AM
 LOWEST     63           100 PM
 AVERAGE    82

..........................................................


THE JUNEAU CLIMATE NORMALS FOR TODAY
                         NORMAL    RECORD    YEAR
 MAXIMUM TEMPERATURE (F)   45        56      1965
 MINIMUM TEMPERATURE (F)   36        22      1951


SUNRISE AND SUNSET
OCTOBER 22 2014.......SUNRISE   751 AM AKDT  SUNSET   534 PM AKDT
OCTOBER 23 2014.......SUNRISE   753 AM AKDT  SUNSET   531 PM AKDT


-  INDICATES NEGATIVE NUMBERS.
R  INDICATES RECORD WAS SET OR TIED.
MM INDICATES DATA IS MISSING.
T  INDICATES TRACE AMOUNT.




$$


&&
----------------------------
AMOUNT OF DAYLIGHT TODAY  (HOUR:MIN)........ 9:43
GAIN/LOSS SINCE YESTERDAY (HOUR:MIN:SEC)....-0:04:57
