000
CDAK47 PAJK 041130
CLIJNU
AKZ025-042300-
NATIONAL WEATHER SERVICE JUNEAU, AK
328 AM AKDT FRI SEP 4 2015

...................................

...THE JUNEAU CLIMATE SUMMARY FOR SEPTEMBER 3 2015...

CLIMATE NORMAL PERIOD 1981 TO 2010
CLIMATE RECORD PERIOD 1936 TO 2015


WEATHER ITEM   OBSERVED TIME   RECORD YEAR NORMAL DEPARTURE LAST
                VALUE   (LST)  VALUE       VALUE  FROM      YEAR
                                                  NORMAL
..................................................................
TEMPERATURE (F)
 YESTERDAY
  MAXIMUM         67   1231 PM  73    1996  59      8       54
  MINIMUM         36    547 AM  35    1942  46    -10       51
  AVERAGE         52                        53     -1       53

PRECIPITATION (IN)
  YESTERDAY        0.00          1.28 1989   0.25  -0.25     0.23
  MONTH TO DATE    0.00                      0.74  -0.74     1.05
  SINCE SEP 1      0.00                      0.74  -0.74     1.05
  SINCE JAN 1     51.80                     33.91  17.89    45.24

DEGREE DAYS
 HEATING
  YESTERDAY       13                        12      1       12
  MONTH TO DATE   43                        36      7       40
  SINCE SEP 1     43                        36      7       40
  SINCE JUL 1    522                       571    -49      516

 COOLING
  YESTERDAY        0                         0      0        0
  MONTH TO DATE    0                         0      0        0
  SINCE SEP 1      0                         0      0        0
  SINCE JAN 1      8                         2      6        0
..................................................................

WIND (MPH)
  HIGHEST WIND SPEED    14   HIGHEST WIND DIRECTION    SW (240)
  HIGHEST GUST SPEED    15   HIGHEST GUST DIRECTION    SW (240)
  AVERAGE WIND SPEED     3.5


SKY COVER
  AVERAGE SKY COVER 0.3


WEATHER CONDITIONS
 THE FOLLOWING WEATHER WAS RECORDED YESTERDAY.
  NO SIGNIFICANT WEATHER WAS OBSERVED.


RELATIVE HUMIDITY (PERCENT)
 HIGHEST    92           100 AM
 LOWEST     40          1200 PM
 AVERAGE    66

..........................................................


THE JUNEAU CLIMATE NORMALS FOR TODAY
                         NORMAL    RECORD    YEAR
 MAXIMUM TEMPERATURE (F)   59        72      1942
 MINIMUM TEMPERATURE (F)   46        34      1941


SUNRISE AND SUNSET
SEPTEMBER  4 2015.....SUNRISE   604 AM AKDT  SUNSET   750 PM AKDT
SEPTEMBER  5 2015.....SUNRISE   606 AM AKDT  SUNSET   747 PM AKDT


-  INDICATES NEGATIVE NUMBERS.
R  INDICATES RECORD WAS SET OR TIED.
MM INDICATES DATA IS MISSING.
T  INDICATES TRACE AMOUNT.


$$

&&
----------------------------
AMOUNT OF DAYLIGHT TODAY  (HOUR:MIN)........13:46
GAIN/LOSS SINCE YESTERDAY (HOUR:MIN:SEC)....-0:05:00
