000
CDUS41 KCTP 250611
CLIJST


CLIMATE REPORT
NATIONAL WEATHER SERVICE STATE COLLEGE PA
211 AM EDT THU AUG 25 2016


...................................

...THE JOHNSTOWN CLIMATE SUMMARY FOR AUGUST 24 2016...

CLIMATE NORMAL PERIOD 1981 TO 2010
CLIMATE RECORD PERIOD 1892 TO 2016


WEATHER ITEM   OBSERVED TIME   RECORD YEAR NORMAL DEPARTURE LAST
                VALUE   (LST)  VALUE       VALUE  FROM      YEAR
                                                  NORMAL
..................................................................
TEMPERATURE (F)
 YESTERDAY
  MAXIMUM         81    331 PM  96    1968  75      6       77
  MINIMUM         61    555 AM  40    1952  59      2       60
  AVERAGE         71                        67      4       69

PRECIPITATION (IN)
  YESTERDAY        0.00          2.30 1936   0.11  -0.11     0.00
  MONTH TO DATE    3.26                      3.02   0.24     2.70
  SINCE JUN 1     12.46                      6.87   5.59    19.25
  SINCE JAN 1     23.26                     23.51  -0.25    33.65

DEGREE DAYS
 HEATING
  YESTERDAY        0                         1     -1        0
  MONTH TO DATE    0                        20    -20        8
  SINCE JUN 1     54                       107    -53       76
  SINCE JUL 1     11                        33    -22       15

 COOLING
  YESTERDAY        6                         3      3        4
  MONTH TO DATE  184                        99     85      101
  SINCE JUN 1    510                       324    186      347
  SINCE JAN 1    548                       342    206      431
..................................................................


WIND (MPH)
  HIGHEST WIND SPEED    15   HIGHEST WIND DIRECTION    SW (240)
  HIGHEST GUST SPEED    22   HIGHEST GUST DIRECTION    SW (230)
  AVERAGE WIND SPEED     7.4


SKY COVER
  POSSIBLE SUNSHINE  MM
  AVERAGE SKY COVER 0.0


WEATHER CONDITIONS
 THE FOLLOWING WEATHER WAS RECORDED YESTERDAY.
  NO SIGNIFICANT WEATHER WAS OBSERVED.


RELATIVE HUMIDITY (PERCENT)
 HIGHEST    97           600 AM
 LOWEST     45           400 PM
 AVERAGE    71

..........................................................


THE JOHNSTOWN CLIMATE NORMALS FOR TODAY
                         NORMAL    RECORD    YEAR
 MAXIMUM TEMPERATURE (F)   75        94      1900
 MINIMUM TEMPERATURE (F)   59        40      1944


SUNRISE AND SUNSET
AUGUST 25 2016........SUNRISE   636 AM EDT   SUNSET   757 PM EDT
AUGUST 26 2016........SUNRISE   637 AM EDT   SUNSET   756 PM EDT


-  INDICATES NEGATIVE NUMBERS.
R  INDICATES RECORD WAS SET OR TIED.
MM INDICATES DATA IS MISSING.
T  INDICATES TRACE AMOUNT.




$$
