000
CDUS41 KCTP 190706
CLIJST


CLIMATE REPORT
NATIONAL WEATHER SERVICE STATE COLLEGE PA
205 AM EST FRI DEC 19 2014


...................................

...THE JOHNSTOWN CLIMATE SUMMARY FOR DECEMBER 18 2014...

CLIMATE NORMAL PERIOD 1981 TO 2010
CLIMATE RECORD PERIOD 2000 TO 2014


WEATHER ITEM   OBSERVED TIME   RECORD YEAR NORMAL DEPARTURE LAST
                VALUE   (LST)  VALUE       VALUE  FROM      YEAR
                                                  NORMAL
..................................................................
TEMPERATURE (F)
 YESTERDAY
  MAXIMUM         25    116 AM  64    1924  35    -10       24
  MINIMUM         23   1159 PM  -4    1914  21      2       20
  AVERAGE         24                        28     -4       22

PRECIPITATION (IN)
  YESTERDAY        T             1.32 1990   0.07  -0.07     0.02
  MONTH TO DATE    2.02                      1.47   0.55     1.52
  SINCE DEC 1      2.02                      1.47   0.55     1.52
  SINCE JAN 1     33.64                     32.52   1.12    35.51

DEGREE DAYS
 HEATING
  YESTERDAY       41                        37      4       43
  MONTH TO DATE  583                       629    -46      657
  SINCE DEC 1    583                       629    -46      657
  SINCE JUL 1   2094                      2086      8     2288

 COOLING
  YESTERDAY        0                         0      0        0
  MONTH TO DATE    0                         0      0        0
  SINCE DEC 1      0                         0      0        0
  SINCE JAN 1    341                       382    -41      393
..................................................................


WIND (MPH)
  HIGHEST WIND SPEED    28   HIGHEST WIND DIRECTION     W (290)
  HIGHEST GUST SPEED    37   HIGHEST GUST DIRECTION     W (290)
  AVERAGE WIND SPEED    13.2


SKY COVER
  POSSIBLE SUNSHINE  MM
  AVERAGE SKY COVER 1.0


WEATHER CONDITIONS
 THE FOLLOWING WEATHER WAS RECORDED YESTERDAY.
  LIGHT SNOW
  FOG
  HAZE


RELATIVE HUMIDITY (PERCENT)
 HIGHEST    88           800 PM
 LOWEST     68           100 AM
 AVERAGE    78

..........................................................


THE JOHNSTOWN CLIMATE NORMALS FOR TODAY
                         NORMAL    RECORD    YEAR
 MAXIMUM TEMPERATURE (F)   34        66      1939
 MINIMUM TEMPERATURE (F)   21        -2      1906


SUNRISE AND SUNSET
DECEMBER 19 2014......SUNRISE   733 AM EST   SUNSET   451 PM EST
DECEMBER 20 2014......SUNRISE   734 AM EST   SUNSET   452 PM EST


-  INDICATES NEGATIVE NUMBERS.
R  INDICATES RECORD WAS SET OR TIED.
MM INDICATES DATA IS MISSING.
T  INDICATES TRACE AMOUNT.




$$
