000
CDUS41 KCTP 230637
CLIJST


CLIMATE REPORT
NATIONAL WEATHER SERVICE STATE COLLEGE PA
137 AM EST SUN NOV 23 2014


...................................

...THE JOHNSTOWN CLIMATE SUMMARY FOR NOVEMBER 22 2014...

CLIMATE NORMAL PERIOD 1981 TO 2010
CLIMATE RECORD PERIOD 2000 TO 2014


WEATHER ITEM   OBSERVED TIME   RECORD YEAR NORMAL DEPARTURE LAST
                VALUE   (LST)  VALUE       VALUE  FROM      YEAR
                                                  NORMAL
..................................................................
TEMPERATURE (F)
 YESTERDAY
  MAXIMUM         48   1159 PM  73    1909  43      5       49
  MINIMUM         17    117 AM  12    2000  31    -14       33
  AVERAGE         33                        37     -4       41

PRECIPITATION (IN)
  YESTERDAY        T             2.70 1952   0.13  -0.13     0.08
  MONTH TO DATE    1.06                      2.65  -1.59     1.25
  SINCE SEP 1      5.17                      5.71  -0.54     7.95
  SINCE JAN 1     31.07                     30.00   1.07    32.90

DEGREE DAYS
 HEATING
  YESTERDAY       32                        28      4       24
  MONTH TO DATE  652                       522    130      577
  SINCE SEP 1   1207                      1177     30     1215
  SINCE JUL 1   1290                      1215     75     1286

 COOLING
  YESTERDAY        0                         0      0        0
  MONTH TO DATE    0                         0      0        0
  SINCE SEP 1     46                        22     24       47
  SINCE JAN 1    341                       382    -41      393
..................................................................


WIND (MPH)
  HIGHEST WIND SPEED    16   HIGHEST WIND DIRECTION    SW (210)
  HIGHEST GUST SPEED    23   HIGHEST GUST DIRECTION     S (200)
  AVERAGE WIND SPEED    10.5


SKY COVER
  POSSIBLE SUNSHINE  MM
  AVERAGE SKY COVER 0.6


WEATHER CONDITIONS
 THE FOLLOWING WEATHER WAS RECORDED YESTERDAY.
  LIGHT RAIN


RELATIVE HUMIDITY (PERCENT)
 HIGHEST    61          1200 AM
 LOWEST     21          1000 AM
 AVERAGE    41

..........................................................


THE JOHNSTOWN CLIMATE NORMALS FOR TODAY
                         NORMAL    RECORD    YEAR
 MAXIMUM TEMPERATURE (F)   42        69      1931
 MINIMUM TEMPERATURE (F)   31        11      2000


SUNRISE AND SUNSET
NOVEMBER 23 2014......SUNRISE   710 AM EST   SUNSET   453 PM EST
NOVEMBER 24 2014......SUNRISE   711 AM EST   SUNSET   452 PM EST


-  INDICATES NEGATIVE NUMBERS.
R  INDICATES RECORD WAS SET OR TIED.
MM INDICATES DATA IS MISSING.
T  INDICATES TRACE AMOUNT.




$$
