889
CDUS41 KCTP 270632
CLIJST


CLIMATE REPORT
NATIONAL WEATHER SERVICE STATE COLLEGE PA
232 AM EDT TUE SEP 27 2016


...................................

...THE JOHNSTOWN CLIMATE SUMMARY FOR SEPTEMBER 26 2016...

CLIMATE NORMAL PERIOD 1981 TO 2010
CLIMATE RECORD PERIOD 1892 TO 2016


WEATHER ITEM   OBSERVED TIME   RECORD YEAR NORMAL DEPARTURE LAST
                VALUE   (LST)  VALUE       VALUE  FROM      YEAR
                                                  NORMAL
..................................................................
TEMPERATURE (F)
 YESTERDAY
  MAXIMUM         72    204 PM  89    1900  65      7       69
  MINIMUM         53    423 AM  29    1943  47      6       53
  AVERAGE         63                        56      7       61

PRECIPITATION (IN)
  YESTERDAY        0.12          1.80 1977   0.11   0.01     0.00
  MONTH TO DATE    2.08                      2.95  -0.87     0.75
  SINCE SEP 1      2.08                      2.95  -0.87     0.75
  SINCE JAN 1     26.73                     27.24  -0.51    34.40

DEGREE DAYS
 HEATING
  YESTERDAY        2                         9     -7        4
  MONTH TO DATE   31                       138   -107       68
  SINCE SEP 1     31                       138   -107       68
  SINCE JUL 1     42                       180   -138       98

 COOLING
  YESTERDAY        0                         0      0        0
  MONTH TO DATE   86                        22     64      100
  SINCE SEP 1     86                        22     64      100
  SINCE JAN 1    689                       382    307      555
..................................................................


WIND (MPH)
  HIGHEST WIND SPEED    17   HIGHEST WIND DIRECTION     S (160)
  HIGHEST GUST SPEED    22   HIGHEST GUST DIRECTION     S (160)
  AVERAGE WIND SPEED     8.2


SKY COVER
  POSSIBLE SUNSHINE  MM
  AVERAGE SKY COVER 0.6


WEATHER CONDITIONS
 THE FOLLOWING WEATHER WAS RECORDED YESTERDAY.
  THUNDERSTORM
  RAIN
  LIGHT RAIN
  FOG


RELATIVE HUMIDITY (PERCENT)
 HIGHEST   100           700 AM
 LOWEST     72          1200 AM
 AVERAGE    86

..........................................................


THE JOHNSTOWN CLIMATE NORMALS FOR TODAY
                         NORMAL    RECORD    YEAR
 MAXIMUM TEMPERATURE (F)   64        90      1970
 MINIMUM TEMPERATURE (F)   47        26      1957


SUNRISE AND SUNSET
SEPTEMBER 27 2016.....SUNRISE   708 AM EDT   SUNSET   703 PM EDT
SEPTEMBER 28 2016.....SUNRISE   709 AM EDT   SUNSET   702 PM EDT


-  INDICATES NEGATIVE NUMBERS.
R  INDICATES RECORD WAS SET OR TIED.
MM INDICATES DATA IS MISSING.
T  INDICATES TRACE AMOUNT.




$$
