000
CDUS41 KCTP 222218
CLIJST


CLIMATE REPORT
NATIONAL WEATHER SERVICE STATE COLLEGE PA
517 PM EST THU FEB 22 2018


...................................

...THE JOHNSTOWN CLIMATE SUMMARY FOR FEBRUARY 22 2018...
VALID TODAY AS OF 0500 PM LOCAL TIME.

CLIMATE NORMAL PERIOD 1981 TO 2010
CLIMATE RECORD PERIOD 1892 TO 2018


WEATHER ITEM   OBSERVED TIME   RECORD YEAR NORMAL DEPARTURE LAST
                VALUE   (LST)  VALUE       VALUE  FROM      YEAR
                                                  NORMAL
..................................................................
TEMPERATURE (F)
 TODAY
  MAXIMUM         44    121 AM  68    1922  36      8       63
  MINIMUM         33    955 AM  -4    1963  21     12       47
  AVERAGE         39                        28     11       55

PRECIPITATION (IN)
  TODAY            0.68          1.79 1935   0.09   0.59     0.00
  MONTH TO DATE    5.90                      1.84   4.06     1.90
  SINCE DEC 1      9.46                      7.29   2.17     9.27
  SINCE JAN 1      8.36                      4.72   3.64     5.09

DEGREE DAYS
 HEATING
  TODAY           26                        37    -11       10
  MONTH TO DATE  673                       848   -175      648
  SINCE DEC 1   3104                      3207   -103     2734
  SINCE JUL 1   4317                      4670   -353     3803

 COOLING
  TODAY            0                         0      0        0
  MONTH TO DATE    0                         0      0        0
  SINCE DEC 1      0                         0      0        0
  SINCE JAN 1      0                         0      0        0
..................................................................


WIND (MPH)
  HIGHEST WIND SPEED    16   HIGHEST WIND DIRECTION     E (70)
  HIGHEST GUST SPEED    23   HIGHEST GUST DIRECTION     E (90)
  AVERAGE WIND SPEED     9.6


SKY COVER
  POSSIBLE SUNSHINE  MM
  AVERAGE SKY COVER 1.0


WEATHER CONDITIONS
 THE FOLLOWING WEATHER WAS RECORDED TODAY.
  HEAVY RAIN
  RAIN
  LIGHT RAIN
  FOG


RELATIVE HUMIDITY (PERCENT)
 HIGHEST    92          1200 AM
 LOWEST     79           400 AM
 AVERAGE    86

..........................................................


THE JOHNSTOWN CLIMATE NORMALS FOR TOMORROW
                         NORMAL    RECORD    YEAR
 MAXIMUM TEMPERATURE (F)   36        72      1922
 MINIMUM TEMPERATURE (F)   22        -3      2015


SUNRISE AND SUNSET
FEBRUARY 22 2018......SUNRISE   659 AM EST   SUNSET   559 PM EST
FEBRUARY 23 2018......SUNRISE   658 AM EST   SUNSET   600 PM EST


-  INDICATES NEGATIVE NUMBERS.
R  INDICATES RECORD WAS SET OR TIED.
MM INDICATES DATA IS MISSING.
T  INDICATES TRACE AMOUNT.




$$
