000
CDUS41 KCTP 010633
CLIJST


CLIMATE REPORT
NATIONAL WEATHER SERVICE STATE COLLEGE PA
133 AM EST SUN FEB 1 2015


...................................

...THE JOHNSTOWN CLIMATE SUMMARY FOR JANUARY 31 2015...

CLIMATE NORMAL PERIOD 1981 TO 2010
CLIMATE RECORD PERIOD 2000 TO 2015


WEATHER ITEM   OBSERVED TIME   RECORD YEAR NORMAL DEPARTURE LAST
                VALUE   (LST)  VALUE       VALUE  FROM      YEAR
                                                  NORMAL
..................................................................
TEMPERATURE (F)
 YESTERDAY
  MAXIMUM         23   1159 PM  69    1916  32     -9       34
  MINIMUM          4    809 AM  -8    1897  18    -14       20
  AVERAGE         14                        25    -11       27

PRECIPITATION (IN)
  YESTERDAY        T             0.94 1949   0.09  -0.09     0.00
  MONTH TO DATE    1.92                      2.88  -0.96     0.88
  SINCE DEC 1      4.25                      5.45  -1.20     4.05
  SINCE JAN 1      1.92                      2.88  -0.96     0.88

DEGREE DAYS
 HEATING
  YESTERDAY       51                        40     11       38
  MONTH TO DATE 1313                      1233     80     1425
  SINCE DEC 1   2319                      2359    -40     2488
  SINCE JUL 1   3830                      3817     13     4119

 COOLING
  YESTERDAY        0                         0      0        0
  MONTH TO DATE    0                         0      0        0
  SINCE DEC 1      0                         0      0        0
  SINCE JAN 1      0                         0      0        0
..................................................................


WIND (MPH)
  HIGHEST WIND SPEED    29   HIGHEST WIND DIRECTION     W (290)
  HIGHEST GUST SPEED    37   HIGHEST GUST DIRECTION     W (280)
  AVERAGE WIND SPEED    13.0


SKY COVER
  POSSIBLE SUNSHINE  MM
  AVERAGE SKY COVER 0.6


WEATHER CONDITIONS
 THE FOLLOWING WEATHER WAS RECORDED YESTERDAY.
  LIGHT SNOW
  FOG
  HAZE


RELATIVE HUMIDITY (PERCENT)
 HIGHEST    86           600 AM
 LOWEST     62           400 PM
 AVERAGE    74

..........................................................


THE JOHNSTOWN CLIMATE NORMALS FOR TODAY
                         NORMAL    RECORD    YEAR
 MAXIMUM TEMPERATURE (F)   32        67      1989
 MINIMUM TEMPERATURE (F)   19        -4      1948


SUNRISE AND SUNSET
FEBRUARY  1 2015......SUNRISE   725 AM EST   SUNSET   534 PM EST
FEBRUARY  2 2015......SUNRISE   724 AM EST   SUNSET   535 PM EST


-  INDICATES NEGATIVE NUMBERS.
R  INDICATES RECORD WAS SET OR TIED.
MM INDICATES DATA IS MISSING.
T  INDICATES TRACE AMOUNT.




$$
