000
CDUS41 KCTP 250613
CLIJST


CLIMATE REPORT
NATIONAL WEATHER SERVICE STATE COLLEGE PA
112 AM EST SAT FEB 25 2017


...................................

...THE JOHNSTOWN CLIMATE SUMMARY FOR FEBRUARY 24 2017...

CLIMATE NORMAL PERIOD 1981 TO 2010
CLIMATE RECORD PERIOD 1892 TO 2017


WEATHER ITEM   OBSERVED TIME   RECORD YEAR NORMAL DEPARTURE LAST
                VALUE   (LST)  VALUE       VALUE  FROM      YEAR
                                                  NORMAL
..................................................................
TEMPERATURE (F)
 YESTERDAY
  MAXIMUM         72R   357 PM  72    1906  36     36       48
  MINIMUM         52    748 AM  -8    2015  22     30       33
  AVERAGE         62                        29     33       41

PRECIPITATION (IN)
  YESTERDAY        0.00          1.38 1962   0.08  -0.08     0.49
  MONTH TO DATE    1.90                      2.01  -0.11     1.80
  SINCE DEC 1      9.27                      7.46   1.81     6.40
  SINCE JAN 1      5.09                      4.89   0.20     2.67

DEGREE DAYS
 HEATING
  YESTERDAY        3                        36    -33       24
  MONTH TO DATE  658                       920   -262      859
  SINCE DEC 1   2744                      3279   -535     2793
  SINCE JUL 1   3813                      4737   -924     3911

 COOLING
  YESTERDAY        0                         0      0        0
  MONTH TO DATE    0                         0      0        0
  SINCE DEC 1      0                         0      0        0
  SINCE JAN 1      0                         0      0        0
..................................................................


WIND (MPH)
  HIGHEST WIND SPEED    21   HIGHEST WIND DIRECTION     S (160)
  HIGHEST GUST SPEED    29   HIGHEST GUST DIRECTION    SE (150)
  AVERAGE WIND SPEED    11.0


SKY COVER
  POSSIBLE SUNSHINE  MM
  AVERAGE SKY COVER 0.2


WEATHER CONDITIONS
 THE FOLLOWING WEATHER WAS RECORDED YESTERDAY.
  NO SIGNIFICANT WEATHER WAS OBSERVED.


RELATIVE HUMIDITY (PERCENT)
 HIGHEST    83          1200 AM
 LOWEST     38           500 PM
 AVERAGE    61

..........................................................


THE JOHNSTOWN CLIMATE NORMALS FOR TODAY
                         NORMAL    RECORD    YEAR
 MAXIMUM TEMPERATURE (F)   37        70      1930
 MINIMUM TEMPERATURE (F)   22       -10      1914


SUNRISE AND SUNSET
FEBRUARY 25 2017......SUNRISE   654 AM EST   SUNSET   603 PM EST
FEBRUARY 26 2017......SUNRISE   653 AM EST   SUNSET   604 PM EST


-  INDICATES NEGATIVE NUMBERS.
R  INDICATES RECORD WAS SET OR TIED.
MM INDICATES DATA IS MISSING.
T  INDICATES TRACE AMOUNT.




$$
