347
CDUS41 KCTP 300627
CLIJST


CLIMATE REPORT
NATIONAL WEATHER SERVICE STATE COLLEGE PA
226 AM EDT MON MAY 30 2016


...................................

...THE JOHNSTOWN CLIMATE SUMMARY FOR MAY 29 2016...

CLIMATE NORMAL PERIOD 1981 TO 2010
CLIMATE RECORD PERIOD 1892 TO 2016


WEATHER ITEM   OBSERVED TIME   RECORD YEAR NORMAL DEPARTURE LAST
                VALUE   (LST)  VALUE       VALUE  FROM      YEAR
                                                  NORMAL
..................................................................
TEMPERATURE (F)
 YESTERDAY
  MAXIMUM         80   1145 AM  95    1987  69     11       80
  MINIMUM         61   1112 PM  33    1894  51     10       61
  AVERAGE         71                        60     11       71

PRECIPITATION (IN)
  YESTERDAY        0.19          2.85 1911   0.15   0.04     0.02
  MONTH TO DATE    4.15                      4.21  -0.06     2.22
  SINCE MAR 1      7.95                     11.09  -3.14    10.68
  SINCE JAN 1     10.80                     16.32  -5.52    14.08

DEGREE DAYS
 HEATING
  YESTERDAY        0                         6     -6        0
  MONTH TO DATE  278                       266     12      132
  SINCE MAR 1   1424                      1717   -293     1588
  SINCE JUL 1   5487                      6597  -1110     6777

 COOLING
  YESTERDAY        6                         1      5        6
  MONTH TO DATE   30                        16     14       69
  SINCE MAR 1     30                        21      9       69
  SINCE JAN 1     30                        21      9       69
..................................................................


WIND (MPH)
  HIGHEST WIND SPEED    15   HIGHEST WIND DIRECTION    SW (240)
  HIGHEST GUST SPEED    18   HIGHEST GUST DIRECTION     W (270)
  AVERAGE WIND SPEED     4.2


SKY COVER
  POSSIBLE SUNSHINE  MM
  AVERAGE SKY COVER 0.4


WEATHER CONDITIONS
 THE FOLLOWING WEATHER WAS RECORDED YESTERDAY.
  THUNDERSTORM
  RAIN
  LIGHT RAIN
  FOG
  HAZE


RELATIVE HUMIDITY (PERCENT)
 HIGHEST    87           600 AM
 LOWEST     54          1200 PM
 AVERAGE    71

..........................................................


THE JOHNSTOWN CLIMATE NORMALS FOR TODAY
                         NORMAL    RECORD    YEAR
 MAXIMUM TEMPERATURE (F)   69        97      1919
 MINIMUM TEMPERATURE (F)   51        35      1932


SUNRISE AND SUNSET
MAY 30 2016...........SUNRISE   548 AM EDT   SUNSET   838 PM EDT
MAY 31 2016...........SUNRISE   548 AM EDT   SUNSET   839 PM EDT


-  INDICATES NEGATIVE NUMBERS.
R  INDICATES RECORD WAS SET OR TIED.
MM INDICATES DATA IS MISSING.
T  INDICATES TRACE AMOUNT.




$$
