000
CDUS41 KCTP 202119
CLIJST


CLIMATE REPORT
NATIONAL WEATHER SERVICE STATE COLLEGE PA
518 PM EDT WED AUG 20 2014


...................................

...THE JOHNSTOWN CLIMATE SUMMARY FOR AUGUST 20 2014...
VALID TODAY AS OF 0500 PM LOCAL TIME.

CLIMATE NORMAL PERIOD 1981 TO 2010
CLIMATE RECORD PERIOD 2000 TO 2014


WEATHER ITEM   OBSERVED TIME   RECORD YEAR NORMAL DEPARTURE LAST
                VALUE   (LST)  VALUE       VALUE  FROM      YEAR
                                                  NORMAL
..................................................................
TEMPERATURE (F)
 TODAY
  MAXIMUM         78    304 PM  98    1983  76      2       76
  MINIMUM         64   1043 AM  44    1929  59      5       56
  AVERAGE         71                        68      3       66

PRECIPITATION (IN)
  TODAY            0.67          1.80 1990   0.12   0.55     0.00
  MONTH TO DATE    2.22                      2.55  -0.33     4.77
  SINCE JUN 1     10.55                      6.40   4.15    13.24
  SINCE JAN 1     24.11                     23.04   1.07    24.16

DEGREE DAYS
 HEATING
  TODAY            0                         1     -1        0
  MONTH TO DATE   27                        16     11       47
  SINCE JUN 1    116                       103     13      133
  SINCE JUL 1     76                        29     47       70

 COOLING
  TODAY            6                         4      2        1
  MONTH TO DATE   42                        87    -45       30
  SINCE JUN 1    234                       312    -78      260
  SINCE JAN 1    260                       330    -70      301
..................................................................


WIND (MPH)
  HIGHEST WIND SPEED    15   HIGHEST WIND DIRECTION    SW (220)
  HIGHEST GUST SPEED    19   HIGHEST GUST DIRECTION    SW (220)
  AVERAGE WIND SPEED     5.5


SKY COVER
  POSSIBLE SUNSHINE  MM
  AVERAGE SKY COVER 0.6


WEATHER CONDITIONS
 THE FOLLOWING WEATHER WAS RECORDED TODAY.
  THUNDERSTORM
  HEAVY RAIN
  RAIN
  LIGHT RAIN
  FOG
  FOG W/VISIBILITY <= 1/4 MILE


RELATIVE HUMIDITY (PERCENT)
 HIGHEST    93          1200 AM
 LOWEST     64           300 PM
 AVERAGE    79

..........................................................


THE JOHNSTOWN CLIMATE NORMALS FOR TOMORROW
                         NORMAL    RECORD    YEAR
 MAXIMUM TEMPERATURE (F)   76        96      1916
 MINIMUM TEMPERATURE (F)   59        42      1922


SUNRISE AND SUNSET
AUGUST 20 2014........SUNRISE   631 AM EDT   SUNSET   805 PM EDT
AUGUST 21 2014........SUNRISE   632 AM EDT   SUNSET   804 PM EDT


-  INDICATES NEGATIVE NUMBERS.
R  INDICATES RECORD WAS SET OR TIED.
MM INDICATES DATA IS MISSING.
T  INDICATES TRACE AMOUNT.




$$
