000
CDUS41 KCTP 250633
CLIJST


CLIMATE REPORT
NATIONAL WEATHER SERVICE STATE COLLEGE PA
233 AM EDT FRI JUL 25 2014


...................................

...THE JOHNSTOWN CLIMATE SUMMARY FOR JULY 24 2014...

CLIMATE NORMAL PERIOD 1981 TO 2010
CLIMATE RECORD PERIOD 2000 TO 2014


WEATHER ITEM   OBSERVED TIME   RECORD YEAR NORMAL DEPARTURE LAST
                VALUE   (LST)  VALUE       VALUE  FROM      YEAR
                                                  NORMAL
..................................................................
TEMPERATURE (F)
 YESTERDAY
  MAXIMUM         72    324 PM  96    1952  79     -7       67
  MINIMUM         56   1159 PM  48    1947  60     -4       54
  AVERAGE         64                        70     -6       61

PRECIPITATION (IN)
  YESTERDAY        0.00          1.52 1896   0.13  -0.13     0.01
  MONTH TO DATE    2.64                      2.90  -0.26     2.46
  SINCE JUN 1      7.48                      2.90   4.58     8.31
  SINCE JAN 1     21.04                     19.54   1.50    19.23

DEGREE DAYS
 HEATING
  YESTERDAY        1                         0      1        4
  MONTH TO DATE   22                         8     14        6
  SINCE JUN 1     62                        87    -25       69
  SINCE JUL 1     22                         8     14        6

 COOLING
  YESTERDAY        0                         5     -5        0
  MONTH TO DATE   99                       115    -16      161
  SINCE JUN 1    183                       190     -7      230
  SINCE JAN 1    209                       208      1      271
..................................................................


WIND (MPH)
  HIGHEST WIND SPEED    14   HIGHEST WIND DIRECTION    NW (320)
  HIGHEST GUST SPEED    18   HIGHEST GUST DIRECTION    NW (310)
  AVERAGE WIND SPEED     7.8


SKY COVER
  POSSIBLE SUNSHINE  MM
  AVERAGE SKY COVER 0.5


WEATHER CONDITIONS
 THE FOLLOWING WEATHER WAS RECORDED YESTERDAY.
  NO SIGNIFICANT WEATHER WAS OBSERVED.


RELATIVE HUMIDITY (PERCENT)
 HIGHEST    93           600 AM
 LOWEST     44           400 PM
 AVERAGE    69

..........................................................


THE JOHNSTOWN CLIMATE NORMALS FOR TODAY
                         NORMAL    RECORD    YEAR
 MAXIMUM TEMPERATURE (F)   79        99      1934
 MINIMUM TEMPERATURE (F)   60        45      1957


SUNRISE AND SUNSET
JULY 25 2014..........SUNRISE   607 AM EDT   SUNSET   837 PM EDT
JULY 26 2014..........SUNRISE   607 AM EDT   SUNSET   836 PM EDT


-  INDICATES NEGATIVE NUMBERS.
R  INDICATES RECORD WAS SET OR TIED.
MM INDICATES DATA IS MISSING.
T  INDICATES TRACE AMOUNT.




$$
