733
CDUS41 KCTP 232217
CLIJST


CLIMATE REPORT
NATIONAL WEATHER SERVICE STATE COLLEGE PA
517 PM EST THU NOV 23 2017


...................................

...THE JOHNSTOWN CLIMATE SUMMARY FOR NOVEMBER 23 2017...
VALID TODAY AS OF 0500 PM LOCAL TIME.

CLIMATE NORMAL PERIOD 1981 TO 2010
CLIMATE RECORD PERIOD 1892 TO 2017


WEATHER ITEM   OBSERVED TIME   RECORD YEAR NORMAL DEPARTURE LAST
                VALUE   (LST)  VALUE       VALUE  FROM      YEAR
                                                  NORMAL
..................................................................
TEMPERATURE (F)
 TODAY
  MAXIMUM         36    314 PM  69    1931  42     -6       44
  MINIMUM         23    751 AM  11    2000  31     -8       22
  AVERAGE         30                        36     -6       33

PRECIPITATION (IN)
  TODAY            0.00          0.91 1934   0.13  -0.13      T
  MONTH TO DATE    2.93                      2.78   0.15     0.55
  SINCE SEP 1      9.55                      9.26   0.29     7.19
  SINCE JAN 1     43.80                     37.61   6.19    31.84

DEGREE DAYS
 HEATING
  TODAY           35                        29      6       32
  MONTH TO DATE  601                       551     50      475
  SINCE SEP 1   1016                      1208   -192      894
  SINCE JUL 1   1057                      1250   -193      905

 COOLING
  TODAY            0                         0      0        0
  MONTH TO DATE    0                         0      0        0
  SINCE SEP 1     95                        28     67      102
  SINCE JAN 1    497                       388    109      705
..................................................................


WIND (MPH)
  HIGHEST WIND SPEED    15   HIGHEST WIND DIRECTION    NW (300)
  HIGHEST GUST SPEED    19   HIGHEST GUST DIRECTION    NW (300)
  AVERAGE WIND SPEED     8.5


SKY COVER
  POSSIBLE SUNSHINE  MM
  AVERAGE SKY COVER 0.5


WEATHER CONDITIONS
 THE FOLLOWING WEATHER WAS RECORDED TODAY.
  NO SIGNIFICANT WEATHER WAS OBSERVED.


RELATIVE HUMIDITY (PERCENT)
 HIGHEST    75           200 AM
 LOWEST     44           400 PM
 AVERAGE    60

..........................................................


THE JOHNSTOWN CLIMATE NORMALS FOR TOMORROW
                         NORMAL    RECORD    YEAR
 MAXIMUM TEMPERATURE (F)   42        72      1979
 MINIMUM TEMPERATURE (F)   30         7      2005


SUNRISE AND SUNSET
NOVEMBER 23 2017......SUNRISE   711 AM EST   SUNSET   453 PM EST
NOVEMBER 24 2017......SUNRISE   712 AM EST   SUNSET   452 PM EST


-  INDICATES NEGATIVE NUMBERS.
R  INDICATES RECORD WAS SET OR TIED.
MM INDICATES DATA IS MISSING.
T  INDICATES TRACE AMOUNT.




$$
