000
CDUS43 KGRR 310525
CLIJXN


CLIMATE REPORT
NATIONAL WEATHER SERVICE GRAND RAPIDS, MI
122 AM EDT TUE MAY 31 2016


...................................

...THE JACKSON MI CLIMATE SUMMARY FOR MAY 30 2016...

CLIMATE NORMAL PERIOD 1981 TO 2010
CLIMATE RECORD PERIOD 1944 TO 9999


WEATHER ITEM   OBSERVED TIME   NORMAL DEPARTURE LAST
                VALUE   (LST)  VALUE  FROM      YEAR
                                      NORMAL
......................................................
TEMPERATURE (F)
 YESTERDAY
  MAXIMUM         82    404 PM  74      8       77
  MINIMUM         58    538 AM  51      7       50
  AVERAGE         70            62      8       64

PRECIPITATION (IN)
  YESTERDAY        0.00          0.11  -0.11     1.40
  MONTH TO DATE    1.71          3.20  -1.49     4.46
  SINCE MAR 1      7.63          7.71  -0.08     7.53
  SINCE JAN 1      9.50         10.49  -0.99     9.61

DEGREE DAYS
 HEATING
  YESTERDAY        0             5     -5        1
  MONTH TO DATE  252           253     -1      140
  SINCE MAR 1   1518          1685   -167     1644
  SINCE JUL 1   5640          6599   -959     7148

 COOLING
  YESTERDAY        5             2      3        0
  MONTH TO DATE   50            30     20       55
  SINCE MAR 1     50            36     14       55
  SINCE JAN 1     50            36     14       55
......................................................


WIND (MPH)
  RESULTANT WIND SPEED   4   RESULTANT WIND DIRECTION   W (290)
  HIGHEST WIND SPEED    15   HIGHEST WIND DIRECTION    NW (310)
  HIGHEST GUST SPEED    19   HIGHEST GUST DIRECTION     W (290)
  AVERAGE WIND SPEED     5.0


SKY COVER
  AVERAGE SKY COVER 0.1


WEATHER CONDITIONS
 THE FOLLOWING WEATHER WAS RECORDED YESTERDAY.
  NO SIGNIFICANT WEATHER WAS OBSERVED.


RELATIVE HUMIDITY (PERCENT)
 HIGHEST    93           500 AM
 LOWEST     35           600 PM
 AVERAGE    64

..........................................................


THE JACKSON MI CLIMATE NORMALS FOR TODAY
                         NORMAL
 MAXIMUM TEMPERATURE (F)   74
 MINIMUM TEMPERATURE (F)   51


SUNRISE AND SUNSET
MAY 31 2016...........SUNRISE   604 AM EDT   SUNSET   907 PM EDT
JUNE  1 2016..........SUNRISE   604 AM EDT   SUNSET   908 PM EDT


-  INDICATES NEGATIVE NUMBERS.
R  INDICATES RECORD WAS SET OR TIED.
MM INDICATES DATA IS MISSING.
T  INDICATES TRACE AMOUNT.




$$
