000
CDUS43 KGRR 210516
CLIJXN


CLIMATE REPORT
NATIONAL WEATHER SERVICE GRAND RAPIDS, MI
1214 AM EST FRI NOV 21 2014


...................................

...THE JACKSON MI CLIMATE SUMMARY FOR NOVEMBER 20 2014...

CLIMATE NORMAL PERIOD 1981 TO 2010
CLIMATE RECORD PERIOD 1944 TO 9999


WEATHER ITEM   OBSERVED TIME   NORMAL DEPARTURE LAST
                VALUE   (LST)  VALUE  FROM      YEAR
                                      NORMAL
......................................................
TEMPERATURE (F)
 YESTERDAY
  MAXIMUM         25    212 PM  46    -21       45
  MINIMUM         15   1049 PM  30    -15       24
  AVERAGE         20            38    -18       35

PRECIPITATION (IN)
  YESTERDAY        0.01          0.09  -0.08     0.00
  MONTH TO DATE    0.54          1.78  -1.24     1.24
  SINCE SEP 1      4.07          7.89  -3.82     6.20
  SINCE JAN 1     27.08         28.81  -1.73    30.75

DEGREE DAYS
 HEATING
  YESTERDAY       45            27     18       30
  MONTH TO DATE  620           463    157      480
  SINCE SEP 1   1258          1076    182     1054
  SINCE JUL 1   1300          1111    189     1102

 COOLING
  YESTERDAY        0             0      0        0
  MONTH TO DATE    0             0      0        0
  SINCE SEP 1     50            63    -13       76
  SINCE JAN 1    496           592    -96      616
......................................................


WIND (MPH)
  RESULTANT WIND SPEED  13   RESULTANT WIND DIRECTION   W (250)
  HIGHEST WIND SPEED    25   HIGHEST WIND DIRECTION     W (260)
  HIGHEST GUST SPEED    37   HIGHEST GUST DIRECTION     W (280)
  AVERAGE WIND SPEED    11.3


SKY COVER
  AVERAGE SKY COVER 0.8


WEATHER CONDITIONS
 THE FOLLOWING WEATHER WAS RECORDED YESTERDAY.
  SNOW
  LIGHT SNOW
  FOG
  HAZE


RELATIVE HUMIDITY (PERCENT)
 HIGHEST    84           800 AM
 LOWEST     60           200 PM
 AVERAGE    72

..........................................................


THE JACKSON MI CLIMATE NORMALS FOR TODAY
                         NORMAL
 MAXIMUM TEMPERATURE (F)   45
 MINIMUM TEMPERATURE (F)   30


SUNRISE AND SUNSET
NOVEMBER 21 2014......SUNRISE   736 AM EST   SUNSET   511 PM EST
NOVEMBER 22 2014......SUNRISE   737 AM EST   SUNSET   511 PM EST


-  INDICATES NEGATIVE NUMBERS.
R  INDICATES RECORD WAS SET OR TIED.
MM INDICATES DATA IS MISSING.
T  INDICATES TRACE AMOUNT.




$$

JAM
