000
CDUS43 KGRR 010521
CLIJXN


CLIMATE REPORT
NATIONAL WEATHER SERVICE GRAND RAPIDS, MI
119 AM EDT SUN MAY 1 2016


...................................

...THE JACKSON MI CLIMATE SUMMARY FOR APRIL 30 2016...

CLIMATE NORMAL PERIOD 1981 TO 2010
CLIMATE RECORD PERIOD 1944 TO 9999


WEATHER ITEM   OBSERVED TIME   NORMAL DEPARTURE LAST
                VALUE   (LST)  VALUE  FROM      YEAR
                                      NORMAL
......................................................
TEMPERATURE (F)
 YESTERDAY
  MAXIMUM         54   1200 PM  64    -10       58
  MINIMUM         43    631 AM  42      1       36
  AVERAGE         49            53     -4       47

PRECIPITATION (IN)
  YESTERDAY        0.88          0.09   0.79      T
  MONTH TO DATE    3.27          2.61   0.66     2.59
  SINCE MAR 1      5.92          4.51   1.41     3.07
  SINCE JAN 1      7.79          7.29   0.50     5.15

DEGREE DAYS
 HEATING
  YESTERDAY       16            12      4       18
  MONTH TO DATE  557           521     36      510
  SINCE MAR 1   1266          1432   -166     1504
  SINCE JUL 1   5388          6346   -958     7008

 COOLING
  YESTERDAY        0             0      0        0
  MONTH TO DATE    0             6     -6        0
  SINCE MAR 1      0             6     -6        0
  SINCE JAN 1      0             6     -6        0
......................................................


WIND (MPH)
  RESULTANT WIND SPEED   8   RESULTANT WIND DIRECTION   E (90)
  HIGHEST WIND SPEED    17   HIGHEST WIND DIRECTION     E (110)
  HIGHEST GUST SPEED    21   HIGHEST GUST DIRECTION    SE (120)
  AVERAGE WIND SPEED     8.5


SKY COVER
  AVERAGE SKY COVER 0.6


WEATHER CONDITIONS
 THE FOLLOWING WEATHER WAS RECORDED YESTERDAY.
  RAIN
  LIGHT RAIN
  FOG
  HAZE


RELATIVE HUMIDITY (PERCENT)
 HIGHEST   100          1000 PM
 LOWEST     45          1100 AM
 AVERAGE    73

..........................................................


THE JACKSON MI CLIMATE NORMALS FOR TODAY
                         NORMAL
 MAXIMUM TEMPERATURE (F)   65
 MINIMUM TEMPERATURE (F)   42


SUNRISE AND SUNSET
MAY  1 2016...........SUNRISE   633 AM EDT   SUNSET   838 PM EDT
MAY  2 2016...........SUNRISE   631 AM EDT   SUNSET   839 PM EDT


-  INDICATES NEGATIVE NUMBERS.
R  INDICATES RECORD WAS SET OR TIED.
MM INDICATES DATA IS MISSING.
T  INDICATES TRACE AMOUNT.




$$
