000
CDUS43 KGRR 262136
CLIJXN


CLIMATE REPORT
NATIONAL WEATHER SERVICE GRAND RAPIDS, MI
535 PM EDT FRI AUG 26 2016


...................................

...THE JACKSON MI CLIMATE SUMMARY FOR AUGUST 26 2016...
VALID TODAY AS OF 0500 PM LOCAL TIME.

CLIMATE NORMAL PERIOD 1981 TO 2010
CLIMATE RECORD PERIOD 1944 TO 9999


WEATHER ITEM   OBSERVED TIME   NORMAL DEPARTURE LAST
                VALUE   (LST)  VALUE  FROM      YEAR
                                      NORMAL
......................................................
TEMPERATURE (F)
 TODAY
  MAXIMUM         81    359 PM  79      2       66
  MINIMUM         60    609 AM  58      2       56
  AVERAGE         71            68      3       61

PRECIPITATION (IN)
  TODAY            0.00          0.11  -0.11     0.00
  MONTH TO DATE    9.21          2.92   6.29     3.12
  SINCE JUN 1     16.51          9.77   6.74    12.95
  SINCE JAN 1     26.01         20.37   5.64    23.58

DEGREE DAYS
 HEATING
  TODAY            0             1     -1        4
  MONTH TO DATE    0            22    -22       15
  SINCE JUN 1     34            88    -54       60
  SINCE JUL 1      4            33    -29       28

 COOLING
  TODAY            6             4      2        0
  MONTH TO DATE  227           144     83      118
  SINCE JUN 1    636           472    164      357
  SINCE JAN 1    689           509    180      412
......................................................


WIND (MPH)
  RESULTANT WIND SPEED   1   RESULTANT WIND DIRECTION  SW (240)
  HIGHEST WIND SPEED    12   HIGHEST WIND DIRECTION    SW (230)
  HIGHEST GUST SPEED    14   HIGHEST GUST DIRECTION    SW (230)
  AVERAGE WIND SPEED     2.8


SKY COVER
  AVERAGE SKY COVER 0.0


WEATHER CONDITIONS
 THE FOLLOWING WEATHER WAS RECORDED TODAY.
  NO SIGNIFICANT WEATHER WAS OBSERVED.


RELATIVE HUMIDITY (PERCENT)
 HIGHEST   100           200 AM
 LOWEST     51           300 PM
 AVERAGE    76

..........................................................


THE JACKSON MI CLIMATE NORMALS FOR TOMORROW
                         NORMAL
 MAXIMUM TEMPERATURE (F)   79
 MINIMUM TEMPERATURE (F)   58


SUNRISE AND SUNSET
AUGUST 26 2016........SUNRISE   657 AM EDT   SUNSET   821 PM EDT
AUGUST 27 2016........SUNRISE   658 AM EDT   SUNSET   819 PM EDT


-  INDICATES NEGATIVE NUMBERS.
R  INDICATES RECORD WAS SET OR TIED.
MM INDICATES DATA IS MISSING.
T  INDICATES TRACE AMOUNT.




$$

JAM
