000
CDUS43 KIND 010535
CLILAF


CLIMATE REPORT
NATIONAL WEATHER SERVICE INDIANAPOLIS IN
135 AM EDT WED JUN 1 2016


...................................

...THE LAFAYETTE IN CLIMATE SUMMARY FOR MAY 31 2016...

CLIMATE NORMAL PERIOD 1981 TO 2010
CLIMATE RECORD PERIOD 9999 TO 9999


WEATHER ITEM   OBSERVED TIME   NORMAL DEPARTURE LAST
                VALUE   (LST)  VALUE  FROM      YEAR
                                      NORMAL
......................................................
TEMPERATURE (F)
 YESTERDAY
  MAXIMUM         88    416 PM  78     10       59
  MINIMUM         60    552 AM  56      4       53
  AVERAGE         74            67      7       56

PRECIPITATION (IN)
  YESTERDAY        0.00          0.15  -0.15     0.02
  MONTH TO DATE    1.95          4.19  -2.24     4.13
  SINCE MAR 1      9.38         10.40  -1.02     7.21
  SINCE JAN 1     12.11         14.02  -1.91     8.94

DEGREE DAYS
 HEATING
  YESTERDAY        0             2     -2        9
  MONTH TO DATE  208           159     49      118
  SINCE MAR 1   1211          1316   -105     1405
  SINCE JUL 1   5019          5650   -631     6483

 COOLING
  YESTERDAY        9             4      5        0
  MONTH TO DATE   66            64      2       87
  SINCE MAR 1     68            77     -9       89
  SINCE JAN 1     68            77     -9       89
......................................................


WIND (MPH)
  HIGHEST WIND SPEED    18   HIGHEST WIND DIRECTION    NE (50)
  HIGHEST GUST SPEED    23   HIGHEST GUST DIRECTION    NE (60)
  AVERAGE WIND SPEED     5.8


SKY COVER
  AVERAGE SKY COVER 0.2


WEATHER CONDITIONS
 THE FOLLOWING WEATHER WAS RECORDED YESTERDAY.
  THUNDERSTORM
  FOG
  HAZE


RELATIVE HUMIDITY (PERCENT)
 HIGHEST    93           700 AM
 LOWEST     31           400 PM
 AVERAGE    62

..........................................................


THE LAFAYETTE IN CLIMATE NORMALS FOR TODAY
                         NORMAL
 MAXIMUM TEMPERATURE (F)   78
 MINIMUM TEMPERATURE (F)   56


SUNRISE AND SUNSET
JUNE  1 2016..........SUNRISE   620 AM EDT   SUNSET   912 PM EDT
JUNE  2 2016..........SUNRISE   619 AM EDT   SUNSET   913 PM EDT


-  INDICATES NEGATIVE NUMBERS.
R  INDICATES RECORD WAS SET OR TIED.
MM INDICATES DATA IS MISSING.
T  INDICATES TRACE AMOUNT.




$$
