000
CDUS43 KIND 210552
CLILAF


CLIMATE REPORT
NATIONAL WEATHER SERVICE INDIANAPOLIS IN
1242 AM EST SUN JAN 21 2018


...................................

...THE LAFAYETTE IN CLIMATE SUMMARY FOR JANUARY 20 2018...

CLIMATE NORMAL PERIOD 1981 TO 2010
CLIMATE RECORD PERIOD 9999 TO 9999


WEATHER ITEM   OBSERVED TIME   NORMAL DEPARTURE LAST
                VALUE   (LST)  VALUE  FROM      YEAR
                                      NORMAL
......................................................
TEMPERATURE (F)
 YESTERDAY
  MAXIMUM         41    153 PM  34      7       53
  MINIMUM         30    837 AM  19     11       42
  AVERAGE         36            26     10       48

PRECIPITATION (IN)
  YESTERDAY        0.00          0.06  -0.06     0.51
  MONTH TO DATE    0.62          1.25  -0.63     3.59
  SINCE DEC 1      1.33          3.76  -2.43     5.15
  SINCE JAN 1      0.62          1.25  -0.63     3.59

DEGREE DAYS
 HEATING
  YESTERDAY       29            39    -10       17
  MONTH TO DATE  994           776    218      695
  SINCE DEC 1   2158          1850    308     1833
  SINCE JUL 1   3203          2951    252     2679

 COOLING
  YESTERDAY        0             0      0        0
  MONTH TO DATE    0             0      0        0
  SINCE DEC 1      0             0      0        0
  SINCE JAN 1      0             0      0        0
......................................................


WIND (MPH)
  HIGHEST WIND SPEED    14   HIGHEST WIND DIRECTION    SW (210)
  HIGHEST GUST SPEED    20   HIGHEST GUST DIRECTION    SW (230)
  AVERAGE WIND SPEED     7.5


SKY COVER
  AVERAGE SKY COVER 0.4


WEATHER CONDITIONS
 THE FOLLOWING WEATHER WAS RECORDED YESTERDAY.
  FOG


RELATIVE HUMIDITY (PERCENT)
 HIGHEST    92          1100 PM
 LOWEST     64          1200 AM
 AVERAGE    78

..........................................................


THE LAFAYETTE IN CLIMATE NORMALS FOR TODAY
                         NORMAL
 MAXIMUM TEMPERATURE (F)   34
 MINIMUM TEMPERATURE (F)   19


SUNRISE AND SUNSET
JANUARY 21 2018.......SUNRISE   806 AM EST   SUNSET   553 PM EST
JANUARY 22 2018.......SUNRISE   805 AM EST   SUNSET   554 PM EST


-  INDICATES NEGATIVE NUMBERS.
R  INDICATES RECORD WAS SET OR TIED.
MM INDICATES DATA IS MISSING.
T  INDICATES TRACE AMOUNT.




$$
