000
CDUS43 KIND 210533
CLILAF


CLIMATE REPORT
NATIONAL WEATHER SERVICE INDIANAPOLIS IN
133 AM EDT MON APR 21 2014


...................................

...THE LAFAYETTE IN CLIMATE SUMMARY FOR APRIL 20 2014...

CLIMATE NORMAL PERIOD 1981 TO 2010
CLIMATE RECORD PERIOD 9999 TO 9999


WEATHER ITEM   OBSERVED TIME   NORMAL DEPARTURE LAST
                VALUE   (LST)  VALUE  FROM      YEAR
                                      NORMAL
......................................................
TEMPERATURE (F)
 YESTERDAY
  MAXIMUM         75    536 PM  65     10       45
  MINIMUM         40    654 AM  42     -2       30
  AVERAGE         58            54      4       38

PRECIPITATION (IN)
  YESTERDAY        0.00          0.13  -0.13     0.00
  MONTH TO DATE    3.53          2.27   1.26     6.91
  SINCE MAR 1      5.03          4.94   0.09     8.16
  SINCE JAN 1      8.37          8.56  -0.19    14.11

DEGREE DAYS
 HEATING
  YESTERDAY        7            12     -5       27
  MONTH TO DATE  323           303     20      315
  SINCE MAR 1   1311          1054    257     1283
  SINCE JUL 1   6273          5388    885     5618

 COOLING
  YESTERDAY        0             1     -1        0
  MONTH TO DATE    1             2     -1        1
  SINCE MAR 1      1             3     -2        1
  SINCE JAN 1      1             3     -2        1
......................................................


WIND (MPH)
  HIGHEST WIND SPEED    12   HIGHEST WIND DIRECTION     E (70)
  HIGHEST GUST SPEED    13   HIGHEST GUST DIRECTION    NE (60)
  AVERAGE WIND SPEED     4.3


SKY COVER
  AVERAGE SKY COVER 0.0


WEATHER CONDITIONS
 THE FOLLOWING WEATHER WAS RECORDED YESTERDAY.
  NO SIGNIFICANT WEATHER WAS OBSERVED.


RELATIVE HUMIDITY (PERCENT)
 HIGHEST    79           700 AM
 LOWEST     23           200 PM
 AVERAGE    51

..........................................................


THE LAFAYETTE IN CLIMATE NORMALS FOR TODAY
                         NORMAL
 MAXIMUM TEMPERATURE (F)   65
 MINIMUM TEMPERATURE (F)   43


SUNRISE AND SUNSET
APRIL 21 2014.........SUNRISE   701 AM EDT   SUNSET   833 PM EDT
APRIL 22 2014.........SUNRISE   659 AM EDT   SUNSET   834 PM EDT


-  INDICATES NEGATIVE NUMBERS.
R  INDICATES RECORD WAS SET OR TIED.
MM INDICATES DATA IS MISSING.
T  INDICATES TRACE AMOUNT.




$$
