000
CDUS43 KIND 250532
CLILAF


CLIMATE REPORT
NATIONAL WEATHER SERVICE INDIANAPOLIS IN
1231 AM EST SAT FEB 25 2017


...................................

...THE LAFAYETTE IN CLIMATE SUMMARY FOR FEBRUARY 24 2017...

CLIMATE NORMAL PERIOD 1981 TO 2010
CLIMATE RECORD PERIOD 9999 TO 9999


WEATHER ITEM   OBSERVED TIME   NORMAL DEPARTURE LAST
                VALUE   (LST)  VALUE  FROM      YEAR
                                      NORMAL
......................................................
TEMPERATURE (F)
 YESTERDAY
  MAXIMUM         67    357 PM  42     25       37
  MINIMUM         42   1159 PM  25     17       32
  AVERAGE         55            33     22       35

PRECIPITATION (IN)
  YESTERDAY        0.03          0.08  -0.05     1.08
  MONTH TO DATE    0.74          1.46  -0.72     1.41
  SINCE DEC 1      6.30          5.83   0.47     9.25
  SINCE JAN 1      4.74          3.32   1.42     2.49

DEGREE DAYS
 HEATING
  YESTERDAY       10            32    -22       30
  MONTH TO DATE  592           841   -249      824
  SINCE DEC 1   2743          3108   -365     2728
  SINCE JUL 1   3589          4209   -620     3677

 COOLING
  YESTERDAY        0             0      0        0
  MONTH TO DATE    0             0      0        0
  SINCE DEC 1      0             0      0        0
  SINCE JAN 1      0             0      0        0
......................................................


WIND (MPH)
  HIGHEST WIND SPEED    25   HIGHEST WIND DIRECTION     W (270)
  HIGHEST GUST SPEED    36   HIGHEST GUST DIRECTION     W (280)
  AVERAGE WIND SPEED    12.2


SKY COVER
  AVERAGE SKY COVER 0.6


WEATHER CONDITIONS
 THE FOLLOWING WEATHER WAS RECORDED YESTERDAY.
  THUNDERSTORM
  LIGHT RAIN
  FOG


RELATIVE HUMIDITY (PERCENT)
 HIGHEST    93          1200 AM
 LOWEST     68          1200 PM
 AVERAGE    81

..........................................................


THE LAFAYETTE IN CLIMATE NORMALS FOR TODAY
                         NORMAL
 MAXIMUM TEMPERATURE (F)   42
 MINIMUM TEMPERATURE (F)   25


SUNRISE AND SUNSET
FEBRUARY 25 2017......SUNRISE   727 AM EST   SUNSET   635 PM EST
FEBRUARY 26 2017......SUNRISE   725 AM EST   SUNSET   636 PM EST


-  INDICATES NEGATIVE NUMBERS.
R  INDICATES RECORD WAS SET OR TIED.
MM INDICATES DATA IS MISSING.
T  INDICATES TRACE AMOUNT.




$$
