000
CDUS43 KIND 282032
CLILAF


CLIMATE REPORT
NATIONAL WEATHER SERVICE INDIANAPOLIS IN
432 PM EDT THU JUL 28 2016


...................................

...THE LAFAYETTE IN CLIMATE SUMMARY FOR JULY 28 2016...
VALID TODAY AS OF 0400 PM LOCAL TIME.

CLIMATE NORMAL PERIOD 1981 TO 2010
CLIMATE RECORD PERIOD 9999 TO 9999


WEATHER ITEM   OBSERVED TIME   NORMAL DEPARTURE LAST
                VALUE   (LST)  VALUE  FROM      YEAR
                                      NORMAL
......................................................
TEMPERATURE (F)
 TODAY
  MAXIMUM         86    232 PM  84      2       90
  MINIMUM         66    430 AM  64      2       69
  AVERAGE         76            74      2       80

PRECIPITATION (IN)
  TODAY            0.00          0.11  -0.11     0.00
  MONTH TO DATE    4.38          3.65   0.73     6.67
  SINCE JUN 1      9.91          7.75   2.16    14.33
  SINCE JAN 1     22.02         21.77   0.25    23.27

......................................................


WIND (MPH)
  HIGHEST WIND SPEED     6   HIGHEST WIND DIRECTION    NW (330)
  HIGHEST GUST SPEED     8   HIGHEST GUST DIRECTION     W (280)
  AVERAGE WIND SPEED     1.2


SKY COVER
  AVERAGE SKY COVER 0.0


WEATHER CONDITIONS
 THE FOLLOWING WEATHER WAS RECORDED TODAY.
  FOG
  HAZE


RELATIVE HUMIDITY (PERCENT)
 HIGHEST   100           200 AM
 LOWEST     61           300 PM

..........................................................


THE LAFAYETTE IN CLIMATE NORMALS FOR TOMORROW
                         NORMAL
 MAXIMUM TEMPERATURE (F)   84
 MINIMUM TEMPERATURE (F)   64


SUNRISE AND SUNSET
JULY 28 2016..........SUNRISE   642 AM EDT   SUNSET   906 PM EDT
JULY 29 2016..........SUNRISE   643 AM EDT   SUNSET   905 PM EDT


-  INDICATES NEGATIVE NUMBERS.
R  INDICATES RECORD WAS SET OR TIED.
MM INDICATES DATA IS MISSING.
T  INDICATES TRACE AMOUNT.




$$
