000
CDUS43 KIND 210533
CLILAF


CLIMATE REPORT
NATIONAL WEATHER SERVICE INDIANAPOLIS IN
133 AM EDT FRI JUL 21 2017


...................................

...THE LAFAYETTE IN CLIMATE SUMMARY FOR JULY 20 2017...

CLIMATE NORMAL PERIOD 1981 TO 2010
CLIMATE RECORD PERIOD 9999 TO 9999


WEATHER ITEM   OBSERVED TIME   NORMAL DEPARTURE LAST
                VALUE   (LST)  VALUE  FROM      YEAR
                                      NORMAL
......................................................
TEMPERATURE (F)
 YESTERDAY
  MAXIMUM         88    612 PM  85      3       85
  MINIMUM         68    432 AM  64      4       69
  AVERAGE         78            74      4       77

PRECIPITATION (IN)
  YESTERDAY        0.24          0.12   0.12     0.00
  MONTH TO DATE    3.31          2.72   0.59     4.00
  SINCE JUN 1      9.62          6.82   2.80     9.53
  SINCE JAN 1     30.03         20.84   9.19    21.64

DEGREE DAYS
 HEATING
  YESTERDAY        0             0      0        0
  MONTH TO DATE    0             0      0       10
  SINCE JUN 1     19            22     -3       20
  SINCE JUL 1      0             0      0       10

 COOLING
  YESTERDAY       13            10      3       12
  MONTH TO DATE  193           200     -7      146
  SINCE JUN 1    388           417    -29      379
  SINCE JAN 1    445           494    -49      447
......................................................


WIND (MPH)
  HIGHEST WIND SPEED    22   HIGHEST WIND DIRECTION    NW (320)
  HIGHEST GUST SPEED    29   HIGHEST GUST DIRECTION     N (340)
  AVERAGE WIND SPEED     3.8


SKY COVER
  AVERAGE SKY COVER 0.3


WEATHER CONDITIONS
 THE FOLLOWING WEATHER WAS RECORDED YESTERDAY.
  THUNDERSTORM
  RAIN
  LIGHT RAIN
  FOG


RELATIVE HUMIDITY (PERCENT)
 HIGHEST   100           200 AM
 LOWEST     65           200 PM
 AVERAGE    83

..........................................................


THE LAFAYETTE IN CLIMATE NORMALS FOR TODAY
                         NORMAL
 MAXIMUM TEMPERATURE (F)   85
 MINIMUM TEMPERATURE (F)   64


SUNRISE AND SUNSET
JULY 21 2017..........SUNRISE   635 AM EDT   SUNSET   912 PM EDT
JULY 22 2017..........SUNRISE   636 AM EDT   SUNSET   912 PM EDT


-  INDICATES NEGATIVE NUMBERS.
R  INDICATES RECORD WAS SET OR TIED.
MM INDICATES DATA IS MISSING.
T  INDICATES TRACE AMOUNT.




$$
