000
CDUS43 KIND 290550
CLILAF


CLIMATE REPORT
NATIONAL WEATHER SERVICE INDIANAPOLIS IN
150 AM EDT WED JUL 29 2015


...................................

...THE LAFAYETTE IN CLIMATE SUMMARY FOR JULY 28 2015...

CLIMATE NORMAL PERIOD 1981 TO 2010
CLIMATE RECORD PERIOD 9999 TO 9999


WEATHER ITEM   OBSERVED TIME   NORMAL DEPARTURE LAST
                VALUE   (LST)  VALUE  FROM      YEAR
                                      NORMAL
......................................................
TEMPERATURE (F)
 YESTERDAY
  MAXIMUM         90    426 PM  84      6       70
  MINIMUM         69    610 AM  64      5       50
  AVERAGE         80            74      6       60

PRECIPITATION (IN)
  YESTERDAY        0.00          0.11  -0.11     0.00
  MONTH TO DATE    6.67          3.65   3.02     3.24
  SINCE JUN 1     14.33          7.75   6.58     7.71
  SINCE JAN 1     23.27         21.77   1.50    20.54

DEGREE DAYS
 HEATING
  YESTERDAY        0             0      0        5
  MONTH TO DATE    6             0      6       17
  SINCE JUN 1     26            22      4       23
  SINCE JUL 1      6             0      6       17

 COOLING
  YESTERDAY       15             9      6        0
  MONTH TO DATE  191           272    -81      120
  SINCE JUN 1    374           489   -115      345
  SINCE JAN 1    463           566   -103      442
......................................................


WIND (MPH)
  HIGHEST WIND SPEED     8   HIGHEST WIND DIRECTION    SE (120)
  HIGHEST GUST SPEED    11   HIGHEST GUST DIRECTION    SE (140)
  AVERAGE WIND SPEED     2.9


SKY COVER
  AVERAGE SKY COVER 0.2


WEATHER CONDITIONS
 THE FOLLOWING WEATHER WAS RECORDED YESTERDAY.
  FOG
  HAZE


RELATIVE HUMIDITY (PERCENT)
 HIGHEST    94          1000 PM
 LOWEST     56           500 PM
 AVERAGE    75

..........................................................


THE LAFAYETTE IN CLIMATE NORMALS FOR TODAY
                         NORMAL
 MAXIMUM TEMPERATURE (F)   84
 MINIMUM TEMPERATURE (F)   64


SUNRISE AND SUNSET
JULY 29 2015..........SUNRISE   642 AM EDT   SUNSET   906 PM EDT
JULY 30 2015..........SUNRISE   643 AM EDT   SUNSET   905 PM EDT


-  INDICATES NEGATIVE NUMBERS.
R  INDICATES RECORD WAS SET OR TIED.
MM INDICATES DATA IS MISSING.
T  INDICATES TRACE AMOUNT.




$$
