595
CDUS43 KGRR 230523
CLILAN


CLIMATE REPORT
NATIONAL WEATHER SERVICE GRAND RAPIDS, MI
1222 AM EST THU NOV 23 2017


...................................

...THE LANSING MI CLIMATE SUMMARY FOR NOVEMBER 22 2017...

CLIMATE NORMAL PERIOD 1981 TO 2010
CLIMATE RECORD PERIOD 1864 TO 2017


WEATHER ITEM   OBSERVED TIME   RECORD YEAR NORMAL DEPARTURE LAST
                VALUE   (LST)  VALUE       VALUE  FROM      YEAR
                                                  NORMAL
..................................................................
TEMPERATURE (F)
 YESTERDAY
  MAXIMUM         33    342 PM  65    1913  44    -11       40
  MINIMUM         27    932 PM  -2    1880  30     -3       20
  AVERAGE         30                        37     -7       30

PRECIPITATION (IN)
  YESTERDAY        0.00          1.40 1909   0.09  -0.09     0.00
  MONTH TO DATE    3.24                      2.09   1.15     1.85
  SINCE SEP 1     12.91                      8.12   4.79     8.40
  SINCE JAN 1     38.21                     29.21   9.00    31.88

SNOWFALL (IN)
  YESTERDAY        0.0           7.0  1866   0.2   -0.2      0.0
  MONTH TO DATE    0.4                       1.8   -1.4       T
  SINCE SEP 1      0.4                       2.2   -1.8       T
  SINCE JUL 1      0.4                       2.2   -1.8       T
  SNOW DEPTH       0

DEGREE DAYS
 HEATING
  YESTERDAY       35                        28      7       35
  MONTH TO DATE  613                       525     88      390
  SINCE SEP 1   1030                      1140   -110      780
  SINCE JUL 1   1059                      1175   -116      783

 COOLING
  YESTERDAY        0                         0      0        0
  MONTH TO DATE    0                         0      0        0
  SINCE SEP 1    148                        68     80      103
  SINCE JAN 1    782                       625    157      869
..................................................................


WIND (MPH)
  RESULTANT WIND SPEED   6   RESULTANT WIND DIRECTION  NW (300)
  HIGHEST WIND SPEED    16   HIGHEST WIND DIRECTION    NW (310)
  HIGHEST GUST SPEED    20   HIGHEST GUST DIRECTION    NW (320)
  AVERAGE WIND SPEED     7.8


SKY COVER
  AVERAGE SKY COVER 0.9


WEATHER CONDITIONS
 THE FOLLOWING WEATHER WAS RECORDED YESTERDAY.
  NO SIGNIFICANT WEATHER WAS OBSERVED.


RELATIVE HUMIDITY (PERCENT)
 HIGHEST    75           800 PM
 LOWEST     54           200 PM
 AVERAGE    65

..........................................................


THE LANSING MI CLIMATE NORMALS FOR TODAY
                         NORMAL    RECORD    YEAR
 MAXIMUM TEMPERATURE (F)   43        67      1999
                                             1931
 MINIMUM TEMPERATURE (F)   30        -3      1869


SUNRISE AND SUNSET
NOVEMBER 23 2017......SUNRISE   740 AM EST   SUNSET   509 PM EST
NOVEMBER 24 2017......SUNRISE   742 AM EST   SUNSET   508 PM EST


-  INDICATES NEGATIVE NUMBERS.
R  INDICATES RECORD WAS SET OR TIED.
MM INDICATES DATA IS MISSING.
T  INDICATES TRACE AMOUNT.




$$
