000
CDUS43 KGRR 230533
CLILAN


CLIMATE REPORT
NATIONAL WEATHER SERVICE GRAND RAPIDS, MI
131 AM EDT SAT SEP 23 2017


...................................

...THE LANSING MI CLIMATE SUMMARY FOR SEPTEMBER 22 2017...

CLIMATE NORMAL PERIOD 1981 TO 2010
CLIMATE RECORD PERIOD 1864 TO 2017


WEATHER ITEM   OBSERVED TIME   RECORD YEAR NORMAL DEPARTURE LAST
                VALUE   (LST)  VALUE       VALUE  FROM      YEAR
                                                  NORMAL
..................................................................
TEMPERATURE (F)
 YESTERDAY
  MAXIMUM         94R   300 PM  94    1895  70     24       83
  MINIMUM         65    320 AM  22    1896  49     16       61
  AVERAGE         80                        59     21       72

PRECIPITATION (IN)
  YESTERDAY        0.00          1.92 1988   0.12  -0.12     0.00
  MONTH TO DATE    0.79                      2.57  -1.78     1.48
  SINCE SEP 1      0.79                      2.57  -1.78     1.48
  SINCE JAN 1     26.09                     23.66   2.43    24.96

SNOWFALL (IN)
  YESTERDAY        0.0           0.0    MM   0.0    0.0      0.0
  MONTH TO DATE    0.0                       0.0    0.0      0.0
  SINCE SEP 1      0.0                       0.0    0.0      0.0
  SINCE JUL 1      0.0                       0.0    0.0      0.0
  SNOW DEPTH       0

DEGREE DAYS
 HEATING
  YESTERDAY        0                         7     -7        0
  MONTH TO DATE   76                        86    -10       10
  SINCE SEP 1     76                        86    -10       10
  SINCE JUL 1    105                       121    -16       13

 COOLING
  YESTERDAY       15                         1     14        7
  MONTH TO DATE   77                        54     23       89
  SINCE SEP 1     77                        54     23       89
  SINCE JAN 1    711                       611    100      855
..................................................................


WIND (MPH)
  RESULTANT WIND SPEED   1   RESULTANT WIND DIRECTION  SE (130)
  HIGHEST WIND SPEED     9   HIGHEST WIND DIRECTION    NW (320)
  HIGHEST GUST SPEED    11   HIGHEST GUST DIRECTION    NW (320)
  AVERAGE WIND SPEED     2.3


SKY COVER
  AVERAGE SKY COVER 0.0


WEATHER CONDITIONS
 THE FOLLOWING WEATHER WAS RECORDED YESTERDAY.
  FOG
  HAZE


RELATIVE HUMIDITY (PERCENT)
 HIGHEST    93          1200 AM
 LOWEST     38           500 PM
 AVERAGE    66

..........................................................


THE LANSING MI CLIMATE NORMALS FOR TODAY
                         NORMAL    RECORD    YEAR
 MAXIMUM TEMPERATURE (F)   70        90      1891
 MINIMUM TEMPERATURE (F)   48        26      1995
                                             1887


SUNRISE AND SUNSET
SEPTEMBER 23 2017.....SUNRISE   727 AM EDT   SUNSET   733 PM EDT
SEPTEMBER 24 2017.....SUNRISE   728 AM EDT   SUNSET   732 PM EDT


-  INDICATES NEGATIVE NUMBERS.
R  INDICATES RECORD WAS SET OR TIED.
MM INDICATES DATA IS MISSING.
T  INDICATES TRACE AMOUNT.




$$
