000
CDUS45 KCYS 241758
CLILAR


CLIMATE REPORT
NATIONAL WEATHER SERVICE CHEYENNE WY
1157 AM MDT FRI OCT 24 2014


...................................

...THE LARAMIE WY AIRPORT CLIMATE SUMMARY FOR OCTOBER 23 2014...

CLIMATE NORMAL PERIOD 1981 TO 2010
CLIMATE RECORD PERIOD 1948 TO 2014


WEATHER ITEM   OBSERVED TIME   RECORD YEAR NORMAL DEPARTURE LAST
                VALUE   (LST)  VALUE       VALUE  FROM      YEAR
                                                  NORMAL
..................................................................
TEMPERATURE (F)
 YESTERDAY
  MAXIMUM         64   1241 PM  73    2003  53     11       58
                                      1954
  MINIMUM         32    113 AM   3    1978  26      6       27
  AVERAGE         48                        40      8       43

PRECIPITATION (IN)
  YESTERDAY        0.00          0.54 1975   0.02  -0.02     0.00
  MONTH TO DATE    0.25                      0.62  -0.37     1.92
  SINCE JAN 1     13.11                      9.88   3.23    11.30

DEGREE DAYS
 HEATING
  YESTERDAY       17                        25     -8       22
  MONTH TO DATE  410                       498    -88      593
  SINCE SEP 1    682                       851   -169      846
  SINCE JUL 1    861                      1023   -162      917

 COOLING
  YESTERDAY        0                         0      0        0
  MONTH TO DATE    0                         0      0        0
  SINCE SEP 1      0                         1     -1       24
  SINCE JAN 1     67                        67      0      162
..................................................................


WIND (MPH)
  HIGHEST WIND SPEED    31   HIGHEST WIND DIRECTION     W (260)
  HIGHEST GUST SPEED    35   HIGHEST GUST DIRECTION     W (250)
  AVERAGE WIND SPEED    11.5


SKY COVER
  AVERAGE SKY COVER 0.0


WEATHER CONDITIONS
 THE FOLLOWING WEATHER WAS RECORDED YESTERDAY.
  NO SIGNIFICANT WEATHER WAS OBSERVED.


RELATIVE HUMIDITY (PERCENT)
 HIGHEST    69           100 AM
 LOWEST     23           100 PM
 AVERAGE    46

..........................................................


THE LARAMIE WY AIRPORT CLIMATE NORMALS FOR TODAY
                         NORMAL    RECORD    YEAR
 MAXIMUM TEMPERATURE (F)   53        70      1965
 MINIMUM TEMPERATURE (F)   26         6      1975


SUNRISE AND SUNSET
OCTOBER 24 2014.......SUNRISE   725 AM MDT   SUNSET   608 PM MDT
OCTOBER 25 2014.......SUNRISE   726 AM MDT   SUNSET   607 PM MDT


-  INDICATES NEGATIVE NUMBERS.
R  INDICATES RECORD WAS SET OR TIED.
MM INDICATES DATA IS MISSING.
T  INDICATES TRACE AMOUNT.




$$
