000
CDUS45 KCYS 272121
CLILAR


CLIMATE REPORT
NATIONAL WEATHER SERVICE CHEYENNE WY
321 PM MDT WED AUG 27 2014


...................................

...THE LARAMIE WY AIRPORT CLIMATE SUMMARY FOR AUGUST 27 2014...
VALID AS OF 0300 PM LOCAL TIME.

CLIMATE NORMAL PERIOD 1981 TO 2010
CLIMATE RECORD PERIOD 1948 TO 2014


WEATHER ITEM   OBSERVED TIME   RECORD YEAR NORMAL DEPARTURE LAST
                VALUE   (LST)  VALUE       VALUE  FROM      YEAR
                                                  NORMAL
..................................................................
TEMPERATURE (F)
 TODAY
  MAXIMUM         66    148 PM  88    1994  76    -10       82
  MINIMUM         51    717 AM  31    1992  45      6       53
  AVERAGE         59                        60     -1       68

PRECIPITATION (IN)
  TODAY            0.05          0.33 1967   0.04   0.01     0.01
  MONTH TO DATE    0.89                      1.09  -0.20     0.93
  SINCE JAN 1     10.05                      8.01   2.04     6.22

DEGREE DAYS
 HEATING
  TODAY            6                         5      1        0
  MONTH TO DATE   89                        80      9       49
  SINCE JUN 1    386                       390     -4      174
  SINCE JUL 1    144                       149     -5       71

 COOLING
  TODAY            0                         0      0        3
  MONTH TO DATE    2                        17    -15       33
  SINCE JUN 1     67                        64      3      127
  SINCE JAN 1     67                        64      3      127
..................................................................


WIND (MPH)
  HIGHEST WIND SPEED    17   HIGHEST WIND DIRECTION     W (270)
  HIGHEST GUST SPEED    22   HIGHEST GUST DIRECTION     W (250)
  AVERAGE WIND SPEED     6.6


SKY COVER
  AVERAGE SKY COVER 0.6


WEATHER CONDITIONS
 THE FOLLOWING WEATHER WAS RECORDED TODAY.
  LIGHT RAIN
  FOG


RELATIVE HUMIDITY (PERCENT)
 HIGHEST    77          1200 AM
 LOWEST     52          1100 AM
 AVERAGE    65

..........................................................


THE LARAMIE WY AIRPORT CLIMATE NORMALS FOR TOMORROW
                         NORMAL    RECORD    YEAR
 MAXIMUM TEMPERATURE (F)   76        86      1954
                                             1948
 MINIMUM TEMPERATURE (F)   44        34      2004


SUNRISE AND SUNSET
AUGUST 27 2014........SUNRISE   624 AM MDT   SUNSET   743 PM MDT
AUGUST 28 2014........SUNRISE   625 AM MDT   SUNSET   742 PM MDT


-  INDICATES NEGATIVE NUMBERS.
R  INDICATES RECORD WAS SET OR TIED.
MM INDICATES DATA IS MISSING.
T  INDICATES TRACE AMOUNT.




$$
