000
CDUS45 KCYS 300735
CLILAR


CLIMATE REPORT
NATIONAL WEATHER SERVICE CHEYENNE WY
134 AM MDT MON MAR 30 2015


...................................

...THE LARAMIE WY AIRPORT CLIMATE SUMMARY FOR MARCH 29 2015...

CLIMATE NORMAL PERIOD 1981 TO 2010
CLIMATE RECORD PERIOD 1948 TO 2015


WEATHER ITEM   OBSERVED TIME   RECORD YEAR NORMAL DEPARTURE LAST
                VALUE   (LST)  VALUE       VALUE  FROM      YEAR
                                                  NORMAL
..................................................................
TEMPERATURE (F)
 YESTERDAY
  MAXIMUM         61    402 PM  67    1986  46     15       54
                                      1978
  MINIMUM         24    601 AM  -3    1961  21      3       26
  AVERAGE         43                        34      9       40

PRECIPITATION (IN)
  YESTERDAY        0.00          0.22 1998   0.03  -0.03     0.00
  MONTH TO DATE    0.15                      0.54  -0.39     0.51
  SINCE JAN 1      0.94                      1.15  -0.21     1.70

DEGREE DAYS
 HEATING
  YESTERDAY       22                        31     -9       25
  MONTH TO DATE  833                       997   -164      943
  SINCE MAR 1    833                       997   -164      943
  SINCE JUL 1   6510                      7173   -663     6987

 COOLING
  YESTERDAY        0                         0      0        0
  MONTH TO DATE    0                         0      0        0
  SINCE MAR 1      0                         0      0        0
  SINCE JAN 1      0                         0      0        0
..................................................................


WIND (MPH)
  HIGHEST WIND SPEED    24   HIGHEST WIND DIRECTION     W (290)
  HIGHEST GUST SPEED    29   HIGHEST GUST DIRECTION     W (290)
  AVERAGE WIND SPEED     8.7


SKY COVER
  AVERAGE SKY COVER 0.0


WEATHER CONDITIONS
 THE FOLLOWING WEATHER WAS RECORDED YESTERDAY.
  NO SIGNIFICANT WEATHER WAS OBSERVED.


RELATIVE HUMIDITY (PERCENT)
 HIGHEST    60           600 AM
 LOWEST     11           300 PM
 AVERAGE    36

..........................................................


THE LARAMIE WY AIRPORT CLIMATE NORMALS FOR TODAY
                         NORMAL    RECORD    YEAR
 MAXIMUM TEMPERATURE (F)   47        68      1978
 MINIMUM TEMPERATURE (F)   21        -9      1961


SUNRISE AND SUNSET
MARCH 30 2015.........SUNRISE   650 AM MDT   SUNSET   726 PM MDT
MARCH 31 2015.........SUNRISE   648 AM MDT   SUNSET   727 PM MDT


-  INDICATES NEGATIVE NUMBERS.
R  INDICATES RECORD WAS SET OR TIED.
MM INDICATES DATA IS MISSING.
T  INDICATES TRACE AMOUNT.




$$
