899
CDUS45 KCYS 250740
CLILAR


CLIMATE REPORT
NATIONAL WEATHER SERVICE CHEYENNE WY
139 AM MDT THU AUG 25 2016


...................................

...THE LARAMIE WY AIRPORT CLIMATE SUMMARY FOR AUGUST 24 2016...

CLIMATE NORMAL PERIOD 1981 TO 2010
CLIMATE RECORD PERIOD 1948 TO 2016


WEATHER ITEM   OBSERVED TIME   RECORD YEAR NORMAL DEPARTURE LAST
                VALUE   (LST)  VALUE       VALUE  FROM      YEAR
                                                  NORMAL
..................................................................
TEMPERATURE (F)
 YESTERDAY
  MAXIMUM         69    117 PM  89    2011  77     -8       83
  MINIMUM         43   1059 PM  32    1962  45     -2       43
  AVERAGE         56                        61     -5       63

PRECIPITATION (IN)
  YESTERDAY        0.02          2.28 1958   0.03  -0.01     0.00
  MONTH TO DATE    0.68                      0.98  -0.30     1.03
  SINCE JAN 1      9.70                      7.90   1.80     9.59

DEGREE DAYS
 HEATING
  YESTERDAY        9                         4      5        2
  MONTH TO DATE   79                        66     13       59
  SINCE JUN 1    225                       376   -151      257
  SINCE JUL 1    118                       135    -17      137

 COOLING
  YESTERDAY        0                         0      0        0
  MONTH TO DATE   20                        17      3       25
  SINCE JUN 1    115                        64     51       59
  SINCE JAN 1    115                        64     51       59
..................................................................


WIND (MPH)
  HIGHEST WIND SPEED    29   HIGHEST WIND DIRECTION    SE (150)
  HIGHEST GUST SPEED    35   HIGHEST GUST DIRECTION     S (160)
  AVERAGE WIND SPEED    11.2


SKY COVER
  AVERAGE SKY COVER 0.5


WEATHER CONDITIONS
 THE FOLLOWING WEATHER WAS RECORDED YESTERDAY.
  LIGHT RAIN


RELATIVE HUMIDITY (PERCENT)
 HIGHEST    83          1100 PM
 LOWEST     32           900 AM
 AVERAGE    58

..........................................................


THE LARAMIE WY AIRPORT CLIMATE NORMALS FOR TODAY
                         NORMAL    RECORD    YEAR
 MAXIMUM TEMPERATURE (F)   76        90      2011
 MINIMUM TEMPERATURE (F)   45        33      1972


SUNRISE AND SUNSET
AUGUST 25 2016........SUNRISE   623 AM MDT   SUNSET   746 PM MDT
AUGUST 26 2016........SUNRISE   624 AM MDT   SUNSET   744 PM MDT


-  INDICATES NEGATIVE NUMBERS.
R  INDICATES RECORD WAS SET OR TIED.
MM INDICATES DATA IS MISSING.
T  INDICATES TRACE AMOUNT.




$$
