000
CDUS45 KVEF 280826
CLILAS


CLIMATE REPORT
NATIONAL WEATHER SERVICE LAS VEGAS, NV
125 AM PDT SUN MAY 28 2017


...................................

...THE LAS VEGAS NV CLIMATE SUMMARY FOR MAY 27 2017...

CLIMATE NORMAL PERIOD 1981 TO 2010
CLIMATE RECORD PERIOD 1937 TO 2017


WEATHER ITEM   OBSERVED TIME   RECORD YEAR NORMAL DEPARTURE LAST
                VALUE   (LST)  VALUE       VALUE  FROM      YEAR
                                                  NORMAL
..................................................................
TEMPERATURE (F)
 YESTERDAY
  MAXIMUM         91    428 PM 108    1974  93     -2       90
  MINIMUM         70    444 AM  44    1953  69      1       68
  AVERAGE         81                        81      0       79

PRECIPITATION (IN)
  YESTERDAY        0.00          0.33 1981   0.00   0.00     0.00
  MONTH TO DATE    0.08                      0.10  -0.02     0.04
  SINCE OCT 1      2.65                      3.12  -0.47     4.26
  SINCE JAN 1      1.59                      1.99  -0.40     2.85

SNOWFALL (IN)
  YESTERDAY        0.0           0.0    MM   0.0    0.0      0.0
  MONTH TO DATE    0.0                       0.0    0.0      0.0
  SINCE MAR 1      0.0                       0.0    0.0      0.0
  SINCE JUL 1      0.0                       0.3   -0.3       T
  SNOW DEPTH       0

DEGREE DAYS
 HEATING
  YESTERDAY        0                         0      0        0
  MONTH TO DATE    7                         4      3        3
  SINCE MAR 1     98                       256   -158      117
  SINCE JUL 1   1470                      1947   -477     1696

 COOLING
  YESTERDAY       16                        16      0       14
  MONTH TO DATE  314                       324    -10      257
  SINCE MAR 1    589                       483    106      454
  SINCE JAN 1    592                       484    108      463
..................................................................


WIND (MPH)
  RESULTANT WIND SPEED   2   RESULTANT WIND DIRECTION   E (90)
  HIGHEST WIND SPEED    18   HIGHEST WIND DIRECTION     N (10)
  HIGHEST GUST SPEED    23   HIGHEST GUST DIRECTION     N (20)
  AVERAGE WIND SPEED     6.1


SKY COVER
  POSSIBLE SUNSHINE  MM
  AVERAGE SKY COVER 0.1


WEATHER CONDITIONS
 THE FOLLOWING WEATHER WAS RECORDED YESTERDAY.
  NO SIGNIFICANT WEATHER WAS OBSERVED.


RELATIVE HUMIDITY (PERCENT)
 HIGHEST    20           500 AM
 LOWEST      8           300 PM
 AVERAGE    14

..........................................................


THE LAS VEGAS NV CLIMATE NORMALS FOR TODAY
                         NORMAL    RECORD    YEAR
 MAXIMUM TEMPERATURE (F)   93       109      2003
 MINIMUM TEMPERATURE (F)   69        50      1971
                                             1964
                                             1946


SUNRISE AND SUNSET
MAY 28 2017...........SUNRISE   526 AM PDT   SUNSET   750 PM PDT
MAY 29 2017...........SUNRISE   526 AM PDT   SUNSET   751 PM PDT


-  INDICATES NEGATIVE NUMBERS.
R  INDICATES RECORD WAS SET OR TIED.
MM INDICATES DATA IS MISSING.
T  INDICATES TRACE AMOUNT.




$$
