000
CDUS45 KVEF 250827
CLILAS


CLIMATE REPORT
NATIONAL WEATHER SERVICE LAS VEGAS, NV
1226 AM PST SAT NOV 25 2017


...................................

...THE LAS VEGAS NV CLIMATE SUMMARY FOR NOVEMBER 24 2017...

CLIMATE NORMAL PERIOD 1981 TO 2010
CLIMATE RECORD PERIOD 1937 TO 2017


WEATHER ITEM   OBSERVED TIME   RECORD YEAR NORMAL DEPARTURE LAST
                VALUE   (LST)  VALUE       VALUE  FROM      YEAR
                                                  NORMAL
..................................................................
TEMPERATURE (F)
 YESTERDAY
  MAXIMUM         77    319 PM  81    1949  62     15       62
  MINIMUM         54    555 AM  15    1938  43     11       42
  AVERAGE         66                        53     13       52

PRECIPITATION (IN)
  YESTERDAY        0.00          0.45 1978   0.01  -0.01     0.00
  MONTH TO DATE    0.00                      0.28  -0.28      T
  SINCE OCT 1      0.00                      0.55  -0.55     0.23
  SINCE JAN 1      2.38                      3.61  -1.23     3.94

SNOWFALL (IN)
  YESTERDAY        0.0           0.0  2013   0.0    0.0      0.0
  MONTH TO DATE    0.0                       0.0    0.0      0.0
  SINCE SEP 1      0.0                       0.0    0.0      0.0
  SINCE JUL 1      0.0                       0.0    0.0      0.0
  SNOW DEPTH       0

DEGREE DAYS
 HEATING
  YESTERDAY        0                        12    -12       13
  MONTH TO DATE   64                       187   -123       78
  SINCE SEP 1     64                       226   -162       78
  SINCE JUL 1     64                       226   -162       78

 COOLING
  YESTERDAY        1                         0      1        0
  MONTH TO DATE   21                        10     11       45
  SINCE SEP 1    750                       717     33      856
  SINCE JAN 1   4042                      3566    476     4002
..................................................................


WIND (MPH)
  RESULTANT WIND SPEED   1   RESULTANT WIND DIRECTION   S (200)
  HIGHEST WIND SPEED     8   HIGHEST WIND DIRECTION     S (200)
  HIGHEST GUST SPEED    10   HIGHEST GUST DIRECTION    SW (210)
  AVERAGE WIND SPEED     2.7


SKY COVER
  POSSIBLE SUNSHINE  MM
  AVERAGE SKY COVER 0.5


WEATHER CONDITIONS
 THE FOLLOWING WEATHER WAS RECORDED YESTERDAY.
  NO SIGNIFICANT WEATHER WAS OBSERVED.


RELATIVE HUMIDITY (PERCENT)
 HIGHEST    51           500 AM
 LOWEST     25           200 PM
 AVERAGE    38

..........................................................


THE LAS VEGAS NV CLIMATE NORMALS FOR TODAY
                         NORMAL    RECORD    YEAR
 MAXIMUM TEMPERATURE (F)   62        76      1970
                                             1950
                                             1949
 MINIMUM TEMPERATURE (F)   43        18      1938


SUNRISE AND SUNSET
NOVEMBER 25 2017......SUNRISE   628 AM PST   SUNSET   428 PM PST
NOVEMBER 26 2017......SUNRISE   629 AM PST   SUNSET   427 PM PST


-  INDICATES NEGATIVE NUMBERS.
R  INDICATES RECORD WAS SET OR TIED.
MM INDICATES DATA IS MISSING.
T  INDICATES TRACE AMOUNT.




$$
