000
CDUS45 KVEF 260826
CLILAS


CLIMATE REPORT
NATIONAL WEATHER SERVICE LAS VEGAS, NV
1226 AM PST SUN FEB 26 2017


...................................

...THE LAS VEGAS NV CLIMATE SUMMARY FOR FEBRUARY 25 2017...

CLIMATE NORMAL PERIOD 1981 TO 2010
CLIMATE RECORD PERIOD 1937 TO 2017


WEATHER ITEM   OBSERVED TIME   RECORD YEAR NORMAL DEPARTURE LAST
                VALUE   (LST)  VALUE       VALUE  FROM      YEAR
                                                  NORMAL
..................................................................
TEMPERATURE (F)
 YESTERDAY
  MAXIMUM         53    327 PM  85    1986  65    -12       75
  MINIMUM         37    617 AM  26    1960  46     -9       46
  AVERAGE         45                        55    -10       61

PRECIPITATION (IN)
  YESTERDAY        0.00          0.77 2003   0.03  -0.03     0.00
  MONTH TO DATE    0.56                      0.68  -0.12     0.09
  SINCE OCT 1      2.52                      2.35   0.17     1.96
  SINCE JAN 1      1.46                      1.22   0.24     0.55

SNOWFALL (IN)
  YESTERDAY        0.0           0.6  1987   0.0    0.0      0.0
  MONTH TO DATE    0.0                       0.1   -0.1      0.0
  SINCE DEC 1      0.0                       0.3   -0.3       T
  SINCE JUL 1      0.0                       0.3   -0.3       T
  SNOW DEPTH       0

DEGREE DAYS
 HEATING
  YESTERDAY       20                        10     10        4
  MONTH TO DATE  174                       311   -137      210
  SINCE DEC 1   1166                      1354   -188     1254
  SINCE JUL 1   1333                      1663   -330     1578

 COOLING
  YESTERDAY        0                         0      0        0
  MONTH TO DATE    3                         0      3        2
  SINCE DEC 1      3                         0      3        2
  SINCE JAN 1      3                         0      3        2
..................................................................


WIND (MPH)
  RESULTANT WIND SPEED   1   RESULTANT WIND DIRECTION  NE (30)
  HIGHEST WIND SPEED     9   HIGHEST WIND DIRECTION    NE (30)
  HIGHEST GUST SPEED    13   HIGHEST GUST DIRECTION     E (70)
  AVERAGE WIND SPEED     3.2


SKY COVER
  POSSIBLE SUNSHINE  MM
  AVERAGE SKY COVER 0.5


WEATHER CONDITIONS
 THE FOLLOWING WEATHER WAS RECORDED YESTERDAY.
  NO SIGNIFICANT WEATHER WAS OBSERVED.


RELATIVE HUMIDITY (PERCENT)
 HIGHEST    52           400 AM
 LOWEST     24          1100 AM
 AVERAGE    38

..........................................................


THE LAS VEGAS NV CLIMATE NORMALS FOR TODAY
                         NORMAL    RECORD    YEAR
 MAXIMUM TEMPERATURE (F)   65        87      1986
 MINIMUM TEMPERATURE (F)   46        28      1971


SUNRISE AND SUNSET
FEBRUARY 26 2017......SUNRISE   614 AM PST   SUNSET   533 PM PST
FEBRUARY 27 2017......SUNRISE   613 AM PST   SUNSET   534 PM PST


-  INDICATES NEGATIVE NUMBERS.
R  INDICATES RECORD WAS SET OR TIED.
MM INDICATES DATA IS MISSING.
T  INDICATES TRACE AMOUNT.




$$
