000
CDUS45 KVEF 310025
CLILAS


CLIMATE REPORT
NATIONAL WEATHER SERVICE LAS VEGAS, NV
525 PM PDT MON MAR 30 2015


...................................

...THE LAS VEGAS NV CLIMATE SUMMARY FOR MARCH 30 2015...
VALID TODAY AS OF 0500 PM LOCAL TIME.

CLIMATE NORMAL PERIOD 1981 TO 2010
CLIMATE RECORD PERIOD 1937 TO 2015


WEATHER ITEM   OBSERVED TIME   RECORD YEAR NORMAL DEPARTURE LAST
                VALUE   (LST)  VALUE       VALUE  FROM      YEAR
                                                  NORMAL
..................................................................
TEMPERATURE (F)
 TODAY
  MAXIMUM         90R   326 PM  88    2004  74     16       71
                                      1971
  MINIMUM         63    501 AM  33    1987  52     11       57
                                      1938
  AVERAGE         77                        63     14       64

PRECIPITATION (IN)
  TODAY            0.00          0.94 1992   0.01  -0.01     0.00
  MONTH TO DATE    0.28                      0.43  -0.15     0.00
  SINCE OCT 1      1.99                      2.86  -0.87     1.72
  SINCE JAN 1      1.69                      1.73  -0.04     0.30

SNOWFALL (IN)
  TODAY            0.0           T    1992   0.0    0.0      0.0
  MONTH TO DATE    0.0                       0.0    0.0      0.0
  SINCE MAR 1      0.0                       0.0    0.0      0.0
  SINCE JUL 1      T                         0.3   -0.3      0.0
  SNOW DEPTH       0

DEGREE DAYS
 HEATING
  TODAY            0                         4     -4        1
  MONTH TO DATE   76                       185   -109       82
  SINCE MAR 1     76                       185   -109       82
  SINCE JUL 1   1183                      1876   -693     1468

 COOLING
  TODAY           12                         2     10        0
  MONTH TO DATE  126                        26    100       31
  SINCE MAR 1    126                        26    100       31
  SINCE JAN 1    136                        27    109       34
..................................................................


WIND (MPH)
  RESULTANT WIND SPEED   5   RESULTANT WIND DIRECTION   S (180)
  HIGHEST WIND SPEED    14   HIGHEST WIND DIRECTION     S (170)
  HIGHEST GUST SPEED    20   HIGHEST GUST DIRECTION     S (180)
  AVERAGE WIND SPEED     6.4


SKY COVER
  POSSIBLE SUNSHINE  MM
  AVERAGE SKY COVER 0.2


WEATHER CONDITIONS
 THE FOLLOWING WEATHER WAS RECORDED TODAY.
  NO SIGNIFICANT WEATHER WAS OBSERVED.


RELATIVE HUMIDITY (PERCENT)
 HIGHEST    23           500 AM
 LOWEST      7           100 PM
 AVERAGE    15

..........................................................


THE LAS VEGAS NV CLIMATE NORMALS FOR TOMORROW
                         NORMAL    RECORD    YEAR
 MAXIMUM TEMPERATURE (F)   74        91      1966
 MINIMUM TEMPERATURE (F)   52        25      1938


SUNRISE AND SUNSET
MARCH 30 2015.........SUNRISE   630 AM PDT   SUNSET   701 PM PDT
MARCH 31 2015.........SUNRISE   629 AM PDT   SUNSET   702 PM PDT


-  INDICATES NEGATIVE NUMBERS.
R  INDICATES RECORD WAS SET OR TIED.
MM INDICATES DATA IS MISSING.
T  INDICATES TRACE AMOUNT.




$$
