000
CDUS46 KLOX 260122
CLILAX


CLIMATE REPORT
NATIONAL WEATHER SERVICE LOS ANGELES/OXNARD CA
522 PM PST SUN JAN 25 2015


...................................

...THE LOS ANGELES AIRPORT CLIMATE SUMMARY FOR JANUARY 25 2015...
VALID TODAY AS OF 0500 PM LOCAL TIME.

CLIMATE NORMAL PERIOD 1981 TO 2010
CLIMATE RECORD PERIOD 1944 TO 2015


WEATHER ITEM   OBSERVED TIME   RECORD YEAR NORMAL DEPARTURE LAST
                VALUE   (LST)  VALUE       VALUE  FROM      YEAR
                                                  NORMAL
..................................................................
TEMPERATURE (F)
 TODAY
  MAXIMUM         80    124 PM  86    1951  65     15       75
  MINIMUM         48    652 AM  36    1947  49     -1       58
  AVERAGE         64                        57      7       67

PRECIPITATION (IN)
  TODAY            0.00          2.77 1956   0.08  -0.08     0.00
  MONTH TO DATE    1.08                      2.19  -1.11     0.00
  SINCE OCT 1      5.78                      5.91  -0.13     1.01
  SINCE JAN 1      1.08                      2.19  -1.11     0.00

SNOWFALL (IN)
  TODAY            0.0
  MONTH TO DATE    0.0
  SINCE DEC 1      0.0
  SINCE JUL 1      0.0

DEGREE DAYS
 HEATING
  TODAY            1                         8     -7        0
  MONTH TO DATE  150                       211    -61       85
  SINCE DEC 1    357                       471   -114      278
  SINCE JUL 1    399                       653   -254      378

 COOLING
  TODAY            0                         0      0        2
  MONTH TO DATE    5                         0      5       16
  SINCE DEC 1      7                         1      6       32
  SINCE JAN 1      5                         0      5       16
..................................................................


WIND (MPH)
  HIGHEST WIND SPEED    14   HIGHEST WIND DIRECTION    SW (220)
  HIGHEST GUST SPEED    22   HIGHEST GUST DIRECTION    SW (210)
  AVERAGE WIND SPEED     1.5


SKY COVER
  POSSIBLE SUNSHINE  MM
  AVERAGE SKY COVER 0.2


WEATHER CONDITIONS
 THE FOLLOWING WEATHER WAS RECORDED TODAY.
  NO SIGNIFICANT WEATHER WAS OBSERVED.


RELATIVE HUMIDITY (PERCENT)
 HIGHEST    56           700 AM
 LOWEST     15          1200 PM
 AVERAGE    36

..........................................................


THE LOS ANGELES AIRPORT CLIMATE NORMALS FOR TOMORROW
                         NORMAL    RECORD    YEAR
 MAXIMUM TEMPERATURE (F)   65        85      2003
 MINIMUM TEMPERATURE (F)   49        35      1950


SUNRISE AND SUNSET
JANUARY 25 2015.......SUNRISE   655 AM PST   SUNSET   517 PM PST
JANUARY 26 2015.......SUNRISE   654 AM PST   SUNSET   518 PM PST


-  INDICATES NEGATIVE NUMBERS.
R  INDICATES RECORD WAS SET OR TIED.
MM INDICATES DATA IS MISSING.
T  INDICATES TRACE AMOUNT.




$$
