000
CDUS46 KLOX 020111
CLILAX


CLIMATE REPORT
NATIONAL WEATHER SERVICE LOS ANGELES/OXNARD CA
511 PM PST SUN MAR 1 2015


...................................

...THE LOS ANGELES AIRPORT CLIMATE SUMMARY FOR MARCH 1 2015...
VALID TODAY AS OF 0500 PM LOCAL TIME.

CLIMATE NORMAL PERIOD 1981 TO 2010
CLIMATE RECORD PERIOD 1944 TO 2015


WEATHER ITEM   OBSERVED TIME   RECORD YEAR NORMAL DEPARTURE LAST
                VALUE   (LST)  VALUE       VALUE  FROM      YEAR
                                                  NORMAL
..................................................................
TEMPERATURE (F)
 TODAY
  MAXIMUM         63    103 PM  81    2013  64     -1       65
  MINIMUM         51    526 AM  36    1945  51      0       53
  AVERAGE         57                        58     -1       59

PRECIPITATION (IN)
  TODAY            0.05          2.55 1983   0.09  -0.04     0.35
  MONTH TO DATE    0.05                      0.09  -0.04     0.35
  SINCE OCT 1      6.27                      9.77  -3.50     4.15
  SINCE JAN 1      1.57                      6.05  -4.48     3.14

SNOWFALL (IN)
  TODAY            0.0
  MONTH TO DATE    0.0
  SINCE MAR 1      0.0
  SINCE JUL 1      0.0

DEGREE DAYS
 HEATING
  TODAY            8                         8      0        6
  MONTH TO DATE    8                         8      0        6
  SINCE MAR 1      8                         8      0        6
  SINCE JUL 1    541                       937   -396      561

 COOLING
  TODAY            0                         0      0        0
  MONTH TO DATE    0                         0      0        0
  SINCE MAR 1      0                         0      0        0
  SINCE JAN 1     27                         9     18       16
..................................................................


WIND (MPH)
  HIGHEST WIND SPEED    16   HIGHEST WIND DIRECTION    SE (150)
  HIGHEST GUST SPEED    28   HIGHEST GUST DIRECTION    SE (150)
  AVERAGE WIND SPEED     7.8


SKY COVER
  POSSIBLE SUNSHINE  MM
  AVERAGE SKY COVER 0.6


WEATHER CONDITIONS
 THE FOLLOWING WEATHER WAS RECORDED TODAY.
  RAIN
  LIGHT RAIN
  FOG


RELATIVE HUMIDITY (PERCENT)
 HIGHEST    83           200 AM
 LOWEST     56          1200 PM
 AVERAGE    70

..........................................................


THE LOS ANGELES AIRPORT CLIMATE NORMALS FOR TOMORROW
                         NORMAL    RECORD    YEAR
 MAXIMUM TEMPERATURE (F)   64        82      2013
 MINIMUM TEMPERATURE (F)   51        38      1953


SUNRISE AND SUNSET
MARCH  1 2015.........SUNRISE   622 AM PST   SUNSET   550 PM PST
MARCH  2 2015.........SUNRISE   621 AM PST   SUNSET   551 PM PST


-  INDICATES NEGATIVE NUMBERS.
R  INDICATES RECORD WAS SET OR TIED.
MM INDICATES DATA IS MISSING.
T  INDICATES TRACE AMOUNT.




$$
