000
CDUS46 KLOX 120912
CLILAX


CLIMATE REPORT
NATIONAL WEATHER SERVICE LOS ANGELES/OXNARD CA
111 AM PST TUE DEC 12 2017


...................................

...THE LOS ANGELES INTL AIRPORT CA CLIMATE SUMMARY FOR DECEMBER 11 2017...

CLIMATE NORMAL PERIOD 1981 TO 2010
CLIMATE RECORD PERIOD 1944 TO 2017


WEATHER ITEM   OBSERVED TIME   RECORD YEAR NORMAL DEPARTURE LAST
                VALUE   (LST)  VALUE       VALUE  FROM      YEAR
                                                  NORMAL
..................................................................
TEMPERATURE (F)
 YESTERDAY
  MAXIMUM         83   1253 PM  84    1958  65     18       65
  MINIMUM         57    638 AM  36    1949  49      8       59
  AVERAGE         70                        57     13       62

PRECIPITATION (IN)
  YESTERDAY        0.00          0.68 1996   0.06  -0.06     0.05
  MONTH TO DATE    0.00                      0.60  -0.60     0.05
  SINCE OCT 1      0.10                      2.27  -2.17     1.52
  SINCE JAN 1     12.25                     11.37   0.88     7.54

SNOWFALL (IN)
  YESTERDAY        0.0
  MONTH TO DATE    0.0
  SINCE DEC 1      0.0
  SINCE JUL 1      0.0

DEGREE DAYS
 HEATING
  YESTERDAY        0                         8     -8        3
  MONTH TO DATE   21                        85    -64       71
  SINCE DEC 1     21                        85    -64       71
  SINCE JUL 1     52                       267   -215      150

 COOLING
  YESTERDAY        5                         0      5        0
  MONTH TO DATE   12                         0     12        0
  SINCE DEC 1     12                         0     12        0
  SINCE JAN 1   1039                       550    489      962
..................................................................


WIND (MPH)
  HIGHEST WIND SPEED    12   HIGHEST WIND DIRECTION     W (290)
  HIGHEST GUST SPEED    14   HIGHEST GUST DIRECTION     W (290)
  AVERAGE WIND SPEED     4.3


SKY COVER
  POSSIBLE SUNSHINE  MM
  AVERAGE SKY COVER 0.5


WEATHER CONDITIONS
 THE FOLLOWING WEATHER WAS RECORDED YESTERDAY.
  NO SIGNIFICANT WEATHER WAS OBSERVED.


RELATIVE HUMIDITY (PERCENT)
 HIGHEST    51           900 PM
 LOWEST      5           100 PM
 AVERAGE    28

..........................................................


THE LOS ANGELES INTL AIRPORT CA CLIMATE NORMALS FOR TODAY
                         NORMAL    RECORD    YEAR
 MAXIMUM TEMPERATURE (F)   65        83      2010
 MINIMUM TEMPERATURE (F)   49        35      1949


SUNRISE AND SUNSET
DECEMBER 12 2017......SUNRISE   650 AM PST   SUNSET   445 PM PST
DECEMBER 13 2017......SUNRISE   650 AM PST   SUNSET   446 PM PST


-  INDICATES NEGATIVE NUMBERS.
R  INDICATES RECORD WAS SET OR TIED.
MM INDICATES DATA IS MISSING.
T  INDICATES TRACE AMOUNT.




$$
