000
CDUS46 KLOX 190125
CLILAX


CLIMATE REPORT
NATIONAL WEATHER SERVICE LOS ANGELES/OXNARD CA
625 PM PDT WED OCT 18 2017


...................................

...THE LOS ANGELES AIRPORT CLIMATE SUMMARY FOR OCTOBER 18 2017...
VALID TODAY AS OF 0600 PM LOCAL TIME.

CLIMATE NORMAL PERIOD 1981 TO 2010
CLIMATE RECORD PERIOD 1944 TO 2017


WEATHER ITEM   OBSERVED TIME   RECORD YEAR NORMAL DEPARTURE LAST
                VALUE   (LST)  VALUE       VALUE  FROM      YEAR
                                                  NORMAL
..................................................................
TEMPERATURE (F)
 TODAY
  MAXIMUM         80   1258 PM  89    1967  72      8       72
  MINIMUM         66    425 AM  49    1946  59      7       59
  AVERAGE         73                        66      7       66

PRECIPITATION (IN)
  TODAY            0.00          1.75 1972   0.02  -0.02     0.00
  MONTH TO DATE    0.00                      0.26  -0.26     0.26
  SINCE OCT 1      0.00                      0.26  -0.26     0.26
  SINCE JAN 1     12.15                      9.36   2.79     6.28

SNOWFALL (IN)
  TODAY            0.0
  MONTH TO DATE    0.0
  SINCE SEP 1      0.0
  SINCE JUL 1      0.0

DEGREE DAYS
 HEATING
  TODAY            0                         1     -1        0
  MONTH TO DATE    0                        15    -15        1
  SINCE SEP 1      1                        20    -19        1
  SINCE JUL 1      1                        24    -23        1

 COOLING
  TODAY            8                         2      6        1
  MONTH TO DATE  106                        43     63       49
  SINCE SEP 1    310                       165    145      239
  SINCE JAN 1    875                       511    364      821
..................................................................


WIND (MPH)
  HIGHEST WIND SPEED    18   HIGHEST WIND DIRECTION     W (270)
  HIGHEST GUST SPEED    22   HIGHEST GUST DIRECTION     W (270)
  AVERAGE WIND SPEED     7.0


SKY COVER
  POSSIBLE SUNSHINE  MM
  AVERAGE SKY COVER 0.3


WEATHER CONDITIONS
 THE FOLLOWING WEATHER WAS RECORDED TODAY.
  HAZE


RELATIVE HUMIDITY (PERCENT)
 HIGHEST    87           400 AM
 LOWEST     42           100 PM
 AVERAGE    65

..........................................................


THE LOS ANGELES AIRPORT CLIMATE NORMALS FOR TOMORROW
                         NORMAL    RECORD    YEAR
 MAXIMUM TEMPERATURE (F)   72        93      1981
 MINIMUM TEMPERATURE (F)   59        47      1949


SUNRISE AND SUNSET
OCTOBER 18 2017.......SUNRISE   701 AM PDT   SUNSET   616 PM PDT
OCTOBER 19 2017.......SUNRISE   702 AM PDT   SUNSET   614 PM PDT


-  INDICATES NEGATIVE NUMBERS.
R  INDICATES RECORD WAS SET OR TIED.
MM INDICATES DATA IS MISSING.
T  INDICATES TRACE AMOUNT.




$$
