000
CDUS46 KLOX 240121
CLILAX


CLIMATE REPORT
NATIONAL WEATHER SERVICE LOS ANGELES/OXNARD CA
620 PM PDT FRI JUN 23 2017


...................................

...THE LOS ANGELES AIRPORT CLIMATE SUMMARY FOR JUNE 23 2017...
VALID TODAY AS OF 0600 PM LOCAL TIME.

CLIMATE NORMAL PERIOD 1981 TO 2010
CLIMATE RECORD PERIOD 1944 TO 2017


WEATHER ITEM   OBSERVED TIME   RECORD YEAR NORMAL DEPARTURE LAST
                VALUE   (LST)  VALUE       VALUE  FROM      YEAR
                                                  NORMAL
..................................................................
TEMPERATURE (F)
 TODAY
  MAXIMUM         70    144 PM  90    1978  72     -2       75
  MINIMUM         64    723 AM  57    1964  61      3       64
                                      1962
                                      1948
  AVERAGE         67                        67      0       70

PRECIPITATION (IN)
  TODAY            0.00          T    1964   0.00   0.00     0.00
                                      1962
                                      1950
  MONTH TO DATE    T                         0.07  -0.07      T
  SINCE OCT 1     16.32                     12.52   3.80     7.25
  SINCE JAN 1     12.07                      8.80   3.27     6.01

SNOWFALL (IN)
  TODAY            0.0
  MONTH TO DATE    0.0
  SINCE JUN 1      0.0
  SINCE JUL 1      0.0

DEGREE DAYS
 HEATING
  TODAY            0                         0      0        0
  MONTH TO DATE    4                        24    -20       16
  SINCE JUN 1      4                        24    -20       16
  SINCE JUL 1   1025                      1418   -393      978

 COOLING
  TODAY            2                         2      0        5
  MONTH TO DATE   37                        28      9       57
  SINCE JUN 1     37                        28      9       57
  SINCE JAN 1     95                        68     27      150
..................................................................


WIND (MPH)
  HIGHEST WIND SPEED    17   HIGHEST WIND DIRECTION     W (260)
  HIGHEST GUST SPEED    22   HIGHEST GUST DIRECTION     W (270)
  AVERAGE WIND SPEED     9.0


SKY COVER
  POSSIBLE SUNSHINE  MM
  AVERAGE SKY COVER 0.9


WEATHER CONDITIONS
 THE FOLLOWING WEATHER WAS RECORDED TODAY.
  FOG
  HAZE


RELATIVE HUMIDITY (PERCENT)
 HIGHEST    93           300 AM
 LOWEST     73           200 PM
 AVERAGE    83

..........................................................


THE LOS ANGELES AIRPORT CLIMATE NORMALS FOR TOMORROW
                         NORMAL    RECORD    YEAR
 MAXIMUM TEMPERATURE (F)   72        99      1976
 MINIMUM TEMPERATURE (F)   62        55      1962
                                             1945


SUNRISE AND SUNSET
JUNE 23 2017..........SUNRISE   544 AM PDT   SUNSET   808 PM PDT
JUNE 24 2017..........SUNRISE   544 AM PDT   SUNSET   808 PM PDT


-  INDICATES NEGATIVE NUMBERS.
R  INDICATES RECORD WAS SET OR TIED.
MM INDICATES DATA IS MISSING.
T  INDICATES TRACE AMOUNT.




$$
