425
CDUS44 KLUB 040629
CLILBB


CLIMATE REPORT
NATIONAL WEATHER SERVICE LUBBOCK, TX
1229 AM CST SUN DEC 4 2016


...................................

...THE LUBBOCK CLIMATE SUMMARY FOR DECEMBER 3 2016...

CLIMATE NORMAL PERIOD 1981 TO 2010
CLIMATE RECORD PERIOD 1911 TO 2016


WEATHER ITEM   OBSERVED TIME   RECORD YEAR NORMAL DEPARTURE LAST
                VALUE   (LST)  VALUE       VALUE  FROM      YEAR
                                                  NORMAL
..................................................................
TEMPERATURE (F)
 YESTERDAY
  MAXIMUM         41   1159 PM  82    2010  57    -16       61
  MINIMUM         39    251 AM  15    1967  29     10       27
  AVERAGE         40                        43     -3       44

PRECIPITATION (IN)
  YESTERDAY        0.31          1.22 2002   0.02   0.29     0.00
  MONTH TO DATE    0.43                      0.07   0.36     0.00
  SINCE DEC 1      0.43                      0.07   0.36     0.00
  SINCE JAN 1     13.41                     18.43  -5.02    27.88

SNOWFALL (IN)
  YESTERDAY       MM             3.2  1982   0.1   MM        0.0
  MONTH TO DATE    0.0                       0.2   -0.2      0.0
  SINCE DEC 1      0.0                       0.2   -0.2      0.0
  SINCE JUL 1      0.0                       1.1   -1.1       T
  SNOW DEPTH       0

DEGREE DAYS
 HEATING
  YESTERDAY       25                        22      3       21
  MONTH TO DATE   72                        66      6       67
  SINCE DEC 1     72                        66      6       67
  SINCE JUL 1    436                       708   -272      586

 COOLING
  YESTERDAY        0                         0      0        0
  MONTH TO DATE    0                         0      0        0
  SINCE DEC 1      0                         0      0        0
  SINCE JAN 1   2114                      1804    310     1922
..................................................................


WIND (MPH)
  RESULTANT WIND SPEED   6   RESULTANT WIND DIRECTION   E (70)
  HIGHEST WIND SPEED    20   HIGHEST WIND DIRECTION    NE (60)
  HIGHEST GUST SPEED    24   HIGHEST GUST DIRECTION    NE (60)
  AVERAGE WIND SPEED     7.5


SKY COVER
  AVERAGE SKY COVER 0.8


WEATHER CONDITIONS
 THE FOLLOWING WEATHER WAS RECORDED YESTERDAY.
  HEAVY RAIN
  RAIN
  LIGHT RAIN
  FOG


RELATIVE HUMIDITY (PERCENT)
 HIGHEST   100           800 AM
 LOWEST     93           500 AM
 AVERAGE    97

..........................................................


THE LUBBOCK CLIMATE NORMALS FOR TODAY
                         NORMAL    RECORD    YEAR
 MAXIMUM TEMPERATURE (F)   56        81      1958
 MINIMUM TEMPERATURE (F)   29        15      1921


SUNRISE AND SUNSET
DECEMBER  4 2016......SUNRISE   737 AM CST   SUNSET   539 PM CST
DECEMBER  5 2016......SUNRISE   737 AM CST   SUNSET   539 PM CST


-  INDICATES NEGATIVE NUMBERS.
R  INDICATES RECORD WAS SET OR TIED.
MM INDICATES DATA IS MISSING.
T  INDICATES TRACE AMOUNT.




$$
