000
CDUS44 KLUB 180636
CLILBB


CLIMATE REPORT
NATIONAL WEATHER SERVICE LUBBOCK, TX
1235 AM CST WED JAN 18 2017


...................................

...THE LUBBOCK CLIMATE SUMMARY FOR JANUARY 17 2017...

CLIMATE NORMAL PERIOD 1981 TO 2010
CLIMATE RECORD PERIOD 1911 TO 2017


WEATHER ITEM   OBSERVED TIME   RECORD YEAR NORMAL DEPARTURE LAST
                VALUE   (LST)  VALUE       VALUE  FROM      YEAR
                                                  NORMAL
..................................................................
TEMPERATURE (F)
 YESTERDAY
  MAXIMUM         55    336 PM  87    1914  54      1       57
  MINIMUM         33    835 AM  -2    1930  26      7       29
  AVERAGE         44                        40      4       43

PRECIPITATION (IN)
  YESTERDAY        0.07          1.39 2004   0.02   0.05     0.00
  MONTH TO DATE    2.02                      0.31   1.71     0.30
  SINCE DEC 1      2.51                      1.07   1.44     1.87
  SINCE JAN 1      2.02                      0.31   1.71     0.30

SNOWFALL (IN)
  YESTERDAY        0.0           3.5  1987   0.0    0.0      0.0
  MONTH TO DATE    0.2                       1.3   -1.1      2.1
  SINCE DEC 1      0.2                       3.6   -3.4     13.3
  SINCE JUL 1      0.2                       4.5   -4.3     13.3
  SNOW DEPTH       0

DEGREE DAYS
 HEATING
  YESTERDAY       21                        25     -4       22
  MONTH TO DATE  395                       429    -34      467
  SINCE DEC 1   1101                      1185    -84     1127
  SINCE JUL 1   1465                      1827   -362     1646

 COOLING
  YESTERDAY        0                         0      0        0
  MONTH TO DATE    0                         0      0        0
  SINCE DEC 1      0                         0      0        0
  SINCE JAN 1      0                         0      0        0
..................................................................


WIND (MPH)
  RESULTANT WIND SPEED   7   RESULTANT WIND DIRECTION   N (20)
  HIGHEST WIND SPEED    18   HIGHEST WIND DIRECTION     S (160)
  HIGHEST GUST SPEED    22   HIGHEST GUST DIRECTION     S (160)
  AVERAGE WIND SPEED     8.0


SKY COVER
  AVERAGE SKY COVER 0.6


WEATHER CONDITIONS
 THE FOLLOWING WEATHER WAS RECORDED YESTERDAY.
  LIGHT RAIN
  FOG


RELATIVE HUMIDITY (PERCENT)
 HIGHEST    89           200 AM
 LOWEST     54           200 PM
 AVERAGE    72

..........................................................


THE LUBBOCK CLIMATE NORMALS FOR TODAY
                         NORMAL    RECORD    YEAR
 MAXIMUM TEMPERATURE (F)   54        79      1914
 MINIMUM TEMPERATURE (F)   26        -5      1930


SUNRISE AND SUNSET
JANUARY 18 2017.......SUNRISE   751 AM CST   SUNSET   605 PM CST
JANUARY 19 2017.......SUNRISE   750 AM CST   SUNSET   606 PM CST


-  INDICATES NEGATIVE NUMBERS.
R  INDICATES RECORD WAS SET OR TIED.
MM INDICATES DATA IS MISSING.
T  INDICATES TRACE AMOUNT.




$$
