000
CDUS44 KLUB 210632
CLILBB


CLIMATE REPORT
NATIONAL WEATHER SERVICE LUBBOCK, TX
132 AM CDT SAT OCT 21 2017


...................................

...THE LUBBOCK CLIMATE SUMMARY FOR OCTOBER 20 2017...

CLIMATE NORMAL PERIOD 1981 TO 2010
CLIMATE RECORD PERIOD 1911 TO 2017


WEATHER ITEM   OBSERVED TIME   RECORD YEAR NORMAL DEPARTURE LAST
                VALUE   (LST)  VALUE       VALUE  FROM      YEAR
                                                  NORMAL
..................................................................
TEMPERATURE (F)
 YESTERDAY
  MAXIMUM         81    336 PM  93    2012  74      7       71
  MINIMUM         58    719 AM  25    1916  47     11       45
  AVERAGE         70                        60     10       58

PRECIPITATION (IN)
  YESTERDAY        T             2.20 1957   0.06  -0.06     0.00
  MONTH TO DATE    0.42                      1.35  -0.93     1.05
  SINCE SEP 1      3.88                      3.86   0.02     2.52
  SINCE JAN 1     21.84                     16.93   4.91    12.44

SNOWFALL (IN)
  YESTERDAY        0.0           0.0  2002   0.0    0.0      0.0
  MONTH TO DATE    0.0                       0.0    0.0      0.0
  SINCE SEP 1      0.0                       0.0    0.0      0.0
  SINCE JUL 1      0.0                       0.0    0.0      0.0
  SNOW DEPTH       0

DEGREE DAYS
 HEATING
  YESTERDAY        0                         6     -6        7
  MONTH TO DATE   50                        78    -28       38
  SINCE SEP 1     75                       101    -26       40
  SINCE JUL 1     75                       101    -26       40

 COOLING
  YESTERDAY        5                         1      4        0
  MONTH TO DATE   82                        45     37       93
  SINCE SEP 1    332                       268     64      347
  SINCE JAN 1   1977                      1794    183     2073
..................................................................


WIND (MPH)
  RESULTANT WIND SPEED  14   RESULTANT WIND DIRECTION   S (190)
  HIGHEST WIND SPEED    26   HIGHEST WIND DIRECTION     S (170)
  HIGHEST GUST SPEED    34   HIGHEST GUST DIRECTION     S (170)
  AVERAGE WIND SPEED    15.7


SKY COVER
  AVERAGE SKY COVER 0.4


WEATHER CONDITIONS
 THE FOLLOWING WEATHER WAS RECORDED YESTERDAY.
  LIGHT RAIN


RELATIVE HUMIDITY (PERCENT)
 HIGHEST    87           800 AM
 LOWEST     36           300 PM
 AVERAGE    62

..........................................................


THE LUBBOCK CLIMATE NORMALS FOR TODAY
                         NORMAL    RECORD    YEAR
 MAXIMUM TEMPERATURE (F)   74        90      2003
 MINIMUM TEMPERATURE (F)   46        26      1917


SUNRISE AND SUNSET
OCTOBER 21 2017.......SUNRISE   757 AM CDT   SUNSET   706 PM CDT
OCTOBER 22 2017.......SUNRISE   758 AM CDT   SUNSET   705 PM CDT


-  INDICATES NEGATIVE NUMBERS.
R  INDICATES RECORD WAS SET OR TIED.
MM INDICATES DATA IS MISSING.
T  INDICATES TRACE AMOUNT.




$$
