000
CDUS44 KLUB 060625
CLILBB


CLIMATE REPORT
NATIONAL WEATHER SERVICE LUBBOCK, TX
1225 AM CST FRI MAR 6 2015


...................................

...THE LUBBOCK CLIMATE SUMMARY FOR MARCH 5 2015...

CLIMATE NORMAL PERIOD 1981 TO 2010
CLIMATE RECORD PERIOD 1911 TO 2015


WEATHER ITEM   OBSERVED TIME   RECORD YEAR NORMAL DEPARTURE LAST
                VALUE   (LST)  VALUE       VALUE  FROM      YEAR
                                                  NORMAL
..................................................................
TEMPERATURE (F)
 YESTERDAY
  MAXIMUM         42    453 PM  90    1916  64    -22       52
  MINIMUM         17    745 AM  11    1989  34    -17       28
  AVERAGE         30                        49    -19       40

PRECIPITATION (IN)
  YESTERDAY        T             0.41 1937   0.04  -0.04      T
  MONTH TO DATE    0.18                      0.16   0.02     0.01
  SINCE MAR 1      0.18                      0.16   0.02     0.01
  SINCE JAN 1      2.45                      1.56   0.89     0.17

SNOWFALL (IN)
  YESTERDAY        T   R         T    2004   0.0    0.0      0.0
                                      1984
  MONTH TO DATE    1.1                       0.1    1.0       T
  SINCE MAR 1      1.1                       0.1    1.0       T
  SINCE JUL 1     14.7                       7.5    7.2      4.2
  SNOW DEPTH       0

DEGREE DAYS
 HEATING
  YESTERDAY       35                        16     19       25
  MONTH TO DATE  150                        83     67      136
  SINCE MAR 1    150                        83     67      136
  SINCE JUL 1   2869                      2822     47     2988

 COOLING
  YESTERDAY        0                         0      0        0
  MONTH TO DATE    0                         0      0        0
  SINCE MAR 1      0                         0      0        0
  SINCE JAN 1      0                         0      0        0
..................................................................


WIND (MPH)
  RESULTANT WIND SPEED   4   RESULTANT WIND DIRECTION   W (250)
  HIGHEST WIND SPEED    15   HIGHEST WIND DIRECTION    SW (210)
  HIGHEST GUST SPEED    20   HIGHEST GUST DIRECTION    SW (220)
  AVERAGE WIND SPEED     9.1


SKY COVER
  AVERAGE SKY COVER 0.3


WEATHER CONDITIONS
 THE FOLLOWING WEATHER WAS RECORDED YESTERDAY.
  NO SIGNIFICANT WEATHER WAS OBSERVED.


RELATIVE HUMIDITY (PERCENT)
 HIGHEST    84           100 AM
 LOWEST     47           200 PM
 AVERAGE    66

..........................................................


THE LUBBOCK CLIMATE NORMALS FOR TODAY
                         NORMAL    RECORD    YEAR
 MAXIMUM TEMPERATURE (F)   64        87      1934
                                             1929
 MINIMUM TEMPERATURE (F)   35        10      1943
                                             1920


SUNRISE AND SUNSET
MARCH  6 2015.........SUNRISE   710 AM CST   SUNSET   648 PM CST
MARCH  7 2015.........SUNRISE   708 AM CST   SUNSET   649 PM CST


-  INDICATES NEGATIVE NUMBERS.
R  INDICATES RECORD WAS SET OR TIED.
MM INDICATES DATA IS MISSING.
T  INDICATES TRACE AMOUNT.




$$
