000
CDUS44 KLUB 010626
CLILBB


CLIMATE REPORT
NATIONAL WEATHER SERVICE LUBBOCK, TX
125 AM CDT WED OCT 1 2014


...................................

...THE LUBBOCK CLIMATE SUMMARY FOR SEPTEMBER 30 2014...

CLIMATE NORMAL PERIOD 1981 TO 2010
CLIMATE RECORD PERIOD 1911 TO 2014


WEATHER ITEM   OBSERVED TIME   RECORD YEAR NORMAL DEPARTURE LAST
                VALUE   (LST)  VALUE       VALUE  FROM      YEAR
                                                  NORMAL
..................................................................
TEMPERATURE (F)
 YESTERDAY
  MAXIMUM         86    442 PM  99    1977  80      6       91
  MINIMUM         61    609 AM  35    1985  53      8       53
  AVERAGE         74                        67      7       72

PRECIPITATION (IN)
  YESTERDAY        0.00          1.78 1941   0.07  -0.07     0.00
  MONTH TO DATE    6.94                      2.51   4.43     0.54
  SINCE SEP 1      6.94                      2.51   4.43     0.54
  SINCE JAN 1     18.84                     15.58   3.26    10.32

SNOWFALL (IN)
  YESTERDAY        0.0           0.0  2002   0.0    0.0      0.0
  MONTH TO DATE    0.0                       0.0    0.0      0.0
  SINCE SEP 1      0.0                       0.0    0.0      0.0
  SINCE JUL 1      0.0                       0.0    0.0      0.0
  SNOW DEPTH       0

DEGREE DAYS
 HEATING
  YESTERDAY        0                         2     -2        0
  MONTH TO DATE   25                        23      2        4
  SINCE SEP 1     25                        23      2        4
  SINCE JUL 1     25                        23      2        4

 COOLING
  YESTERDAY        9                         4      5        7
  MONTH TO DATE  228                       223      5      316
  SINCE SEP 1    228                       223      5      316
  SINCE JAN 1   1857                      1749    108     2044
..................................................................


WIND (MPH)
  RESULTANT WIND SPEED   9   RESULTANT WIND DIRECTION  SW (210)
  HIGHEST WIND SPEED    17   HIGHEST WIND DIRECTION    SW (220)
  HIGHEST GUST SPEED    23   HIGHEST GUST DIRECTION    SW (220)
  AVERAGE WIND SPEED    10.1


SKY COVER
  AVERAGE SKY COVER 0.3


WEATHER CONDITIONS
 THE FOLLOWING WEATHER WAS RECORDED YESTERDAY.
  NO SIGNIFICANT WEATHER WAS OBSERVED.


RELATIVE HUMIDITY (PERCENT)
 HIGHEST    84           400 AM
 LOWEST     31           600 PM
 AVERAGE    58

..........................................................


THE LUBBOCK CLIMATE NORMALS FOR TODAY
                         NORMAL    RECORD    YEAR
 MAXIMUM TEMPERATURE (F)   80        98      2000
 MINIMUM TEMPERATURE (F)   53        39      1985


SUNRISE AND SUNSET
OCTOBER  1 2014.......SUNRISE   742 AM CDT   SUNSET   732 PM CDT
OCTOBER  2 2014.......SUNRISE   742 AM CDT   SUNSET   730 PM CDT


-  INDICATES NEGATIVE NUMBERS.
R  INDICATES RECORD WAS SET OR TIED.
MM INDICATES DATA IS MISSING.
T  INDICATES TRACE AMOUNT.




$$
