000
CDUS44 KLUB 230145
CLILBB


CLIMATE REPORT
NATIONAL WEATHER SERVICE LUBBOCK, TX
845 PM CDT TUE AUG 22 2017


...................................

...THE LUBBOCK CLIMATE SUMMARY FOR AUGUST 22 2017...
VALID TODAY AS OF 0800 PM LOCAL TIME.

CLIMATE NORMAL PERIOD 1981 TO 2010
CLIMATE RECORD PERIOD 1911 TO 2017


WEATHER ITEM   OBSERVED TIME   RECORD YEAR NORMAL DEPARTURE LAST
                VALUE   (LST)  VALUE       VALUE  FROM      YEAR
                                                  NORMAL
..................................................................
TEMPERATURE (F)
 TODAY
  MAXIMUM         91    317 PM 100    1999  91      0       87
                                      1985
                                      1930
  MINIMUM         65    621 PM  58    1967  66     -1       62
                                      1945
                                      1923
  AVERAGE         78                        78      0       75

PRECIPITATION (IN)
  TODAY            0.28          2.38 1966   0.06   0.22     0.00
  MONTH TO DATE    4.46                      1.33   3.13     0.80
  SINCE JUN 1     12.08                      6.28   5.80     2.42
  SINCE JAN 1     17.57                     12.49   5.08     7.69

SNOWFALL (IN)
  TODAY            0.0           0.0  2002   0.0    0.0      0.0
  MONTH TO DATE    0.0                       0.0    0.0      0.0
  SINCE JUN 1      T                         0.0    0.0      0.0
  SINCE JUL 1      0.0                       0.0    0.0      0.0
  SNOW DEPTH      MM

DEGREE DAYS
 HEATING
  TODAY            0                         0      0        0
  MONTH TO DATE    0                         0      0        0
  SINCE JUN 1      0                         2     -2        3
  SINCE JUL 1      0                         0      0        0

 COOLING
  TODAY           13                        13      0       10
  MONTH TO DATE  284                       320    -36      333
  SINCE JUN 1   1266                      1167     99     1401
  SINCE JAN 1   1568                      1413    155     1628
..................................................................


WIND (MPH)
  RESULTANT WIND SPEED   2   RESULTANT WIND DIRECTION   S (170)
  HIGHEST WIND SPEED    38   HIGHEST WIND DIRECTION     N (350)
  HIGHEST GUST SPEED    48   HIGHEST GUST DIRECTION     N (350)
  AVERAGE WIND SPEED     5.3


SKY COVER
  AVERAGE SKY COVER 0.3


WEATHER CONDITIONS
 THE FOLLOWING WEATHER WAS RECORDED TODAY.
  THUNDERSTORM
  HEAVY RAIN
  RAIN
  LIGHT RAIN
  FOG
  HAZE


RELATIVE HUMIDITY (PERCENT)
 HIGHEST    93           700 PM
 LOWEST     41           400 PM
 AVERAGE    67

..........................................................


THE LUBBOCK CLIMATE NORMALS FOR TOMORROW
                         NORMAL    RECORD    YEAR
 MAXIMUM TEMPERATURE (F)   91       101      1985
 MINIMUM TEMPERATURE (F)   66        54      1923


SUNRISE AND SUNSET
AUGUST 22 2017........SUNRISE   714 AM CDT   SUNSET   825 PM CDT
AUGUST 23 2017........SUNRISE   715 AM CDT   SUNSET   824 PM CDT


-  INDICATES NEGATIVE NUMBERS.
R  INDICATES RECORD WAS SET OR TIED.
MM INDICATES DATA IS MISSING.
T  INDICATES TRACE AMOUNT.




$$
