000
CDUS44 KLUB 280627
CLILBB


CLIMATE REPORT
NATIONAL WEATHER SERVICE LUBBOCK, TX
126 AM CDT SAT MAY 28 2016


...................................

...THE LUBBOCK CLIMATE SUMMARY FOR MAY 27 2016...

CLIMATE NORMAL PERIOD 1981 TO 2010
CLIMATE RECORD PERIOD 1911 TO 2016


WEATHER ITEM   OBSERVED TIME   RECORD YEAR NORMAL DEPARTURE LAST
                VALUE   (LST)  VALUE       VALUE  FROM      YEAR
                                                  NORMAL
..................................................................
TEMPERATURE (F)
 YESTERDAY
  MAXIMUM         85    422 PM 103    1984  87     -2       86
  MINIMUM         50    602 AM  48    1961  59     -9       60
                                      1950
  AVERAGE         68                        73     -5       73

PRECIPITATION (IN)
  YESTERDAY        0.00          2.00 1923   0.08  -0.08     0.02
  MONTH TO DATE    3.28                      1.91   1.37     8.43
  SINCE MAR 1      4.50                      4.42   0.08     9.97
  SINCE JAN 1      4.89                      5.82  -0.93    12.24

SNOWFALL (IN)
  YESTERDAY        0.0           T    1992   0.0    0.0      0.0
  MONTH TO DATE    0.0                       0.0    0.0      0.0
  SINCE MAR 1      T                         0.8   -0.8      1.1
  SINCE JUL 1     13.3                       8.2    5.1     14.7
  SNOW DEPTH       0

DEGREE DAYS
 HEATING
  YESTERDAY        0                         0      0        0
  MONTH TO DATE   83                        39     44       42
  SINCE MAR 1    454                       637   -183      554
  SINCE JUL 1   2854                      3376   -522     3273

 COOLING
  YESTERDAY        3                         8     -5        8
  MONTH TO DATE  151                       153     -2       76
  SINCE MAR 1    198                       209    -11      131
  SINCE JAN 1    202                       209     -7      131
..................................................................


WIND (MPH)
  RESULTANT WIND SPEED   9   RESULTANT WIND DIRECTION   W (270)
  HIGHEST WIND SPEED    29   HIGHEST WIND DIRECTION     W (270)
  HIGHEST GUST SPEED    38   HIGHEST GUST DIRECTION     W (250)
  AVERAGE WIND SPEED    12.2


SKY COVER
  AVERAGE SKY COVER 0.2


WEATHER CONDITIONS
 THE FOLLOWING WEATHER WAS RECORDED YESTERDAY.
  NO SIGNIFICANT WEATHER WAS OBSERVED.


RELATIVE HUMIDITY (PERCENT)
 HIGHEST    61           700 AM
 LOWEST     14           200 PM
 AVERAGE    38

..........................................................


THE LUBBOCK CLIMATE NORMALS FOR TODAY
                         NORMAL    RECORD    YEAR
 MAXIMUM TEMPERATURE (F)   87       104      2011
 MINIMUM TEMPERATURE (F)   60        43      1917


SUNRISE AND SUNSET
MAY 28 2016...........SUNRISE   639 AM CDT   SUNSET   850 PM CDT
MAY 29 2016...........SUNRISE   639 AM CDT   SUNSET   851 PM CDT


-  INDICATES NEGATIVE NUMBERS.
R  INDICATES RECORD WAS SET OR TIED.
MM INDICATES DATA IS MISSING.
T  INDICATES TRACE AMOUNT.




$$
