000
CDUS44 KLUB 250627
CLILBB


CLIMATE REPORT
NATIONAL WEATHER SERVICE LUBBOCK, TX
1226 AM CST SUN FEB 25 2018


...................................

...THE LUBBOCK CLIMATE SUMMARY FOR FEBRUARY 24 2018...

CLIMATE NORMAL PERIOD 1981 TO 2010
CLIMATE RECORD PERIOD 1911 TO 2018


WEATHER ITEM   OBSERVED TIME   RECORD YEAR NORMAL DEPARTURE LAST
                VALUE   (LST)  VALUE       VALUE  FROM      YEAR
                                                  NORMAL
..................................................................
TEMPERATURE (F)
 YESTERDAY
  MAXIMUM         58    347 PM  89    1918  61     -3       58
  MINIMUM         31   1151 PM   1    1960  32     -1       30
  AVERAGE         45                        47     -2       44

PRECIPITATION (IN)
  YESTERDAY        0.02          1.08 1992   0.03  -0.01     0.00
  MONTH TO DATE    0.20                      0.64  -0.44     0.89
  SINCE DEC 1      0.20                      2.05  -1.85     3.41
  SINCE JAN 1      0.20                      1.29  -1.09     2.92

SNOWFALL (IN)
  YESTERDAY       MM             7.0  1960   0.0   MM        0.0
  MONTH TO DATE    0.0                       1.5   -1.5       T
  SINCE DEC 1      0.3                       6.4   -6.1      0.2
  SINCE JUL 1      0.3                       7.3   -7.0      0.2
  SNOW DEPTH       0

DEGREE DAYS
 HEATING
  YESTERDAY       20                        18      2       21
  MONTH TO DATE  473                       504    -31      308
  SINCE DEC 1   1953                      2027    -74     1667
  SINCE JUL 1   2459                      2669   -210     2031

 COOLING
  YESTERDAY        0                         0      0        0
  MONTH TO DATE    3                         0      3        4
  SINCE DEC 1      3                         0      3        4
  SINCE JAN 1      3                         0      3        4
..................................................................


WIND (MPH)
  RESULTANT WIND SPEED  16   RESULTANT WIND DIRECTION   W (280)
  HIGHEST WIND SPEED    39   HIGHEST WIND DIRECTION    NW (310)
  HIGHEST GUST SPEED    48   HIGHEST GUST DIRECTION    NW (310)
  AVERAGE WIND SPEED    17.5


SKY COVER
  AVERAGE SKY COVER 0.3


WEATHER CONDITIONS
 THE FOLLOWING WEATHER WAS RECORDED YESTERDAY.
  LIGHT RAIN
  FOG
  FOG W/VISIBILITY <= 1/4 MILE


RELATIVE HUMIDITY (PERCENT)
 HIGHEST   100           100 AM
 LOWEST     11           300 PM
 AVERAGE    56

..........................................................


THE LUBBOCK CLIMATE NORMALS FOR TODAY
                         NORMAL    RECORD    YEAR
 MAXIMUM TEMPERATURE (F)   61        86      1989
                                             1917
 MINIMUM TEMPERATURE (F)   32        -8      1960


SUNRISE AND SUNSET
FEBRUARY 25 2018......SUNRISE   720 AM CST   SUNSET   641 PM CST
FEBRUARY 26 2018......SUNRISE   719 AM CST   SUNSET   641 PM CST


-  INDICATES NEGATIVE NUMBERS.
R  INDICATES RECORD WAS SET OR TIED.
MM INDICATES DATA IS MISSING.
T  INDICATES TRACE AMOUNT.




$$
