000
CDUS44 KLUB 220631
CLILBB


CLIMATE REPORT
NATIONAL WEATHER SERVICE LUBBOCK, TX
1231 AM CST WED FEB 22 2017


...................................

...THE LUBBOCK CLIMATE SUMMARY FOR FEBRUARY 21 2017...

CLIMATE NORMAL PERIOD 1981 TO 2010
CLIMATE RECORD PERIOD 1911 TO 2017


WEATHER ITEM   OBSERVED TIME   RECORD YEAR NORMAL DEPARTURE LAST
                VALUE   (LST)  VALUE       VALUE  FROM      YEAR
                                                  NORMAL
..................................................................
TEMPERATURE (F)
 YESTERDAY
  MAXIMUM         77    549 PM  84    1996  60     17       61
  MINIMUM         32    730 AM   6    1964  31      1       45
  AVERAGE         55                        46      9       53

PRECIPITATION (IN)
  YESTERDAY        0.00          0.64 1971   0.02  -0.02     0.00
  MONTH TO DATE    0.89                      0.56   0.33     0.00
  SINCE DEC 1      3.41                      1.97   1.44     1.87
  SINCE JAN 1      2.92                      1.21   1.71     0.30

SNOWFALL (IN)
  YESTERDAY        0.0           4.4  1963   0.1   -0.1      0.0
  MONTH TO DATE    T                         1.4   -1.4      0.0
  SINCE DEC 1      0.2                       6.3   -6.1     13.3
  SINCE JUL 1      0.2                       7.2   -7.0     13.3
  SNOW DEPTH       0

DEGREE DAYS
 HEATING
  YESTERDAY       10                        19     -9       12
  MONTH TO DATE  286                       448   -162      351
  SINCE DEC 1   1645                      1971   -326     1745
  SINCE JUL 1   2009                      2613   -604     2264

 COOLING
  YESTERDAY        0                         0      0        0
  MONTH TO DATE    4                         0      4        4
  SINCE DEC 1      4                         0      4        4
  SINCE JAN 1      4                         0      4        4
..................................................................


WIND (MPH)
  RESULTANT WIND SPEED   2   RESULTANT WIND DIRECTION  SW (230)
  HIGHEST WIND SPEED    13   HIGHEST WIND DIRECTION     S (180)
  HIGHEST GUST SPEED    14   HIGHEST GUST DIRECTION     W (260)
  AVERAGE WIND SPEED     5.1


SKY COVER
  AVERAGE SKY COVER 0.0


WEATHER CONDITIONS
 THE FOLLOWING WEATHER WAS RECORDED YESTERDAY.
  NO SIGNIFICANT WEATHER WAS OBSERVED.


RELATIVE HUMIDITY (PERCENT)
 HIGHEST    69           600 AM
 LOWEST     14           500 PM
 AVERAGE    42

..........................................................


THE LUBBOCK CLIMATE NORMALS FOR TODAY
                         NORMAL    RECORD    YEAR
 MAXIMUM TEMPERATURE (F)   61        87      1996
 MINIMUM TEMPERATURE (F)   32        12      1911


SUNRISE AND SUNSET
FEBRUARY 22 2017......SUNRISE   724 AM CST   SUNSET   638 PM CST
FEBRUARY 23 2017......SUNRISE   722 AM CST   SUNSET   639 PM CST


-  INDICATES NEGATIVE NUMBERS.
R  INDICATES RECORD WAS SET OR TIED.
MM INDICATES DATA IS MISSING.
T  INDICATES TRACE AMOUNT.




$$
