000
CDUS43 KLBF 242236
CLILBF


CLIMATE REPORT
NATIONAL WEATHER SERVICE NORTH PLATTE
434 PM CST TUE JAN 24 2017


...................................

...THE NORTH PLATTE NE CLIMATE SUMMARY FOR JANUARY 24 2017...
VALID TODAY AS OF 0400 PM LOCAL TIME.

CLIMATE NORMAL PERIOD 1981 TO 2010
CLIMATE RECORD PERIOD 1874 TO 2017


WEATHER ITEM   OBSERVED TIME   RECORD YEAR NORMAL DEPARTURE LAST
                VALUE   (LST)  VALUE       VALUE  FROM      YEAR
                                                  NORMAL
..................................................................
TEMPERATURE (F)
 TODAY
  MAXIMUM         33    308 PM  70    1981  39     -6       47
  MINIMUM         31    427 PM -26    1894  12     19       23
  AVERAGE         32                        25      7       35

PRECIPITATION (IN)
  TODAY            0.10          0.66 1921   0.01   0.09     0.00
  MONTH TO DATE    0.66                      0.26   0.40     0.24
  SINCE DEC 1      1.28                      0.67   0.61     0.52
  SINCE JAN 1      0.66                      0.26   0.40     0.24

SNOWFALL (IN)
  TODAY            0.8           6.0  1898   0.1    0.7      0.0
  MONTH TO DATE    8.0                       3.7    4.3      2.4
  SINCE DEC 1      8.8                       8.3    0.5      5.8
  SINCE JUL 1     13.8                      14.5   -0.7     10.4
  SNOW DEPTH       0

DEGREE DAYS
 HEATING
  TODAY           33                        40     -7       30
  MONTH TO DATE 1007                       965     42      908
  SINCE DEC 1   2233                      2194     39     1990
  SINCE JUL 1   3274                      3745   -471     3176

 COOLING
  TODAY            0                         0      0        0
  MONTH TO DATE    0                         0      0        0
  SINCE DEC 1      0                         0      0        0
  SINCE JAN 1      0                         0      0        0
..................................................................


WIND (MPH)
  HIGHEST WIND SPEED    21   HIGHEST WIND DIRECTION     N (350)
  HIGHEST GUST SPEED    27   HIGHEST GUST DIRECTION     N (360)
  AVERAGE WIND SPEED    12.5


SKY COVER
  POSSIBLE SUNSHINE  MM
  AVERAGE SKY COVER 1.0


WEATHER CONDITIONS
 THE FOLLOWING WEATHER WAS RECORDED TODAY.
  LIGHT RAIN
  SNOW
  LIGHT SNOW
  FOG


RELATIVE HUMIDITY (PERCENT)
 HIGHEST   100           600 AM
 LOWEST     78           300 PM
 AVERAGE    89

..........................................................


THE NORTH PLATTE NE CLIMATE NORMALS FOR TOMORROW
                         NORMAL    RECORD    YEAR
 MAXIMUM TEMPERATURE (F)   39        66      2005
                                             1935
 MINIMUM TEMPERATURE (F)   12       -14      1969
                                             1957
                                             1950


SUNRISE AND SUNSET
JANUARY 24 2017.......SUNRISE   800 AM CST   SUNSET   550 PM CST
JANUARY 25 2017.......SUNRISE   759 AM CST   SUNSET   551 PM CST


-  INDICATES NEGATIVE NUMBERS.
R  INDICATES RECORD WAS SET OR TIED.
MM INDICATES DATA IS MISSING.
T  INDICATES TRACE AMOUNT.




$$
