378
CDUS43 KLBF 290930 RRA
CLILBF

CLIMATE REPORT
NATIONAL WEATHER SERVICE NORTH PLATTE
428 AM CDT THU JUN 29 2017


...................................

...THE NORTH PLATTE NE CLIMATE SUMMARY FOR JUNE 28 2017...

CLIMATE NORMAL PERIOD 1981 TO 2010
CLIMATE RECORD PERIOD 1874 TO 2017


WEATHER ITEM   OBSERVED TIME   RECORD YEAR NORMAL DEPARTURE LAST
                VALUE   (LST)  VALUE       VALUE  FROM      YEAR
                                                  NORMAL
..................................................................
TEMPERATURE (F)
 YESTERDAY
  MAXIMUM         92    422 PM 104    1963  86      6       85
  MINIMUM         55    510 AM  39    2004  58     -3       59
  AVERAGE         74                        72      2       72

PRECIPITATION (IN)
  YESTERDAY        0.01          0.86 1887   0.10  -0.09     0.56
  MONTH TO DATE    0.41                      3.23  -2.82     2.89
  SINCE JUN 1      0.41                      3.23  -2.82     2.89
  SINCE JAN 1      8.95                     10.67  -1.72    14.07

SNOWFALL (IN)
  YESTERDAY        0.0           0.0    MM   0.0    0.0      0.0
  MONTH TO DATE    0.0                       0.0    0.0      0.0
  SINCE JUN 1      0.0                       0.0    0.0      0.0
  SINCE JUL 1     21.3                      28.5   -7.2     32.4
  SNOW DEPTH       0

DEGREE DAYS
 HEATING
  YESTERDAY        0                         0      0        0
  MONTH TO DATE    7                        52    -45       10
  SINCE JUN 1      7                        52    -45       10
  SINCE JUL 1   5672                      6687  -1015     5716

 COOLING
  YESTERDAY        9                         7      2        7
  MONTH TO DATE  202                       122     80      234
  SINCE JUN 1    202                       122     80      234
  SINCE JAN 1    219                       150     69      244
..................................................................


WIND (MPH)
  HIGHEST WIND SPEED    25   HIGHEST WIND DIRECTION     N (340)
  HIGHEST GUST SPEED    35   HIGHEST GUST DIRECTION    NW (330)
  AVERAGE WIND SPEED     7.2


SKY COVER
  POSSIBLE SUNSHINE  MM
  AVERAGE SKY COVER 0.0


WEATHER CONDITIONS
 THE FOLLOWING WEATHER WAS RECORDED YESTERDAY.
  THUNDERSTORM
  LIGHT RAIN
  FOG


RELATIVE HUMIDITY (PERCENT)
 HIGHEST   100           500 AM
 LOWEST     23           400 PM
 AVERAGE    62

..........................................................


THE NORTH PLATTE NE CLIMATE NORMALS FOR TODAY
                         NORMAL    RECORD    YEAR
 MAXIMUM TEMPERATURE (F)   86       104      1911
 MINIMUM TEMPERATURE (F)   58        46      1908
                                             1880


SUNRISE AND SUNSET
JUNE 29 2017..........SUNRISE   613 AM CDT   SUNSET   919 PM CDT
JUNE 30 2017..........SUNRISE   614 AM CDT   SUNSET   919 PM CDT


-  INDICATES NEGATIVE NUMBERS.
R  INDICATES RECORD WAS SET OR TIED.
MM INDICATES DATA IS MISSING.
T  INDICATES TRACE AMOUNT.




$$
