000
CDUS43 KLBF 210829
CLILBF


CLIMATE REPORT
NATIONAL WEATHER SERVICE NORTH PLATTE
328 AM CDT MON AUG 21 2017


...................................

...THE NORTH PLATTE NE CLIMATE SUMMARY FOR AUGUST 20 2017...

CLIMATE NORMAL PERIOD 1981 TO 2010
CLIMATE RECORD PERIOD 1874 TO 2017


WEATHER ITEM   OBSERVED TIME   RECORD YEAR NORMAL DEPARTURE LAST
                VALUE   (LST)  VALUE       VALUE  FROM      YEAR
                                                  NORMAL
..................................................................
TEMPERATURE (F)
 YESTERDAY
  MAXIMUM         89    418 PM 101    1898  86      3       75
  MINIMUM         58    619 AM  40    1950  58      0       45
  AVERAGE         74                        72      2       60

PRECIPITATION (IN)
  YESTERDAY        0.00          1.30 1920   0.06  -0.06     0.00
  MONTH TO DATE    3.56                      1.68   1.88     0.80
  SINCE JUN 1      9.18                      8.17   1.01     7.90
  SINCE JAN 1     17.72                     15.61   2.11    19.08

SNOWFALL (IN)
  YESTERDAY        0.0           0.0  2002   0.0    0.0      0.0
                                      2001
  MONTH TO DATE    0.0                       0.0    0.0      0.0
  SINCE JUN 1      T                         0.0    0.0      0.0
  SINCE JUL 1      T                         0.0    0.0      0.0
  SNOW DEPTH       0

DEGREE DAYS
 HEATING
  YESTERDAY        0                         0      0        5
  MONTH TO DATE    4                         0      4        5
  SINCE JUN 1     11                        56    -45       21
  SINCE JUL 1      4                         5     -1       11

 COOLING
  YESTERDAY        9                         7      2        0
  MONTH TO DATE  104                       168    -64      181
  SINCE JUN 1    735                       599    136      733
  SINCE JAN 1    752                       627    125      743
..................................................................


WIND (MPH)
  HIGHEST WIND SPEED    18   HIGHEST WIND DIRECTION     N (360)
  HIGHEST GUST SPEED    24   HIGHEST GUST DIRECTION     N (20)
  AVERAGE WIND SPEED     8.7


SKY COVER
  POSSIBLE SUNSHINE  MM
  AVERAGE SKY COVER 0.1


WEATHER CONDITIONS
 THE FOLLOWING WEATHER WAS RECORDED YESTERDAY.
  FOG


RELATIVE HUMIDITY (PERCENT)
 HIGHEST   100           600 AM
 LOWEST     53           400 PM
 AVERAGE    77

..........................................................


THE NORTH PLATTE NE CLIMATE NORMALS FOR TODAY
                         NORMAL    RECORD    YEAR
 MAXIMUM TEMPERATURE (F)   86       101      1878
 MINIMUM TEMPERATURE (F)   57        43      2016


SUNRISE AND SUNSET
AUGUST 21 2017........SUNRISE   659 AM CDT   SUNSET   832 PM CDT
AUGUST 22 2017........SUNRISE   700 AM CDT   SUNSET   831 PM CDT


-  INDICATES NEGATIVE NUMBERS.
R  INDICATES RECORD WAS SET OR TIED.
MM INDICATES DATA IS MISSING.
T  INDICATES TRACE AMOUNT.




$$
