000
CDUS43 KLBF 041034
CLILBF


CLIMATE REPORT
NATIONAL WEATHER SERVICE NORTH PLATTE
433 AM CST SUN DEC 4 2016


...................................

...THE NORTH PLATTE NE CLIMATE SUMMARY FOR DECEMBER 3 2016...

CLIMATE NORMAL PERIOD 1981 TO 2010
CLIMATE RECORD PERIOD 1874 TO 2016


WEATHER ITEM   OBSERVED TIME   RECORD YEAR NORMAL DEPARTURE LAST
                VALUE   (LST)  VALUE       VALUE  FROM      YEAR
                                                  NORMAL
..................................................................
TEMPERATURE (F)
 YESTERDAY
  MAXIMUM         47    157 PM  71    1959  42      5       43
  MINIMUM         23   1222 AM  -8    1978  14      9       13
                                      1919
  AVERAGE         35                        28      7       28

PRECIPITATION (IN)
  YESTERDAY        0.00          0.58 1955   0.01  -0.01     0.00
  MONTH TO DATE    0.00                      0.04  -0.04     0.09
  SINCE DEC 1      0.00                      0.04  -0.04     0.09
  SINCE JAN 1     22.43                     19.86   2.57    20.64

SNOWFALL (IN)
  YESTERDAY        0.0           5.5  1955   0.1   -0.1      0.0
  MONTH TO DATE    0.0                       0.4   -0.4      1.6
  SINCE DEC 1      0.0                       0.4   -0.4      1.6
  SINCE JUL 1      5.0                       6.6   -1.6      6.2
  SNOW DEPTH       0

DEGREE DAYS
 HEATING
  YESTERDAY       30                        37     -7       37
  MONTH TO DATE  102                       111     -9      108
  SINCE DEC 1    102                       111     -9      108
  SINCE JUL 1   1143                      1662   -519     1294

 COOLING
  YESTERDAY        0                         0      0        0
  MONTH TO DATE    0                         0      0        0
  SINCE DEC 1      0                         0      0        0
  SINCE JAN 1    911                       768    143      823
..................................................................


WIND (MPH)
  HIGHEST WIND SPEED    21   HIGHEST WIND DIRECTION     S (180)
  HIGHEST GUST SPEED    30   HIGHEST GUST DIRECTION     S (180)
  AVERAGE WIND SPEED     8.5


SKY COVER
  POSSIBLE SUNSHINE  MM
  AVERAGE SKY COVER 0.5


WEATHER CONDITIONS
 THE FOLLOWING WEATHER WAS RECORDED YESTERDAY.
  NO SIGNIFICANT WEATHER WAS OBSERVED.


RELATIVE HUMIDITY (PERCENT)
 HIGHEST    92          1000 PM
 LOWEST     38           200 PM
 AVERAGE    65

..........................................................


THE NORTH PLATTE NE CLIMATE NORMALS FOR TODAY
                         NORMAL    RECORD    YEAR
 MAXIMUM TEMPERATURE (F)   41        69      1918
 MINIMUM TEMPERATURE (F)   14        -9      1897


SUNRISE AND SUNSET
DECEMBER  4 2016......SUNRISE   752 AM CST   SUNSET   514 PM CST
DECEMBER  5 2016......SUNRISE   753 AM CST   SUNSET   514 PM CST


-  INDICATES NEGATIVE NUMBERS.
R  INDICATES RECORD WAS SET OR TIED.
MM INDICATES DATA IS MISSING.
T  INDICATES TRACE AMOUNT.




$$
