000
CDUS43 KLBF 162309
CLILBF


CLIMATE REPORT
NATIONAL WEATHER SERVICE NORTH PLATTE
508 PM CST SAT DEC 16 2017


...................................

...THE NORTH PLATTE NE CLIMATE SUMMARY FOR DECEMBER 16 2017...
VALID TODAY AS OF 0500 PM LOCAL TIME.

CLIMATE NORMAL PERIOD 1981 TO 2010
CLIMATE RECORD PERIOD 1874 TO 2017


WEATHER ITEM   OBSERVED TIME   RECORD YEAR NORMAL DEPARTURE LAST
                VALUE   (LST)  VALUE       VALUE  FROM      YEAR
                                                  NORMAL
..................................................................
TEMPERATURE (F)
 TODAY
  MAXIMUM         48    221 PM  73    1962  38     10       23
  MINIMUM         20    216 AM -12    1972  11      9        7
  AVERAGE         34                        25      9       15

PRECIPITATION (IN)
  TODAY            0.00          0.64 1977   0.02  -0.02     0.01
  MONTH TO DATE    T                         0.22  -0.22     0.02
  SINCE DEC 1      T                         0.22  -0.22     0.02
  SINCE JAN 1     25.69                     20.04   5.65    22.45

SNOWFALL (IN)
  TODAY            0.0           2.8  1993   0.2   -0.2      0.1
  MONTH TO DATE    T                         2.3   -2.3      0.3
  SINCE DEC 1      T                         2.3   -2.3      0.3
  SINCE JUL 1      1.0                       8.5   -7.5      5.3
  SNOW DEPTH       0

DEGREE DAYS
 HEATING
  TODAY           31                        40     -9       50
  MONTH TO DATE  489                       619   -130      661
  SINCE DEC 1    489                       619   -130      661
  SINCE JUL 1   1780                      2170   -390     1702

 COOLING
  TODAY            0                         0      0        0
  MONTH TO DATE    0                         0      0        0
  SINCE DEC 1      0                         0      0        0
  SINCE JAN 1    954                       768    186      911
..................................................................


WIND (MPH)
  HIGHEST WIND SPEED    26   HIGHEST WIND DIRECTION    NE (30)
  HIGHEST GUST SPEED    32   HIGHEST GUST DIRECTION    NE (30)
  AVERAGE WIND SPEED     9.2


SKY COVER
  POSSIBLE SUNSHINE  MM
  AVERAGE SKY COVER 0.0


WEATHER CONDITIONS
 THE FOLLOWING WEATHER WAS RECORDED TODAY.
  NO SIGNIFICANT WEATHER WAS OBSERVED.


RELATIVE HUMIDITY (PERCENT)
 HIGHEST    81           300 AM
 LOWEST     40          1100 AM
 AVERAGE    61

..........................................................


THE NORTH PLATTE NE CLIMATE NORMALS FOR TOMORROW
                         NORMAL    RECORD    YEAR
 MAXIMUM TEMPERATURE (F)   38        75      1980
 MINIMUM TEMPERATURE (F)   11       -17      2016


SUNRISE AND SUNSET
DECEMBER 16 2017......SUNRISE   802 AM CST   SUNSET   515 PM CST
DECEMBER 17 2017......SUNRISE   802 AM CST   SUNSET   516 PM CST


-  INDICATES NEGATIVE NUMBERS.
R  INDICATES RECORD WAS SET OR TIED.
MM INDICATES DATA IS MISSING.
T  INDICATES TRACE AMOUNT.




$$
