000
CDUS43 KLBF 300820
CLILBF


CLIMATE REPORT
NATIONAL WEATHER SERVICE NORTH PLATTE
319 AM CDT SUN APR 30 2017


...................................

...THE NORTH PLATTE NE CLIMATE SUMMARY FOR APRIL 29 2017...

CLIMATE NORMAL PERIOD 1981 TO 2010
CLIMATE RECORD PERIOD 1874 TO 2017


WEATHER ITEM   OBSERVED TIME   RECORD YEAR NORMAL DEPARTURE LAST
                VALUE   (LST)  VALUE       VALUE  FROM      YEAR
                                                  NORMAL
..................................................................
TEMPERATURE (F)
 YESTERDAY
  MAXIMUM         47    358 PM  93    1887  67    -20       44
  MINIMUM         38    732 AM  19    1908  38      0       33
  AVERAGE         43                        52     -9       39

PRECIPITATION (IN)
  YESTERDAY        0.00          0.86 1911   0.09  -0.09     0.70
  MONTH TO DATE    2.16                      2.18  -0.02     4.71
  SINCE MAR 1      3.98                      3.23   0.75     5.37
  SINCE JAN 1      5.17                      4.07   1.10     6.63

SNOWFALL (IN)
  YESTERDAY        0.0           5.4  1984   0.1   -0.1      0.2
  MONTH TO DATE    T                         3.2   -3.2      0.2
  SINCE MAR 1      T                         7.6   -7.6      4.5
  SINCE JUL 1     20.3                      28.5   -8.2     30.1
  SNOW DEPTH       0

DEGREE DAYS
 HEATING
  YESTERDAY       22                        13      9       26
  MONTH TO DATE  396                       512   -116      448
  SINCE MAR 1   1047                      1349   -302     1134
  SINCE JUL 1   5369                      6377  -1008     5411

 COOLING
  YESTERDAY        0                         0      0        0
  MONTH TO DATE    2                         0      2        1
  SINCE MAR 1      2                         0      2        1
  SINCE JAN 1      2                         0      2        1
..................................................................


WIND (MPH)
  HIGHEST WIND SPEED    28   HIGHEST WIND DIRECTION    NE (30)
  HIGHEST GUST SPEED    37   HIGHEST GUST DIRECTION    NE (50)
  AVERAGE WIND SPEED    15.9


SKY COVER
  POSSIBLE SUNSHINE  MM
  AVERAGE SKY COVER 1.0


WEATHER CONDITIONS
 THE FOLLOWING WEATHER WAS RECORDED YESTERDAY.
  NO SIGNIFICANT WEATHER WAS OBSERVED.


RELATIVE HUMIDITY (PERCENT)
 HIGHEST    79          1200 AM
 LOWEST     38           100 PM
 AVERAGE    59

..........................................................


THE NORTH PLATTE NE CLIMATE NORMALS FOR TODAY
                         NORMAL    RECORD    YEAR
 MAXIMUM TEMPERATURE (F)   67        98      1992
 MINIMUM TEMPERATURE (F)   38        15      1907


SUNRISE AND SUNSET
APRIL 30 2017.........SUNRISE   641 AM CDT   SUNSET   839 PM CDT
MAY  1 2017...........SUNRISE   640 AM CDT   SUNSET   840 PM CDT


-  INDICATES NEGATIVE NUMBERS.
R  INDICATES RECORD WAS SET OR TIED.
MM INDICATES DATA IS MISSING.
T  INDICATES TRACE AMOUNT.




$$
