000
CDUS42 KILM 250841
CLILBT


CLIMATE REPORT
NATIONAL WEATHER SERVICE WILMINGTON NC
441 AM EDT TUE APR 25 2017


...................................

...THE LUMBERTON NC CLIMATE SUMMARY FOR APRIL 24 2017...

CLIMATE NORMAL PERIOD 1981 TO 2010
CLIMATE RECORD PERIOD 9999 TO 9999


WEATHER ITEM   OBSERVED TIME   NORMAL DEPARTURE LAST
                VALUE   (LST)  VALUE  FROM      YEAR
                                      NORMAL
......................................................
TEMPERATURE (F)
 YESTERDAY
  MAXIMUM         61    226 PM  77    -16       77
  MINIMUM         57    857 AM  51      6       56
  AVERAGE         59            64     -5       67

PRECIPITATION (IN)
  YESTERDAY        2.96          0.09   2.87     0.00
  MONTH TO DATE    5.88          2.35   3.53     3.17
  SINCE MAR 1      9.78          5.68   4.10     4.35
  SINCE JAN 1     13.27         11.55   1.72    12.63

SNOWFALL (IN)
  YESTERDAY       MM
  MONTH TO DATE   MM
  SINCE MAR 1     MM
  SINCE JUL 1     MM
  SNOW DEPTH      MM

DEGREE DAYS
 HEATING
  YESTERDAY        6             4      2        0
  MONTH TO DATE   52           135    -83      136
  SINCE MAR 1    417           481    -64      317
  SINCE JUL 1   2064          2711   -647     1996

 COOLING
  YESTERDAY        0             2     -2        2
  MONTH TO DATE   70            40     30       32
  SINCE MAR 1     97            50     47       78
  SINCE JAN 1    107            53     54       79
......................................................


WIND (MPH)
  HIGHEST WIND SPEED    22   HIGHEST WIND DIRECTION     N (10)
  HIGHEST GUST SPEED    27   HIGHEST GUST DIRECTION     N (10)
  AVERAGE WIND SPEED     8.4


SKY COVER
  POSSIBLE SUNSHINE  MM
  AVERAGE SKY COVER 1.0


WEATHER CONDITIONS
 THE FOLLOWING WEATHER WAS RECORDED YESTERDAY.
  THUNDERSTORM
  HEAVY RAIN
  RAIN
  LIGHT RAIN
  FOG


RELATIVE HUMIDITY (PERCENT)
 HIGHEST   100          1200 AM
 LOWEST     97          1000 PM
 AVERAGE    99

..........................................................


THE LUMBERTON NC CLIMATE NORMALS FOR TODAY
                         NORMAL
 MAXIMUM TEMPERATURE (F)   77
 MINIMUM TEMPERATURE (F)   51


SUNRISE AND SUNSET
APRIL 25 2017.........SUNRISE   632 AM EDT   SUNSET   756 PM EDT
APRIL 26 2017.........SUNRISE   631 AM EDT   SUNSET   757 PM EDT


-  INDICATES NEGATIVE NUMBERS.
R  INDICATES RECORD WAS SET OR TIED.
MM INDICATES DATA IS MISSING.
T  INDICATES TRACE AMOUNT.




$$
