000
CDUS42 KILM 210841
CLILBT


CLIMATE REPORT
NATIONAL WEATHER SERVICE WILMINGTON NC
441 AM EDT MON APR 21 2014


...................................

...THE LUMBERTON NC CLIMATE SUMMARY FOR APRIL 20 2014...

CLIMATE NORMAL PERIOD 1981 TO 2010
CLIMATE RECORD PERIOD 9999 TO 9999


WEATHER ITEM   OBSERVED TIME   NORMAL DEPARTURE LAST
                VALUE   (LST)  VALUE  FROM      YEAR
                                      NORMAL
......................................................
TEMPERATURE (F)
 YESTERDAY
  MAXIMUM         67    308 PM  76     -9       67
  MINIMUM         48   1213 AM  50     -2       41
  AVERAGE         58            63     -5       54

PRECIPITATION (IN)
  YESTERDAY        0.11          0.10   0.01     0.19
  MONTH TO DATE    3.12          1.95   1.17     2.50
  SINCE MAR 1      6.54          5.28   1.26     4.38
  SINCE JAN 1     12.61         11.15   1.46     9.95

SNOWFALL (IN)
  YESTERDAY       MM
  MONTH TO DATE   MM
  SINCE MAR 1     MM
  SINCE JUL 1     MM
  SNOW DEPTH      MM

DEGREE DAYS
 HEATING
  YESTERDAY        7             4      3       11
  MONTH TO DATE  105           119    -14      108
  SINCE MAR 1    617           465    152      644
  SINCE JUL 1   2913          2695    218     2718

 COOLING
  YESTERDAY        0             2     -2        0
  MONTH TO DATE   20            32    -12       32
  SINCE MAR 1     21            42    -21       33
  SINCE JAN 1     22            45    -23       37
......................................................


WIND (MPH)
  HIGHEST WIND SPEED    25   HIGHEST WIND DIRECTION    NE (30)
  HIGHEST GUST SPEED    34   HIGHEST GUST DIRECTION     N (20)
  AVERAGE WIND SPEED    15.0


SKY COVER
  POSSIBLE SUNSHINE  MM
  AVERAGE SKY COVER 1.0


WEATHER CONDITIONS
 THE FOLLOWING WEATHER WAS RECORDED YESTERDAY.
  LIGHT RAIN
  FOG


RELATIVE HUMIDITY (PERCENT)
 HIGHEST    93           100 AM
 LOWEST     47          1000 PM
 AVERAGE    70

..........................................................


THE LUMBERTON NC CLIMATE NORMALS FOR TODAY
                         NORMAL
 MAXIMUM TEMPERATURE (F)   76
 MINIMUM TEMPERATURE (F)   50


SUNRISE AND SUNSET
APRIL 21 2014.........SUNRISE   637 AM EDT   SUNSET   753 PM EDT
APRIL 22 2014.........SUNRISE   636 AM EDT   SUNSET   754 PM EDT


-  INDICATES NEGATIVE NUMBERS.
R  INDICATES RECORD WAS SET OR TIED.
MM INDICATES DATA IS MISSING.
T  INDICATES TRACE AMOUNT.




$$
