000
CDUS42 KILM 240847
CLILBT


CLIMATE REPORT
NATIONAL WEATHER SERVICE WILMINGTON NC
447 AM EDT FRI OCT 24 2014


...................................

...THE LUMBERTON NC CLIMATE SUMMARY FOR OCTOBER 23 2014...

CLIMATE NORMAL PERIOD 1981 TO 2010
CLIMATE RECORD PERIOD 9999 TO 9999


WEATHER ITEM   OBSERVED TIME   NORMAL DEPARTURE LAST
                VALUE   (LST)  VALUE  FROM      YEAR
                                      NORMAL
......................................................
TEMPERATURE (F)
 YESTERDAY
  MAXIMUM         71    338 PM  74     -3       74
  MINIMUM         41    637 AM  49     -8       43
  AVERAGE         56            61     -5       59

PRECIPITATION (IN)
  YESTERDAY        0.00          0.05  -0.05     0.00
  MONTH TO DATE    0.60          2.11  -1.51     0.26
  SINCE SEP 1      4.52          6.91  -2.39     1.66
  SINCE JAN 1     36.68         37.30  -0.62    37.64

DEGREE DAYS
 HEATING
  YESTERDAY        9             5      4        6
  MONTH TO DATE   56            69    -13       31
  SINCE SEP 1     62            78    -16       31
  SINCE JUL 1     62            78    -16       31

 COOLING
  YESTERDAY        0             2     -2        0
  MONTH TO DATE   87            63     24       80
  SINCE SEP 1    385           312     73      336
  SINCE JAN 1   2042          1884    158     1847
......................................................


WIND (MPH)
  HIGHEST WIND SPEED    14   HIGHEST WIND DIRECTION     W (290)
  HIGHEST GUST SPEED    19   HIGHEST GUST DIRECTION    NW (310)
  AVERAGE WIND SPEED     5.4


SKY COVER
  POSSIBLE SUNSHINE  MM
  AVERAGE SKY COVER 0.0


WEATHER CONDITIONS
 THE FOLLOWING WEATHER WAS RECORDED YESTERDAY.
  NO SIGNIFICANT WEATHER WAS OBSERVED.


RELATIVE HUMIDITY (PERCENT)
 HIGHEST    96           700 AM
 LOWEST     35           300 PM
 AVERAGE    66

..........................................................


THE LUMBERTON NC CLIMATE NORMALS FOR TODAY
                         NORMAL
 MAXIMUM TEMPERATURE (F)   73
 MINIMUM TEMPERATURE (F)   48


SUNRISE AND SUNSET
OCTOBER 24 2014.......SUNRISE   729 AM EDT   SUNSET   631 PM EDT
OCTOBER 25 2014.......SUNRISE   730 AM EDT   SUNSET   630 PM EDT


-  INDICATES NEGATIVE NUMBERS.
R  INDICATES RECORD WAS SET OR TIED.
MM INDICATES DATA IS MISSING.
T  INDICATES TRACE AMOUNT.




$$
