000
CDUS42 KILM 250847
CLILBT


CLIMATE REPORT
NATIONAL WEATHER SERVICE WILMINGTON NC
447 AM EDT SAT MAR 25 2017


...................................

...THE LUMBERTON NC CLIMATE SUMMARY FOR MARCH 24 2017...

CLIMATE NORMAL PERIOD 1981 TO 2010
CLIMATE RECORD PERIOD 9999 TO 9999


WEATHER ITEM   OBSERVED TIME   NORMAL DEPARTURE LAST
                VALUE   (LST)  VALUE  FROM      YEAR
                                      NORMAL
......................................................
TEMPERATURE (F)
 YESTERDAY
  MAXIMUM         74    356 PM  69      5       79
  MINIMUM         38    642 AM  44     -6       48
  AVERAGE         56            56      0       64

PRECIPITATION (IN)
  YESTERDAY        0.00          0.09  -0.09     0.00
  MONTH TO DATE    2.71          2.54   0.17     0.90
  SINCE MAR 1      2.71          2.54   0.17     0.90
  SINCE JAN 1      6.20          8.41  -2.21     9.18

SNOWFALL (IN)
  YESTERDAY       MM
  MONTH TO DATE   MM
  SINCE MAR 1     MM
  SINCE JUL 1     MM
  SNOW DEPTH      MM

DEGREE DAYS
 HEATING
  YESTERDAY        9             9      0        1
  MONTH TO DATE  362           290     72      163
  SINCE MAR 1    362           290     72      163
  SINCE JUL 1   2009          2520   -511     1842

 COOLING
  YESTERDAY        0             0      0        0
  MONTH TO DATE   12             0     12       38
  SINCE MAR 1     12             0     12       38
  SINCE JAN 1     22             3     19       39
......................................................


WIND (MPH)
  HIGHEST WIND SPEED    15   HIGHEST WIND DIRECTION     S (200)
  HIGHEST GUST SPEED    21   HIGHEST GUST DIRECTION    SW (220)
  AVERAGE WIND SPEED     6.3


SKY COVER
  POSSIBLE SUNSHINE  MM
  AVERAGE SKY COVER 0.1


WEATHER CONDITIONS
 THE FOLLOWING WEATHER WAS RECORDED YESTERDAY.
  NO SIGNIFICANT WEATHER WAS OBSERVED.


RELATIVE HUMIDITY (PERCENT)
 HIGHEST    85           500 AM
 LOWEST     33           300 PM
 AVERAGE    59

..........................................................


THE LUMBERTON NC CLIMATE NORMALS FOR TODAY
                         NORMAL
 MAXIMUM TEMPERATURE (F)   69
 MINIMUM TEMPERATURE (F)   44


SUNRISE AND SUNSET
MARCH 25 2017.........SUNRISE   713 AM EDT   SUNSET   732 PM EDT
MARCH 26 2017.........SUNRISE   711 AM EDT   SUNSET   733 PM EDT


-  INDICATES NEGATIVE NUMBERS.
R  INDICATES RECORD WAS SET OR TIED.
MM INDICATES DATA IS MISSING.
T  INDICATES TRACE AMOUNT.




$$
