000
CDUS42 KILM 250951
CLILBT


CLIMATE REPORT
NATIONAL WEATHER SERVICE WILMINGTON NC
451 AM EST SUN JAN 25 2015


...................................

...THE LUMBERTON NC CLIMATE SUMMARY FOR JANUARY 24 2015...

CLIMATE NORMAL PERIOD 1981 TO 2010
CLIMATE RECORD PERIOD 9999 TO 9999


WEATHER ITEM   OBSERVED TIME   NORMAL DEPARTURE LAST
                VALUE   (LST)  VALUE  FROM      YEAR
                                      NORMAL
......................................................
TEMPERATURE (F)
 YESTERDAY
  MAXIMUM         51    226 AM  54     -3       29
  MINIMUM         36   1131 PM  33      3       16
  AVERAGE         44            44      0       23

PRECIPITATION (IN)
  YESTERDAY        0.62          0.12   0.50     0.00
  MONTH TO DATE    4.68          2.14   2.54     2.77
  SINCE DEC 1      7.46          5.03   2.43     7.43
  SINCE JAN 1      4.68          2.14   2.54     2.77

SNOWFALL (IN)
  YESTERDAY       MM
  MONTH TO DATE   MM
  SINCE DEC 1     MM
  SINCE JUL 1     MM
  SNOW DEPTH      MM

DEGREE DAYS
 HEATING
  YESTERDAY       21            21      0       42
  MONTH TO DATE  494           525    -31      561
  SINCE DEC 1   1004          1109   -105     1042
  SINCE JUL 1   1547          1575    -28     1558

 COOLING
  YESTERDAY        0             0      0        0
  MONTH TO DATE    0             0      0        0
  SINCE DEC 1      0             2     -2       15
  SINCE JAN 1      0             0      0        0
......................................................


WIND (MPH)
  HIGHEST WIND SPEED    17   HIGHEST WIND DIRECTION     W (280)
  HIGHEST GUST SPEED    23   HIGHEST GUST DIRECTION     W (270)
  AVERAGE WIND SPEED     7.5


SKY COVER
  POSSIBLE SUNSHINE  MM
  AVERAGE SKY COVER 0.7


WEATHER CONDITIONS
 THE FOLLOWING WEATHER WAS RECORDED YESTERDAY.
  HEAVY RAIN
  RAIN
  LIGHT RAIN
  FOG


RELATIVE HUMIDITY (PERCENT)
 HIGHEST   100          1000 PM
 LOWEST     71           500 PM
 AVERAGE    86

..........................................................


THE LUMBERTON NC CLIMATE NORMALS FOR TODAY
                         NORMAL
 MAXIMUM TEMPERATURE (F)   54
 MINIMUM TEMPERATURE (F)   33


SUNRISE AND SUNSET
JANUARY 25 2015.......SUNRISE   719 AM EST   SUNSET   539 PM EST
JANUARY 26 2015.......SUNRISE   718 AM EST   SUNSET   540 PM EST


-  INDICATES NEGATIVE NUMBERS.
R  INDICATES RECORD WAS SET OR TIED.
MM INDICATES DATA IS MISSING.
T  INDICATES TRACE AMOUNT.




$$
