000
CDUS42 KILM 190955
CLILBT


CLIMATE REPORT
NATIONAL WEATHER SERVICE WILMINGTON NC
454 AM EST SUN FEB 19 2017


...................................

...THE LUMBERTON NC CLIMATE SUMMARY FOR FEBRUARY 18 2017...

CLIMATE NORMAL PERIOD 1981 TO 2010
CLIMATE RECORD PERIOD 9999 TO 9999


WEATHER ITEM   OBSERVED TIME   NORMAL DEPARTURE LAST
                VALUE   (LST)  VALUE  FROM      YEAR
                                      NORMAL
......................................................
TEMPERATURE (F)
 YESTERDAY
  MAXIMUM         72    243 PM  59     13       54
  MINIMUM         37    640 AM  36      1       35
  AVERAGE         55            47      8       45

PRECIPITATION (IN)
  YESTERDAY        T             0.12  -0.12     0.00
  MONTH TO DATE    1.09          1.76  -0.67     5.19
  SINCE DEC 1      7.79          7.62   0.17    13.71
  SINCE JAN 1      3.49          4.73  -1.24     6.82

SNOWFALL (IN)
  YESTERDAY       MM
  MONTH TO DATE   MM
  SINCE DEC 1     MM
  SINCE JUL 1     MM
  SNOW DEPTH      MM

DEGREE DAYS
 HEATING
  YESTERDAY       10            18     -8       20
  MONTH TO DATE  224           348   -124      366
  SINCE DEC 1   1235          1601   -366     1262
  SINCE JUL 1   1597          2067   -470     1543

 COOLING
  YESTERDAY        0             0      0        0
  MONTH TO DATE    7             0      7        1
  SINCE DEC 1      7             3      4       51
  SINCE JAN 1      7             1      6        1
......................................................


WIND (MPH)
  HIGHEST WIND SPEED    20   HIGHEST WIND DIRECTION    SW (240)
  HIGHEST GUST SPEED    24   HIGHEST GUST DIRECTION    SW (220)
  AVERAGE WIND SPEED     6.2


SKY COVER
  POSSIBLE SUNSHINE  MM
  AVERAGE SKY COVER 0.0


WEATHER CONDITIONS
 THE FOLLOWING WEATHER WAS RECORDED YESTERDAY.
  LIGHT RAIN


RELATIVE HUMIDITY (PERCENT)
 HIGHEST    89          1200 AM
 LOWEST     27           300 PM
 AVERAGE    58

..........................................................


THE LUMBERTON NC CLIMATE NORMALS FOR TODAY
                         NORMAL
 MAXIMUM TEMPERATURE (F)   59
 MINIMUM TEMPERATURE (F)   36


SUNRISE AND SUNSET
FEBRUARY 19 2017......SUNRISE   657 AM EST   SUNSET   604 PM EST
FEBRUARY 20 2017......SUNRISE   656 AM EST   SUNSET   604 PM EST


-  INDICATES NEGATIVE NUMBERS.
R  INDICATES RECORD WAS SET OR TIED.
MM INDICATES DATA IS MISSING.
T  INDICATES TRACE AMOUNT.




$$
