000
CDUS44 KLCH 130830
CLILCH


CLIMATE REPORT
NATIONAL WEATHER SERVICE LAKE CHARLES, LA
229 AM CST WED DEC 13 2017


...................................

...THE LAKE CHARLES CLIMATE SUMMARY FOR DECEMBER 12 2017...

CLIMATE NORMAL PERIOD 1981 TO 2010
CLIMATE RECORD PERIOD 1895 TO 2017


WEATHER ITEM   OBSERVED TIME   RECORD YEAR NORMAL DEPARTURE LAST
                VALUE   (LST)  VALUE       VALUE  FROM      YEAR
                                                  NORMAL
..................................................................
TEMPERATURE (F)
 YESTERDAY
  MAXIMUM         64    313 PM  80    2015  64      0       74
                                      2007
                                      1971
  MINIMUM         39   1158 PM  22    1962  45     -6       66
  AVERAGE         52                        54     -2       70

PRECIPITATION (IN)
  YESTERDAY        0.00          2.60 1911   0.14  -0.14     0.17
  MONTH TO DATE    2.24                      1.75   0.49     8.60
  SINCE DEC 1      2.24                      1.75   0.49     8.60
  SINCE JAN 1     73.19                     54.56  18.63    71.42

SNOWFALL (IN)
  YESTERDAY        0.0           0.0    MM   0.0    0.0      0.0
  MONTH TO DATE    2.1                       0.0    2.1      0.0
  SINCE DEC 1      2.1                       0.0    2.1      0.0
  SINCE JUL 1      2.1                       0.0    2.1      0.0
  SNOW DEPTH       0

DEGREE DAYS
 HEATING
  YESTERDAY       13                        11      2        0
  MONTH TO DATE  138                       123     15      131
  SINCE DEC 1    138                       123     15      131
  SINCE JUL 1    286                       330    -44      225

 COOLING
  YESTERDAY        0                         1     -1        5
  MONTH TO DATE    6                        12     -6        5
  SINCE DEC 1      6                        12     -6        5
  SINCE JAN 1   3165                      2801    364     3204
..................................................................


WIND (MPH)
  HIGHEST WIND SPEED    20   HIGHEST WIND DIRECTION     N (10)
  HIGHEST GUST SPEED    24   HIGHEST GUST DIRECTION     N (360)
  AVERAGE WIND SPEED     9.0


SKY COVER
  POSSIBLE SUNSHINE  MM
  AVERAGE SKY COVER 0.0


WEATHER CONDITIONS
 THE FOLLOWING WEATHER WAS RECORDED YESTERDAY.
  NO SIGNIFICANT WEATHER WAS OBSERVED.


RELATIVE HUMIDITY (PERCENT)
 HIGHEST    89          1200 AM
 LOWEST     30           300 PM
 AVERAGE    60

..........................................................


THE LAKE CHARLES CLIMATE NORMALS FOR TODAY
                         NORMAL    RECORD    YEAR
 MAXIMUM TEMPERATURE (F)   64        81      1933
                                             1921
                                             1919
 MINIMUM TEMPERATURE (F)   44        18      1962


SUNRISE AND SUNSET
DECEMBER 13 2017......SUNRISE   700 AM CST   SUNSET   514 PM CST
DECEMBER 14 2017......SUNRISE   701 AM CST   SUNSET   514 PM CST


-  INDICATES NEGATIVE NUMBERS.
R  INDICATES RECORD WAS SET OR TIED.
MM INDICATES DATA IS MISSING.
T  INDICATES TRACE AMOUNT.




$$
