000
CDUS44 KLCH 211245
CLILCH


CLIMATE REPORT
NATIONAL WEATHER SERVICE LAKE CHARLES, LA
645 AM CST SAT JAN 21 2017


...................................

...THE LAKE CHARLES CLIMATE SUMMARY FOR JANUARY 20 2017...

CLIMATE NORMAL PERIOD 1981 TO 2010
CLIMATE RECORD PERIOD 1895 TO 2017


WEATHER ITEM   OBSERVED TIME   RECORD YEAR NORMAL DEPARTURE LAST
                VALUE   (LST)  VALUE       VALUE  FROM      YEAR
                                                  NORMAL
..................................................................
TEMPERATURE (F)
 YESTERDAY
  MAXIMUM         77    239 PM  85    1914  61     16       71
  MINIMUM         61    114 AM  19    1940  42     19       48
  AVERAGE         69                        52     17       60

PRECIPITATION (IN)
  YESTERDAY        1.40          2.22 1993   0.17   1.23      T
  MONTH TO DATE    4.62                      3.50   1.12     2.48
  SINCE DEC 1     16.67                      8.18   8.49     5.72
  SINCE JAN 1      4.62                      3.50   1.12     2.48

SNOWFALL (IN)
  YESTERDAY        0.0           T    1978   0.0    0.0     MM
                                      1963
  MONTH TO DATE    T                         0.0    0.0      0.0
  SINCE DEC 1      T                         T      0.0      0.0
  SINCE JUL 1      T                         T      0.0      0.0
  SNOW DEPTH       0

DEGREE DAYS
 HEATING
  YESTERDAY        0                        14    -14        5
  MONTH TO DATE  136                       280   -144      295
  SINCE DEC 1    389                       647   -258      501
  SINCE JUL 1    483                       854   -371      577

 COOLING
  YESTERDAY        4                         0      4        0
  MONTH TO DATE   53                         0     53        0
  SINCE DEC 1    109                        20     89       57
  SINCE JAN 1     53                         0     53        0
..................................................................


WIND (MPH)
  HIGHEST WIND SPEED    22   HIGHEST WIND DIRECTION    NW (320)
  HIGHEST GUST SPEED    29   HIGHEST GUST DIRECTION    NW (320)
  AVERAGE WIND SPEED     6.1


SKY COVER
  POSSIBLE SUNSHINE  MM
  AVERAGE SKY COVER 0.6


WEATHER CONDITIONS
 THE FOLLOWING WEATHER WAS RECORDED YESTERDAY.
  THUNDERSTORM
  HEAVY RAIN
  RAIN
  LIGHT RAIN
  FOG


RELATIVE HUMIDITY (PERCENT)
 HIGHEST   100           100 AM
 LOWEST     64           300 PM
 AVERAGE    82

..........................................................


THE LAKE CHARLES CLIMATE NORMALS FOR TODAY
                         NORMAL    RECORD    YEAR
 MAXIMUM TEMPERATURE (F)   61        80      1927
 MINIMUM TEMPERATURE (F)   42        15      1985


SUNRISE AND SUNSET
JANUARY 21 2017.......SUNRISE   708 AM CST   SUNSET   541 PM CST
JANUARY 22 2017.......SUNRISE   708 AM CST   SUNSET   542 PM CST


-  INDICATES NEGATIVE NUMBERS.
R  INDICATES RECORD WAS SET OR TIED.
MM INDICATES DATA IS MISSING.
T  INDICATES TRACE AMOUNT.




$$
