000
CDUS43 KLMK 222034
CLILEX


CLIMATE REPORT
NATIONAL WEATHER SERVICE LOUISVILLE KY
434 PM EDT FRI SEP 22 2017


...................................

...THE LEXINGTON KY CLIMATE SUMMARY FOR SEPTEMBER 22 2017...
VALID TODAY AS OF 0400 PM LOCAL TIME.

CLIMATE NORMAL PERIOD 1981 TO 2010
CLIMATE RECORD PERIOD 1872 TO 2017


WEATHER ITEM   OBSERVED TIME   RECORD YEAR NORMAL DEPARTURE LAST
                VALUE   (LST)  VALUE       VALUE  FROM      YEAR
                                                  NORMAL
..................................................................
TEMPERATURE (F)
 TODAY
  MAXIMUM         88    234 PM  97    1936  76     12       91
  MINIMUM         64    651 AM  38    1983  55      9       59
                                      1976
  AVERAGE         76                        66     10       75

PRECIPITATION (IN)
  TODAY            0.00          2.29 1989   0.10  -0.10     0.00
  MONTH TO DATE    3.74                      2.13   1.61     0.65
  SINCE SEP 1      3.74                      2.13   1.61     0.65
  SINCE JAN 1     38.68                     33.80   4.88    35.02

SNOWFALL (IN)
  TODAY            0.0          MM      MM   0.0    0.0      0.0
  MONTH TO DATE    0.0                       0.0    0.0      0.0
  SINCE SEP 1      0.0                       0.0    0.0      0.0
  SINCE JUL 1      0.0                       0.0    0.0      0.0
  SNOW DEPTH       0

DEGREE DAYS
 HEATING
  TODAY            0                         3     -3        0
  MONTH TO DATE   31                        21     10        0
  SINCE SEP 1     31                        21     10        0
  SINCE JUL 1     31                        23      8        0

 COOLING
  TODAY           11                         3      8       10
  MONTH TO DATE   88                       124    -36      232
  SINCE SEP 1     88                       124    -36      232
  SINCE JAN 1   1169                      1141     28     1508
..................................................................


WIND (MPH)
  HIGHEST WIND SPEED    12   HIGHEST WIND DIRECTION    NE (50)
  HIGHEST GUST SPEED    14   HIGHEST GUST DIRECTION     E (80)
  AVERAGE WIND SPEED     2.8


SKY COVER
  POSSIBLE SUNSHINE  MM
  AVERAGE SKY COVER 0.0


WEATHER CONDITIONS
 THE FOLLOWING WEATHER WAS RECORDED TODAY.
  FOG
  HAZE


RELATIVE HUMIDITY (PERCENT)
 HIGHEST    93           500 AM
 LOWEST     46           300 PM
 AVERAGE    70

..........................................................


THE LEXINGTON KY CLIMATE NORMALS FOR TOMORROW
                         NORMAL    RECORD    YEAR
 MAXIMUM TEMPERATURE (F)   76        94      2010
 MINIMUM TEMPERATURE (F)   55        36      2012
                                             1974
                                             1896


SUNRISE AND SUNSET
SEPTEMBER 22 2017.....SUNRISE   726 AM EDT   SUNSET   735 PM EDT
SEPTEMBER 23 2017.....SUNRISE   727 AM EDT   SUNSET   733 PM EDT


-  INDICATES NEGATIVE NUMBERS.
R  INDICATES RECORD WAS SET OR TIED.
MM INDICATES DATA IS MISSING.
T  INDICATES TRACE AMOUNT.




$$
