000
CDUS43 KLMK 210627
CLILEX


CLIMATE REPORT
NATIONAL WEATHER SERVICE LOUISVILLE KY
126 AM EST TUE NOV 21 2017


...................................

...THE LEXINGTON KY CLIMATE SUMMARY FOR NOVEMBER 20 2017...

CLIMATE NORMAL PERIOD 1981 TO 2010
CLIMATE RECORD PERIOD 1872 TO 2017


WEATHER ITEM   OBSERVED TIME   RECORD YEAR NORMAL DEPARTURE LAST
                VALUE   (LST)  VALUE       VALUE  FROM      YEAR
                                                  NORMAL
..................................................................
TEMPERATURE (F)
 YESTERDAY
  MAXIMUM         48    411 PM  78    1942  53     -5       42
  MINIMUM         24    729 AM   6    1873  36    -12       25
  AVERAGE         36                        44     -8       34

PRECIPITATION (IN)
  YESTERDAY        0.00          1.49 1900   0.12  -0.12     0.00
  MONTH TO DATE    2.29                      2.27   0.02     0.41
  SINCE SEP 1     11.80                      8.31   3.49     2.91
  SINCE JAN 1     46.74                     39.98   6.76    37.28

SNOWFALL (IN)
  YESTERDAY        0.0           0.6  1937   0.0    0.0      0.0
  MONTH TO DATE    0.0                       0.1   -0.1      0.0
  SINCE SEP 1      T                         0.1   -0.1      0.0
  SINCE JUL 1      T                         0.1   -0.1      0.0
  SNOW DEPTH       0

DEGREE DAYS
 HEATING
  YESTERDAY       29                        20      9       31
  MONTH TO DATE  333                       334     -1      253
  SINCE SEP 1    585                       658    -73      386
  SINCE JUL 1    585                       660    -75      386

 COOLING
  YESTERDAY        0                         0      0        0
  MONTH TO DATE    6                         0      6       15
  SINCE SEP 1    209                       171     38      364
  SINCE JAN 1   1290                      1188    102     1640
..................................................................


WIND (MPH)
  HIGHEST WIND SPEED    14   HIGHEST WIND DIRECTION     S (180)
  HIGHEST GUST SPEED    21   HIGHEST GUST DIRECTION     S (160)
  AVERAGE WIND SPEED     7.5


SKY COVER
  POSSIBLE SUNSHINE  MM
  AVERAGE SKY COVER 0.0


WEATHER CONDITIONS
 THE FOLLOWING WEATHER WAS RECORDED YESTERDAY.
  NO SIGNIFICANT WEATHER WAS OBSERVED.


RELATIVE HUMIDITY (PERCENT)
 HIGHEST    81           100 AM
 LOWEST     42           200 PM
 AVERAGE    62

..........................................................


THE LEXINGTON KY CLIMATE NORMALS FOR TODAY
                         NORMAL    RECORD    YEAR
 MAXIMUM TEMPERATURE (F)   53        77      1934
 MINIMUM TEMPERATURE (F)   35         9      1887


SUNRISE AND SUNSET
NOVEMBER 21 2017......SUNRISE   726 AM EST   SUNSET   523 PM EST
NOVEMBER 22 2017......SUNRISE   727 AM EST   SUNSET   522 PM EST


-  INDICATES NEGATIVE NUMBERS.
R  INDICATES RECORD WAS SET OR TIED.
MM INDICATES DATA IS MISSING.
T  INDICATES TRACE AMOUNT.




$$
