000
CDUS43 KLMK 240627
CLILEX


CLIMATE REPORT
NATIONAL WEATHER SERVICE LOUISVILLE KY
227 AM EDT FRI OCT 24 2014


...................................

...THE LEXINGTON KY CLIMATE SUMMARY FOR OCTOBER 23 2014...

CLIMATE NORMAL PERIOD 1981 TO 2010
CLIMATE RECORD PERIOD 1872 TO 2014


WEATHER ITEM   OBSERVED TIME   RECORD YEAR NORMAL DEPARTURE LAST
                VALUE   (LST)  VALUE       VALUE  FROM      YEAR
                                                  NORMAL
..................................................................
TEMPERATURE (F)
 YESTERDAY
  MAXIMUM         63    342 PM  84    1963  65     -2       48
  MINIMUM         46   1159 PM  26    1997  45      1       37
                                      1917
  AVERAGE         55                        55      0       43

PRECIPITATION (IN)
  YESTERDAY        0.00          4.33 2007   0.11  -0.11     0.02
  MONTH TO DATE    3.72                      2.28   1.44     4.59
  SINCE SEP 1      8.07                      5.19   2.88     6.22
  SINCE JAN 1     47.80                     36.86  10.94    49.86

SNOWFALL (IN)
  YESTERDAY        0.0           0.2  1917   0.0    0.0      0.0
  MONTH TO DATE    0.0                       0.0    0.0      0.0
  SINCE SEP 1      0.0                       0.0    0.0      0.0
  SINCE JUL 1      0.0                       0.0    0.0      0.0
  SNOW DEPTH       0

DEGREE DAYS
 HEATING
  YESTERDAY       10                        11     -1       22
  MONTH TO DATE  145                       176    -31      147
  SINCE SEP 1    173                       228    -55      164
  SINCE JUL 1    175                       230    -55      167

 COOLING
  YESTERDAY        0                         0      0        0
  MONTH TO DATE   25                        23      2       44
  SINCE SEP 1    191                       169     22      207
  SINCE JAN 1   1272                      1186     86     1245
..................................................................


WIND (MPH)
  HIGHEST WIND SPEED    13   HIGHEST WIND DIRECTION    NE (50)
  HIGHEST GUST SPEED    15   HIGHEST GUST DIRECTION    NE (50)
  AVERAGE WIND SPEED     4.4


SKY COVER
  POSSIBLE SUNSHINE  MM
  AVERAGE SKY COVER 0.4


WEATHER CONDITIONS
 THE FOLLOWING WEATHER WAS RECORDED YESTERDAY.
  HAZE


RELATIVE HUMIDITY (PERCENT)
 HIGHEST    82          1100 PM
 LOWEST     48           400 PM
 AVERAGE    65

..........................................................


THE LEXINGTON KY CLIMATE NORMALS FOR TODAY
                         NORMAL    RECORD    YEAR
 MAXIMUM TEMPERATURE (F)   65        82      1939
 MINIMUM TEMPERATURE (F)   44        24      1981


SUNRISE AND SUNSET
OCTOBER 24 2014.......SUNRISE   756 AM EDT   SUNSET   649 PM EDT
OCTOBER 25 2014.......SUNRISE   757 AM EDT   SUNSET   648 PM EDT


-  INDICATES NEGATIVE NUMBERS.
R  INDICATES RECORD WAS SET OR TIED.
MM INDICATES DATA IS MISSING.
T  INDICATES TRACE AMOUNT.




$$
