000
CDUS43 KLMK 260631
CLILEX


CLIMATE REPORT
NATIONAL WEATHER SERVICE LOUISVILLE KY
229 AM EDT FRI MAY 26 2017


...................................

...THE LEXINGTON KY CLIMATE SUMMARY FOR MAY 25 2017...

CLIMATE NORMAL PERIOD 1981 TO 2010
CLIMATE RECORD PERIOD 1872 TO 2017


WEATHER ITEM   OBSERVED TIME   RECORD YEAR NORMAL DEPARTURE LAST
                VALUE   (LST)  VALUE       VALUE  FROM      YEAR
                                                  NORMAL
..................................................................
TEMPERATURE (F)
 YESTERDAY
  MAXIMUM         64    735 PM  91    1953  77    -13       83
  MINIMUM         56    425 AM  36    1925  57     -1       62
  AVERAGE         60                        67     -7       73

PRECIPITATION (IN)
  YESTERDAY        0.51          1.68 1997   0.17   0.34     0.00
  MONTH TO DATE    5.23                      4.20   1.03     5.60
  SINCE MAR 1     10.35                     11.87  -1.52    11.70
  SINCE JAN 1     18.45                     18.27   0.18    17.40

SNOWFALL (IN)
  YESTERDAY        0.0          MM      MM   0.0    0.0      0.0
  MONTH TO DATE    0.0                       0.0    0.0      0.0
  SINCE MAR 1      T                         1.7   -1.7      0.7
  SINCE JUL 1      3.4                      13.0   -9.6     15.3
  SNOW DEPTH       0

DEGREE DAYS
 HEATING
  YESTERDAY        5                         2      3        0
  MONTH TO DATE   99                       101     -2      137
  SINCE MAR 1    761                      1019   -258      793
  SINCE JUL 1   3471                      4590  -1119     3764

 COOLING
  YESTERDAY        0                         4     -4        8
  MONTH TO DATE   87                        57     30       30
  SINCE MAR 1    158                        79     79       58
  SINCE JAN 1    162                        79     83       58
..................................................................


WIND (MPH)
  HIGHEST WIND SPEED    23   HIGHEST WIND DIRECTION     W (280)
  HIGHEST GUST SPEED    34   HIGHEST GUST DIRECTION     W (280)
  AVERAGE WIND SPEED    12.1


SKY COVER
  POSSIBLE SUNSHINE  MM
  AVERAGE SKY COVER 1.0


WEATHER CONDITIONS
 THE FOLLOWING WEATHER WAS RECORDED YESTERDAY.
  HEAVY RAIN
  RAIN
  LIGHT RAIN
  FOG


RELATIVE HUMIDITY (PERCENT)
 HIGHEST    93           100 AM
 LOWEST     67           700 PM
 AVERAGE    80

..........................................................


THE LEXINGTON KY CLIMATE NORMALS FOR TODAY
                         NORMAL    RECORD    YEAR
 MAXIMUM TEMPERATURE (F)   77        94      1939
 MINIMUM TEMPERATURE (F)   57        38      1925


SUNRISE AND SUNSET
MAY 26 2017...........SUNRISE   620 AM EDT   SUNSET   851 PM EDT
MAY 27 2017...........SUNRISE   620 AM EDT   SUNSET   852 PM EDT


-  INDICATES NEGATIVE NUMBERS.
R  INDICATES RECORD WAS SET OR TIED.
MM INDICATES DATA IS MISSING.
T  INDICATES TRACE AMOUNT.

$$

SCHOETTMER
