000
CDUS43 KLMK 060627
CLILEX


CLIMATE REPORT
NATIONAL WEATHER SERVICE LOUISVILLE KY
227 AM EDT MON JUL 6 2015


...................................

...THE LEXINGTON KY CLIMATE SUMMARY FOR JULY 5 2015...

CLIMATE NORMAL PERIOD 1981 TO 2010
CLIMATE RECORD PERIOD 1872 TO 2015


WEATHER ITEM   OBSERVED TIME   RECORD YEAR NORMAL DEPARTURE LAST
                VALUE   (LST)  VALUE       VALUE  FROM      YEAR
                                                  NORMAL
..................................................................
TEMPERATURE (F)
 YESTERDAY
  MAXIMUM         79    418 PM  99    2012  86     -7       82
  MINIMUM         64   1130 PM  52    1979  66     -2       60
                                      1964
  AVERAGE         72                        76     -4       71

PRECIPITATION (IN)
  YESTERDAY        T             2.05 2006   0.15  -0.15     0.00
  MONTH TO DATE    1.76                      0.69   1.07     0.37
  SINCE JUN 1      7.40                      5.13   2.27     5.96
  SINCE JAN 1     33.19                     24.46   8.73    27.31

SNOWFALL (IN)
  YESTERDAY        0.0          MM      MM   0.0    0.0      0.0
  MONTH TO DATE    0.0                       0.0    0.0      0.0
  SINCE JUN 1      0.0                       0.0    0.0      0.0
  SINCE JUL 1      0.0                       0.0    0.0      0.0
  SNOW DEPTH       0

DEGREE DAYS
 HEATING
  YESTERDAY        0                         0      0        0
  MONTH TO DATE    0                         0      0        0
  SINCE JUN 1     18                        11      7        0
  SINCE JUL 1      0                         0      0        0

 COOLING
  YESTERDAY        7                        11     -4        6
  MONTH TO DATE   39                        55    -16       40
  SINCE JUN 1    328                       297     31      345
  SINCE JAN 1    496                       404     92      506
..................................................................


WIND (MPH)
  HIGHEST WIND SPEED    12   HIGHEST WIND DIRECTION     N (10)
  HIGHEST GUST SPEED    14   HIGHEST GUST DIRECTION     N (10)
  AVERAGE WIND SPEED     4.7


SKY COVER
  POSSIBLE SUNSHINE  MM
  AVERAGE SKY COVER 0.4


WEATHER CONDITIONS
 THE FOLLOWING WEATHER WAS RECORDED YESTERDAY.
  LIGHT RAIN
  FOG
  HAZE


RELATIVE HUMIDITY (PERCENT)
 HIGHEST    93          1000 PM
 LOWEST     69           300 PM
 AVERAGE    81

..........................................................


THE LEXINGTON KY CLIMATE NORMALS FOR TODAY
                         NORMAL    RECORD    YEAR
 MAXIMUM TEMPERATURE (F)   86       103      2012
 MINIMUM TEMPERATURE (F)   66        49      1972


SUNRISE AND SUNSET
JULY  6 2015..........SUNRISE   622 AM EDT   SUNSET   904 PM EDT
JULY  7 2015..........SUNRISE   622 AM EDT   SUNSET   904 PM EDT


-  INDICATES NEGATIVE NUMBERS.
R  INDICATES RECORD WAS SET OR TIED.
MM INDICATES DATA IS MISSING.
T  INDICATES TRACE AMOUNT.




$$
