000
CDUS44 KSHV 300742
CLILFK


CLIMATE REPORT
NATIONAL WEATHER SERVICE SHREVEPORT, LA
238 AM CDT FRI SEP 30 2016


...................................

...THE LUFKIN CLIMATE SUMMARY FOR SEPTEMBER 29 2016...

CLIMATE NORMAL PERIOD 1981 TO 2010
CLIMATE RECORD PERIOD 1906 TO 2016


WEATHER ITEM   OBSERVED TIME   RECORD YEAR NORMAL DEPARTURE LAST
                VALUE   (LST)  VALUE       VALUE  FROM      YEAR
                                                  NORMAL
..................................................................
TEMPERATURE (F)
 YESTERDAY
  MAXIMUM         80    330 PM 100    2011  85     -5       89
  MINIMUM         55   1159 PM  37    1967  61     -6       67
  AVERAGE         68                        73     -5       78

PRECIPITATION (IN)
  YESTERDAY        0.00          2.37 2012   0.13  -0.13     0.00
  MONTH TO DATE    1.10                      3.95  -2.85     1.79
  SINCE DEC 1     46.48                     38.98   7.50    51.44
  SINCE JAN 1     42.43                     34.54   7.89    49.39

SNOWFALL (IN)
  YESTERDAY        0.0
  MONTH TO DATE    0.0
  SINCE SEP 1      0.0
  SINCE JUL 1      0.0
  SNOW DEPTH       0

DEGREE DAYS
 HEATING
  YESTERDAY        0                         0      0        0
  MONTH TO DATE    0                         0      0        0
  SINCE SEP 1      0                         0      0        0
  SINCE JUL 1      0                         0      0        0

 COOLING
  YESTERDAY        3                         9     -6       13
  MONTH TO DATE  446                       366     80      414
  SINCE SEP 1    446                       366     80      414
  SINCE JAN 1   2534                      2389    145     2848
..................................................................


WIND (MPH)
  HIGHEST WIND SPEED    15   HIGHEST WIND DIRECTION     N (20)
  HIGHEST GUST SPEED    21   HIGHEST GUST DIRECTION    NE (30)
  AVERAGE WIND SPEED     5.4


SKY COVER
  POSSIBLE SUNSHINE  MM
  AVERAGE SKY COVER 0.0


WEATHER CONDITIONS
 THE FOLLOWING WEATHER WAS RECORDED YESTERDAY.
  NO SIGNIFICANT WEATHER WAS OBSERVED.


RELATIVE HUMIDITY (PERCENT)
 HIGHEST    93           100 AM
 LOWEST     32           300 PM
 AVERAGE    63

..........................................................


THE LUFKIN CLIMATE NORMALS FOR TODAY
                         NORMAL    RECORD    YEAR
 MAXIMUM TEMPERATURE (F)   85       100      1953
 MINIMUM TEMPERATURE (F)   61        36      1920


SUNRISE AND SUNSET
SEPTEMBER 30 2016.....SUNRISE   712 AM CDT   SUNSET   705 PM CDT
OCTOBER  1 2016.......SUNRISE   713 AM CDT   SUNSET   703 PM CDT


-  INDICATES NEGATIVE NUMBERS.
R  INDICATES RECORD WAS SET OR TIED.
MM INDICATES DATA IS MISSING.
T  INDICATES TRACE AMOUNT.




$$
