000
CDUS44 KSHV 242153
CLILFK


CLIMATE REPORT
NATIONAL WEATHER SERVICE SHREVEPORT, LA
450 PM CDT WED AUG 24 2016


...................................

...THE LUFKIN CLIMATE SUMMARY FOR AUGUST 24 2016...
VALID TODAY AS OF 0400 PM LOCAL TIME.

CLIMATE NORMAL PERIOD 1981 TO 2010
CLIMATE RECORD PERIOD 1906 TO 2016


WEATHER ITEM   OBSERVED TIME   RECORD YEAR NORMAL DEPARTURE LAST
                VALUE   (LST)  VALUE       VALUE  FROM      YEAR
                                                  NORMAL
..................................................................
TEMPERATURE (F)
 TODAY
  MAXIMUM         93    259 PM 104    2011  94     -1       99
  MINIMUM         73    603 AM  59    1920  71      2       73
  AVERAGE         83                        82      1       86

PRECIPITATION (IN)
  TODAY            T             3.10 1936   0.11  -0.11     0.00
  MONTH TO DATE    3.97                      2.55   1.42     0.41
  SINCE DEC 1     40.57                     34.24   6.33    49.62
  SINCE JAN 1     36.52                     29.80   6.72    47.57

DEGREE DAYS
 HEATING
  TODAY            0                         0      0        0
  MONTH TO DATE    0                         0      0        0
  SINCE JUN 1      0                         0      0        0
  SINCE JUL 1      0                         0      0        0

 COOLING
  TODAY           18                        17      1       21
  MONTH TO DATE  443                       431     12      478
  SINCE JUN 1   1529                      1433     96     1656
  SINCE JAN 1   1975                      1902     73     2339
..................................................................


WIND (MPH)
  HIGHEST WIND SPEED    10   HIGHEST WIND DIRECTION     S (190)
  HIGHEST GUST SPEED    17   HIGHEST GUST DIRECTION     S (200)
  AVERAGE WIND SPEED     3.5


SKY COVER
  POSSIBLE SUNSHINE  MM
  AVERAGE SKY COVER 0.4


WEATHER CONDITIONS
 THE FOLLOWING WEATHER WAS RECORDED TODAY.
  LIGHT RAIN
  FOG
  FOG W/VISIBILITY <= 1/4 MILE


RELATIVE HUMIDITY (PERCENT)
 HIGHEST   100          1200 AM
 LOWEST     49           300 PM
 AVERAGE    75

..........................................................


THE LUFKIN CLIMATE NORMALS FOR TOMORROW
                         NORMAL    RECORD    YEAR
 MAXIMUM TEMPERATURE (F)   94       103      1999
 MINIMUM TEMPERATURE (F)   71        60      1916


SUNRISE AND SUNSET
AUGUST 24 2016........SUNRISE   651 AM CDT   SUNSET   751 PM CDT
AUGUST 25 2016........SUNRISE   651 AM CDT   SUNSET   750 PM CDT


-  INDICATES NEGATIVE NUMBERS.
R  INDICATES RECORD WAS SET OR TIED.
MM INDICATES DATA IS MISSING.
T  INDICATES TRACE AMOUNT.




$$
