000
CDUS44 KSHV 182242
CLILFK


CLIMATE REPORT
NATIONAL WEATHER SERVICE SHREVEPORT, LA
442 PM CST SUN FEB 18 2018


...................................

...THE LUFKIN CLIMATE SUMMARY FOR FEBRUARY 18 2018...
VALID TODAY AS OF 0400 PM LOCAL TIME.

CLIMATE NORMAL PERIOD 1981 TO 2010
CLIMATE RECORD PERIOD 1906 TO 2018


WEATHER ITEM   OBSERVED TIME   RECORD YEAR NORMAL DEPARTURE LAST
                VALUE   (LST)  VALUE       VALUE  FROM      YEAR
                                                  NORMAL
..................................................................
TEMPERATURE (F)
 TODAY
  MAXIMUM         74    359 PM  88    1986  64     10       80
  MINIMUM         53    751 AM  15    1910  42     11       50
  AVERAGE         64                        53     11       65

PRECIPITATION (IN)
  TODAY            0.02          1.80 1909   0.14  -0.12     0.00
  MONTH TO DATE    3.04                      2.52   0.52     1.41
  SINCE DEC 1      9.07                     11.14  -2.07    11.97
  SINCE JAN 1      5.46                      6.70  -1.24     7.06

SNOWFALL (IN)
  TODAY            0.0
  MONTH TO DATE    0.0
  SINCE DEC 1      1.1
  SINCE JUL 1      1.1
  SNOW DEPTH       0

DEGREE DAYS
 HEATING
  TODAY            1                        12    -11        0
  MONTH TO DATE  225                       245    -20      115
  SINCE DEC 1   1344                      1218    126      801
  SINCE JUL 1   1595                      1525     70      949

 COOLING
  TODAY            0                         0      0        0
  MONTH TO DATE    8                         0      8       32
  SINCE DEC 1     20                        21     -1       88
  SINCE JAN 1     12                         8      4       57
..................................................................


WIND (MPH)
  HIGHEST WIND SPEED    15   HIGHEST WIND DIRECTION    SE (150)
  HIGHEST GUST SPEED    19   HIGHEST GUST DIRECTION    SE (150)
  AVERAGE WIND SPEED     7.3


SKY COVER
  POSSIBLE SUNSHINE  MM
  AVERAGE SKY COVER 0.7


WEATHER CONDITIONS
 THE FOLLOWING WEATHER WAS RECORDED TODAY.
  LIGHT RAIN
  FOG


RELATIVE HUMIDITY (PERCENT)
 HIGHEST   100           300 AM
 LOWEST     73           400 PM
 AVERAGE    87

..........................................................


THE LUFKIN CLIMATE NORMALS FOR TOMORROW
                         NORMAL    RECORD    YEAR
 MAXIMUM TEMPERATURE (F)   65        86      1986
 MINIMUM TEMPERATURE (F)   43        16      1936


SUNRISE AND SUNSET
FEBRUARY 18 2018......SUNRISE   657 AM CST   SUNSET   609 PM CST
FEBRUARY 19 2018......SUNRISE   656 AM CST   SUNSET   610 PM CST


-  INDICATES NEGATIVE NUMBERS.
R  INDICATES RECORD WAS SET OR TIED.
MM INDICATES DATA IS MISSING.
T  INDICATES TRACE AMOUNT.




$$
