112
CDUS44 KSHV 070855
CLILFK


CLIMATE REPORT
NATIONAL WEATHER SERVICE SHREVEPORT, LA
249 AM CST WED DEC 7 2016


...................................

...THE LUFKIN CLIMATE SUMMARY FOR DECEMBER 6 2016...

CLIMATE NORMAL PERIOD 1981 TO 2010
CLIMATE RECORD PERIOD 1906 TO 2016


WEATHER ITEM   OBSERVED TIME   RECORD YEAR NORMAL DEPARTURE LAST
                VALUE   (LST)  VALUE       VALUE  FROM      YEAR
                                                  NORMAL
..................................................................
TEMPERATURE (F)
 YESTERDAY
  MAXIMUM         53    211 PM  86    1927  63    -10       68
  MINIMUM         49    236 AM  15    1950  41      8       33
  AVERAGE         51                        52     -1       51

PRECIPITATION (IN)
  YESTERDAY        0.02          1.74 1976   0.15  -0.13     0.00
  MONTH TO DATE    4.75                      0.93   3.82     0.03
  SINCE DEC 1      4.75                      0.93   3.82     0.03
  SINCE JAN 1     50.08                     45.44   4.64    61.70

SNOWFALL (IN)
  YESTERDAY       MM
  MONTH TO DATE    0.0
  SINCE DEC 1      0.0
  SINCE JUL 1      0.0
  SNOW DEPTH       0

DEGREE DAYS
 HEATING
  YESTERDAY       14                        14      0       14
  MONTH TO DATE   93                        78     15       98
  SINCE DEC 1     93                        78     15       98
  SINCE JUL 1    241                       385   -144      283

 COOLING
  YESTERDAY        0                         0      0        0
  MONTH TO DATE    0                         4     -4        0
  SINCE DEC 1      0                         4     -4        0
  SINCE JAN 1   2809                      2587    222     3068
..................................................................


WIND (MPH)
  HIGHEST WIND SPEED    10   HIGHEST WIND DIRECTION    SW (210)
  HIGHEST GUST SPEED    13   HIGHEST GUST DIRECTION    SW (210)
  AVERAGE WIND SPEED     3.3


SKY COVER
  POSSIBLE SUNSHINE  MM
  AVERAGE SKY COVER 1.0


WEATHER CONDITIONS
 THE FOLLOWING WEATHER WAS RECORDED YESTERDAY.
  LIGHT RAIN
  FOG


RELATIVE HUMIDITY (PERCENT)
 HIGHEST   100          1200 AM
 LOWEST     83          1100 AM
 AVERAGE    92

..........................................................


THE LUFKIN CLIMATE NORMALS FOR TODAY
                         NORMAL    RECORD    YEAR
 MAXIMUM TEMPERATURE (F)   63        86      1924
 MINIMUM TEMPERATURE (F)   41        12      1950


SUNRISE AND SUNSET
DECEMBER  7 2016......SUNRISE   705 AM CST   SUNSET   516 PM CST
DECEMBER  8 2016......SUNRISE   706 AM CST   SUNSET   516 PM CST


-  INDICATES NEGATIVE NUMBERS.
R  INDICATES RECORD WAS SET OR TIED.
MM INDICATES DATA IS MISSING.
T  INDICATES TRACE AMOUNT.




$$
