000
CDUS44 KSHV 040736
CLILFK


CLIMATE REPORT
NATIONAL WEATHER SERVICE SHREVEPORT, LA
234 AM CDT TUE AUG 4 2015


...................................

...THE LUFKIN CLIMATE SUMMARY FOR AUGUST 3 2015...

CLIMATE NORMAL PERIOD 1981 TO 2010
CLIMATE RECORD PERIOD 1906 TO 2015


WEATHER ITEM   OBSERVED TIME   RECORD YEAR NORMAL DEPARTURE LAST
                VALUE   (LST)  VALUE       VALUE  FROM      YEAR
                                                  NORMAL
..................................................................
TEMPERATURE (F)
 YESTERDAY
  MAXIMUM         98    335 PM 106    2011  95      3       91
  MINIMUM         67    603 AM  60    1920  72     -5       74
  AVERAGE         83                        83      0       83

PRECIPITATION (IN)
  YESTERDAY        0.00          1.45 1955   0.09  -0.09     0.00
  MONTH TO DATE    0.00                      0.28  -0.28      T
  SINCE DEC 1     49.21                     31.97  17.24    31.53
  SINCE JAN 1     47.16                     27.53  19.63    29.32

SNOWFALL (IN)
  YESTERDAY        0.0
  MONTH TO DATE    0.0
  SINCE JUN 1      0.0
  SINCE JUL 1      0.0
  SNOW DEPTH       0

DEGREE DAYS
 HEATING
  YESTERDAY        0                         0      0        0
  MONTH TO DATE    0                         0      0        0
  SINCE JUN 1      0                         0      0        0
  SINCE JUL 1      0                         0      0        0

 COOLING
  YESTERDAY       18                        18      0       18
  MONTH TO DATE   51                        54     -3       43
  SINCE JUN 1   1229                      1056    173     1162
  SINCE JAN 1   1912                      1525    387     1658
..................................................................


WIND (MPH)
  HIGHEST WIND SPEED    13   HIGHEST WIND DIRECTION     E (80)
  HIGHEST GUST SPEED    16   HIGHEST GUST DIRECTION     E (80)
  AVERAGE WIND SPEED     2.7


SKY COVER
  POSSIBLE SUNSHINE  MM
  AVERAGE SKY COVER 0.1


WEATHER CONDITIONS
 THE FOLLOWING WEATHER WAS RECORDED YESTERDAY.
  NO SIGNIFICANT WEATHER WAS OBSERVED.


RELATIVE HUMIDITY (PERCENT)
 HIGHEST    93           600 AM
 LOWEST     30           300 PM
 AVERAGE    62

..........................................................


THE LUFKIN CLIMATE NORMALS FOR TODAY
                         NORMAL    RECORD    YEAR
 MAXIMUM TEMPERATURE (F)   95       106      2011
 MINIMUM TEMPERATURE (F)   72        52      1920


SUNRISE AND SUNSET
AUGUST  4 2015........SUNRISE   638 AM CDT   SUNSET   812 PM CDT
AUGUST  5 2015........SUNRISE   638 AM CDT   SUNSET   811 PM CDT


-  INDICATES NEGATIVE NUMBERS.
R  INDICATES RECORD WAS SET OR TIED.
MM INDICATES DATA IS MISSING.
T  INDICATES TRACE AMOUNT.




$$
