000
CDUS44 KSHV 182132
CLILFK


CLIMATE REPORT
NATIONAL WEATHER SERVICE SHREVEPORT, LA
431 PM CDT THU SEP 18 2014


...................................

...THE LUFKIN CLIMATE SUMMARY FOR SEPTEMBER 18 2014...
VALID TODAY AS OF 0400 PM LOCAL TIME.

CLIMATE NORMAL PERIOD 1981 TO 2010
CLIMATE RECORD PERIOD 1906 TO 2014


WEATHER ITEM   OBSERVED TIME   RECORD YEAR NORMAL DEPARTURE LAST
                VALUE   (LST)  VALUE       VALUE  FROM      YEAR
                                                  NORMAL
..................................................................
TEMPERATURE (F)
 TODAY
  MAXIMUM         83    947 AM 101    1935  88     -5       96
  MINIMUM         73    259 PM  48    1981  65      8       69
  AVERAGE         78                        77      1       83

PRECIPITATION (IN)
  TODAY            0.16          1.48 2006   0.13   0.03     0.00
  MONTH TO DATE    2.96                      2.55   0.41     0.22
  SINCE DEC 1     37.09                     37.58  -0.49    30.43
  SINCE JAN 1     34.88                     33.14   1.74    26.12

DEGREE DAYS
 HEATING
  TODAY            0                         0      0        0
  MONTH TO DATE    0                         0      0        0
  SINCE SEP 1      0                         0      0        0
  SINCE JUL 1      0                         0      0        0

 COOLING
  TODAY           13                        12      1       18
  MONTH TO DATE  330                       255     75      326
  SINCE SEP 1    330                       255     75      326
  SINCE JAN 1   2564                      2278    286     2493
..................................................................


WIND (MPH)
  HIGHEST WIND SPEED    15   HIGHEST WIND DIRECTION     E (110)
  HIGHEST GUST SPEED    21   HIGHEST GUST DIRECTION    SE (140)
  AVERAGE WIND SPEED     5.9


SKY COVER
  POSSIBLE SUNSHINE  MM
  AVERAGE SKY COVER 0.9


WEATHER CONDITIONS
 THE FOLLOWING WEATHER WAS RECORDED TODAY.
  RAIN
  LIGHT RAIN
  FOG
  FOG W/VISIBILITY <= 1/4 MILE
  HAZE


RELATIVE HUMIDITY (PERCENT)
 HIGHEST    94           700 AM
 LOWEST     85           900 AM
 AVERAGE    90

..........................................................


THE LUFKIN CLIMATE NORMALS FOR TOMORROW
                         NORMAL    RECORD    YEAR
 MAXIMUM TEMPERATURE (F)   88       102      1956
 MINIMUM TEMPERATURE (F)   65        46      1981


SUNRISE AND SUNSET
SEPTEMBER 18 2014.....SUNRISE   705 AM CDT   SUNSET   721 PM CDT
SEPTEMBER 19 2014.....SUNRISE   705 AM CDT   SUNSET   719 PM CDT


-  INDICATES NEGATIVE NUMBERS.
R  INDICATES RECORD WAS SET OR TIED.
MM INDICATES DATA IS MISSING.
T  INDICATES TRACE AMOUNT.




$$
