000
CDUS44 KSHV 170731
CLILFK


CLIMATE REPORT
NATIONAL WEATHER SERVICE SHREVEPORT, LA
231 AM CDT THU APR 17 2014


...................................

...THE LUFKIN CLIMATE SUMMARY FOR APRIL 16 2014...

CLIMATE NORMAL PERIOD 1981 TO 2010
CLIMATE RECORD PERIOD 1906 TO 2014


WEATHER ITEM   OBSERVED TIME   RECORD YEAR NORMAL DEPARTURE LAST
                VALUE   (LST)  VALUE       VALUE  FROM      YEAR
                                                  NORMAL
..................................................................
TEMPERATURE (F)
 YESTERDAY
  MAXIMUM         69    415 PM  89    2006  78     -9       88
                                      1907
  MINIMUM         38    613 AM  33    1961  55    -17       72
  AVERAGE         54                        67    -13       80

PRECIPITATION (IN)
  YESTERDAY        0.00          1.54 1950   0.09  -0.09     0.00
  MONTH TO DATE    2.67                      1.56   1.11     1.70
  SINCE DEC 1     10.25                     17.83  -7.58    15.36
  SINCE JAN 1      8.04                     13.39  -5.35    11.05

SNOWFALL (IN)
  YESTERDAY        0.0
  MONTH TO DATE    0.0
  SINCE MAR 1      0.0
  SINCE JUL 1      3.2
  SNOW DEPTH       0

DEGREE DAYS
 HEATING
  YESTERDAY       11                         2      9        0
  MONTH TO DATE   53                        51      2       53
  SINCE MAR 1    303                       261     42      284
  SINCE JUL 1   2106                      1895    211     1550

 COOLING
  YESTERDAY        0                         4     -4       15
  MONTH TO DATE   58                        50      8       68
  SINCE MAR 1     75                        91    -16      113
  SINCE JAN 1     93                       110    -17      135
..................................................................


WIND (MPH)
  HIGHEST WIND SPEED    15   HIGHEST WIND DIRECTION    SE (150)
  HIGHEST GUST SPEED    19   HIGHEST GUST DIRECTION    SE (140)
  AVERAGE WIND SPEED     6.8


SKY COVER
  POSSIBLE SUNSHINE  MM
  AVERAGE SKY COVER 0.0


WEATHER CONDITIONS
 THE FOLLOWING WEATHER WAS RECORDED YESTERDAY.
  NO SIGNIFICANT WEATHER WAS OBSERVED.


RELATIVE HUMIDITY (PERCENT)
 HIGHEST    85           200 AM
 LOWEST     28           200 PM
 AVERAGE    57

..........................................................


THE LUFKIN CLIMATE NORMALS FOR TODAY
                         NORMAL    RECORD    YEAR
 MAXIMUM TEMPERATURE (F)   79        92      2006
 MINIMUM TEMPERATURE (F)   55        36      1999


SUNRISE AND SUNSET
APRIL 17 2014.........SUNRISE   649 AM CDT   SUNSET   749 PM CDT
APRIL 18 2014.........SUNRISE   648 AM CDT   SUNSET   750 PM CDT


-  INDICATES NEGATIVE NUMBERS.
R  INDICATES RECORD WAS SET OR TIED.
MM INDICATES DATA IS MISSING.
T  INDICATES TRACE AMOUNT.




$$
