000
CDUS44 KLCH 010818
CLILFT


CLIMATE REPORT
NATIONAL WEATHER SERVICE LAKE CHARLES, LA
317 AM CDT SAT AUG 1 2015


...................................

...THE LAFAYETTE CLIMATE SUMMARY FOR JULY 31 2015...

CLIMATE NORMAL PERIOD 1981 TO 2010
CLIMATE RECORD PERIOD 1893 TO 2015


WEATHER ITEM   OBSERVED TIME   RECORD YEAR NORMAL DEPARTURE LAST
                VALUE   (LST)  VALUE       VALUE  FROM      YEAR
                                                  NORMAL
..................................................................
TEMPERATURE (F)
 YESTERDAY
  MAXIMUM         94    408 PM 103    1899  93      1       90
  MINIMUM         75   1159 PM  67    1936  75      0       70
                                      1914
  AVERAGE         85                        84      1       80

PRECIPITATION (IN)
  YESTERDAY        0.00          4.22 1908   0.17  -0.17     0.00
  MONTH TO DATE    2.03                      6.30  -4.27     5.98
  SINCE JUN 1      9.64                     13.38  -3.74    14.57
  SINCE JAN 1     40.24                     36.00   4.24    37.61

DEGREE DAYS
 COOLING
  YESTERDAY       20                        19      1       15
  MONTH TO DATE  639                       572     67      526
  SINCE JUN 1   1141                      1070     71     1033
  SINCE JAN 1   1833                      1684    149     1502
..................................................................


WIND (MPH)
  HIGHEST WIND SPEED    17   HIGHEST WIND DIRECTION     N (20)
  HIGHEST GUST SPEED    22   HIGHEST GUST DIRECTION     N (20)
  AVERAGE WIND SPEED     9.3


SKY COVER
  POSSIBLE SUNSHINE  MM
  AVERAGE SKY COVER 0.0


WEATHER CONDITIONS
 THE FOLLOWING WEATHER WAS RECORDED YESTERDAY.
  NO SIGNIFICANT WEATHER WAS OBSERVED.


RELATIVE HUMIDITY (PERCENT)
 HIGHEST    88           600 AM
 LOWEST     41           400 PM
 AVERAGE    65

..........................................................


THE LAFAYETTE CLIMATE NORMALS FOR TODAY
                         NORMAL    RECORD    YEAR
 MAXIMUM TEMPERATURE (F)   93       102      1986
                                             1899
 MINIMUM TEMPERATURE (F)   75        65      1923


SUNRISE AND SUNSET
AUGUST  1 2015........SUNRISE   627 AM CDT   SUNSET   802 PM CDT
AUGUST  2 2015........SUNRISE   627 AM CDT   SUNSET   801 PM CDT


-  INDICATES NEGATIVE NUMBERS.
R  INDICATES RECORD WAS SET OR TIED.
MM INDICATES DATA IS MISSING.
T  INDICATES TRACE AMOUNT.




$$
