000
CDUS44 KLCH 220843
CLILFT


CLIMATE REPORT
NATIONAL WEATHER SERVICE LAKE CHARLES, LA
341 AM CDT MON SEP 22 2014


...................................

...THE LAFAYETTE CLIMATE SUMMARY FOR SEPTEMBER 21 2014...

CLIMATE NORMAL PERIOD 1981 TO 2010
CLIMATE RECORD PERIOD 1893 TO 2014


WEATHER ITEM   OBSERVED TIME   RECORD YEAR NORMAL DEPARTURE LAST
                VALUE   (LST)  VALUE       VALUE  FROM      YEAR
                                                  NORMAL
..................................................................
TEMPERATURE (F)
 YESTERDAY
  MAXIMUM         90    325 PM  99    1921  88      2       79
  MINIMUM         70    527 AM  48    1899  68      2       70
  AVERAGE         80                        78      2       75

PRECIPITATION (IN)
  YESTERDAY        0.00          5.09 1909   0.14  -0.14     2.23
  MONTH TO DATE    5.21                      3.38   1.83     3.27
  SINCE SEP 1      5.21                      3.38   1.83     3.27
  SINCE JAN 1     51.30                     44.00   7.30    46.15

DEGREE DAYS
 HEATING
  YESTERDAY        0                         0      0        0
  MONTH TO DATE    0                         0      0        0
  SINCE SEP 1      0                         0      0        0
  SINCE JUL 1      0                         0      0        0

 COOLING
  YESTERDAY       15                        13      2       10
  MONTH TO DATE  328                       324      4      380
  SINCE SEP 1    328                       324      4      380
  SINCE JAN 1   2385                      2585   -200     2482
..................................................................


WIND (MPH)
  HIGHEST WIND SPEED    14   HIGHEST WIND DIRECTION    NE (40)
  HIGHEST GUST SPEED    19   HIGHEST GUST DIRECTION    NE (30)
  AVERAGE WIND SPEED     3.4


SKY COVER
  POSSIBLE SUNSHINE  MM
  AVERAGE SKY COVER 0.1


WEATHER CONDITIONS
 THE FOLLOWING WEATHER WAS RECORDED YESTERDAY.
  FOG


RELATIVE HUMIDITY (PERCENT)
 HIGHEST   100           500 AM
 LOWEST     47           200 PM
 AVERAGE    74

..........................................................


THE LAFAYETTE CLIMATE NORMALS FOR TODAY
                         NORMAL    RECORD    YEAR
 MAXIMUM TEMPERATURE (F)   87        97      1934
                                             1893
 MINIMUM TEMPERATURE (F)   68        45      1918
                                             1897


SUNRISE AND SUNSET
SEPTEMBER 22 2014.....SUNRISE   656 AM CDT   SUNSET   704 PM CDT
SEPTEMBER 23 2014.....SUNRISE   657 AM CDT   SUNSET   703 PM CDT


-  INDICATES NEGATIVE NUMBERS.
R  INDICATES RECORD WAS SET OR TIED.
MM INDICATES DATA IS MISSING.
T  INDICATES TRACE AMOUNT.




$$
