000
CDUS44 KLCH 051245
CLILFT


CLIMATE REPORT
NATIONAL WEATHER SERVICE LAKE CHARLES, LA
645 AM CST MON DEC 5 2016


...................................

...THE LAFAYETTE CLIMATE SUMMARY FOR DECEMBER 4 2016...

CLIMATE NORMAL PERIOD 1981 TO 2010
CLIMATE RECORD PERIOD 1893 TO 2016


WEATHER ITEM   OBSERVED TIME   RECORD YEAR NORMAL DEPARTURE LAST
                VALUE   (LST)  VALUE       VALUE  FROM      YEAR
                                                  NORMAL
..................................................................
TEMPERATURE (F)
 YESTERDAY
  MAXIMUM         68    235 AM  84    1928  67      1       61
                                      1922
  MINIMUM         53   1159 PM  24    1929  46      7       37
  AVERAGE         61                        56      5       49

PRECIPITATION (IN)
  YESTERDAY        2.71          3.90 1912   0.18   2.53     0.00
  MONTH TO DATE    4.71                      0.68   4.03     0.33
  SINCE DEC 1      4.71                      0.68   4.03     0.33
  SINCE JAN 1     76.58                     55.60  20.98    61.59

SNOWFALL (IN)
  YESTERDAY        0.0           0.3  2009   0.0    0.0      0.0
  MONTH TO DATE    0.0                       0.0    0.0      0.0
  SINCE DEC 1      0.0                       0.0    0.0      0.0
  SINCE JUL 1      0.0                       0.0    0.0      0.0
  SNOW DEPTH       0

DEGREE DAYS
 HEATING
  YESTERDAY        4                        10     -6       16
  MONTH TO DATE   30                        37     -7       41
  SINCE DEC 1     30                        37     -7       41
  SINCE JUL 1    116                       236   -120      129
..................................................................


WIND (MPH)
  HIGHEST WIND SPEED    20   HIGHEST WIND DIRECTION    NW (300)
  HIGHEST GUST SPEED    24   HIGHEST GUST DIRECTION    NW (330)
  AVERAGE WIND SPEED     9.1


SKY COVER
  POSSIBLE SUNSHINE  MM
  AVERAGE SKY COVER 0.9


WEATHER CONDITIONS
 THE FOLLOWING WEATHER WAS RECORDED YESTERDAY.
  THUNDERSTORM
  HEAVY RAIN
  RAIN
  LIGHT RAIN
  FOG


RELATIVE HUMIDITY (PERCENT)
 HIGHEST   100           100 AM
 LOWEST     93           400 AM
 AVERAGE    97

..........................................................


THE LAFAYETTE CLIMATE NORMALS FOR TODAY
                         NORMAL    RECORD    YEAR
 MAXIMUM TEMPERATURE (F)   66        84      1916
                                             1906
 MINIMUM TEMPERATURE (F)   46        24      1898


SUNRISE AND SUNSET
DECEMBER  5 2016......SUNRISE   650 AM CST   SUNSET   507 PM CST
DECEMBER  6 2016......SUNRISE   651 AM CST   SUNSET   508 PM CST


-  INDICATES NEGATIVE NUMBERS.
R  INDICATES RECORD WAS SET OR TIED.
MM INDICATES DATA IS MISSING.
T  INDICATES TRACE AMOUNT.




$$
