871
CDUS44 KLCH 212344
CLILFT


CLIMATE REPORT
NATIONAL WEATHER SERVICE LAKE CHARLES, LA
544 PM CST SUN JAN 21 2018


...................................

...THE LAFAYETTE CLIMATE SUMMARY FOR JANUARY 21 2018...
VALID TODAY AS OF 0500 PM LOCAL TIME.

CLIMATE NORMAL PERIOD 1981 TO 2010
CLIMATE RECORD PERIOD 1893 TO 2018


WEATHER ITEM   OBSERVED TIME   RECORD YEAR NORMAL DEPARTURE LAST
                VALUE   (LST)  VALUE       VALUE  FROM      YEAR
                                                  NORMAL
..................................................................
TEMPERATURE (F)
 TODAY
  MAXIMUM         73    213 PM  81    1927  62     11       78
  MINIMUM         50    559 AM  13    1985  43      7       64
  AVERAGE         62                        52     10       71

PRECIPITATION (IN)
  TODAY            0.00          2.87 1930   0.18  -0.18     0.91
  MONTH TO DATE    1.56                      3.87  -2.31     3.37
  SINCE DEC 1      7.85                      9.45  -1.60    12.46
  SINCE JAN 1      1.56                      3.87  -2.31     3.37

SNOWFALL (IN)
  TODAY            0.0           0.0    MM   0.0    0.0      0.0
  MONTH TO DATE    0.3                       0.0    0.3      0.0
  SINCE DEC 1      2.0                       0.0    2.0      0.0
  SINCE JUL 1      2.0                       0.0    2.0      0.0
  SNOW DEPTH       0

DEGREE DAYS
 HEATING
  TODAY            3                        13    -10        0
  MONTH TO DATE  447                       273    174      123
  SINCE DEC 1    817                       628    189      358
  SINCE JUL 1    984                       827    157      444
..................................................................


WIND (MPH)
  HIGHEST WIND SPEED    16   HIGHEST WIND DIRECTION     S (170)
  HIGHEST GUST SPEED    25   HIGHEST GUST DIRECTION     S (170)
  AVERAGE WIND SPEED     5.1


SKY COVER
  POSSIBLE SUNSHINE  MM
  AVERAGE SKY COVER 0.7


WEATHER CONDITIONS
 THE FOLLOWING WEATHER WAS RECORDED TODAY.
  FOG
  FOG W/VISIBILITY <= 1/4 MILE


RELATIVE HUMIDITY (PERCENT)
 HIGHEST   100          1200 AM
 LOWEST     79          1200 PM
 AVERAGE    90

..........................................................


THE LAFAYETTE CLIMATE NORMALS FOR TOMORROW
                         NORMAL    RECORD    YEAR
 MAXIMUM TEMPERATURE (F)   62        80      1920
 MINIMUM TEMPERATURE (F)   43        18      1935


SUNRISE AND SUNSET
JANUARY 21 2018.......SUNRISE   704 AM CST   SUNSET   535 PM CST
JANUARY 22 2018.......SUNRISE   703 AM CST   SUNSET   536 PM CST


-  INDICATES NEGATIVE NUMBERS.
R  INDICATES RECORD WAS SET OR TIED.
MM INDICATES DATA IS MISSING.
T  INDICATES TRACE AMOUNT.




$$
