000
CDUS44 KLCH 010833
CLILFT


CLIMATE REPORT
NATIONAL WEATHER SERVICE LAKE CHARLES, LA
331 AM CDT WED JUL 1 2015


...................................

...THE LAFAYETTE CLIMATE SUMMARY FOR JUNE 30 2015...

CLIMATE NORMAL PERIOD 1981 TO 2010
CLIMATE RECORD PERIOD 1893 TO 2015


WEATHER ITEM   OBSERVED TIME   RECORD YEAR NORMAL DEPARTURE LAST
                VALUE   (LST)  VALUE       VALUE  FROM      YEAR
                                                  NORMAL
..................................................................
TEMPERATURE (F)
 YESTERDAY
  MAXIMUM         89   1112 AM 102    1954  91     -2       92
  MINIMUM         73    331 PM  63    1923  74     -1       76
  AVERAGE         81                        83     -2       84

PRECIPITATION (IN)
  YESTERDAY        0.29          2.34 1992   0.26   0.03     0.00
                                      1987
  MONTH TO DATE    7.61                      7.08   0.53     8.59
  SINCE JUN 1      7.61                      7.08   0.53     8.59
  SINCE JAN 1     38.21                     29.70   8.51    31.63

DEGREE DAYS
 COOLING
  YESTERDAY       16                        18     -2       19
  MONTH TO DATE  502                       498      4      507
  SINCE JUN 1    502                       498      4      507
  SINCE JAN 1   1194                      1112     82      976
..................................................................


WIND (MPH)
  HIGHEST WIND SPEED    21   HIGHEST WIND DIRECTION     W (270)
  HIGHEST GUST SPEED    26   HIGHEST GUST DIRECTION     W (260)
  AVERAGE WIND SPEED     5.5


SKY COVER
  POSSIBLE SUNSHINE  MM
  AVERAGE SKY COVER 0.3


WEATHER CONDITIONS
 THE FOLLOWING WEATHER WAS RECORDED YESTERDAY.
  THUNDERSTORM
  HEAVY RAIN
  LIGHT RAIN
  FOG


RELATIVE HUMIDITY (PERCENT)
 HIGHEST    94           200 AM
 LOWEST     68          1000 AM
 AVERAGE    81

..........................................................


THE LAFAYETTE CLIMATE NORMALS FOR TODAY
                         NORMAL    RECORD    YEAR
 MAXIMUM TEMPERATURE (F)   91       104      1894
 MINIMUM TEMPERATURE (F)   75        67      1943


SUNRISE AND SUNSET
JULY  1 2015..........SUNRISE   610 AM CDT   SUNSET   814 PM CDT
JULY  2 2015..........SUNRISE   610 AM CDT   SUNSET   814 PM CDT


-  INDICATES NEGATIVE NUMBERS.
R  INDICATES RECORD WAS SET OR TIED.
MM INDICATES DATA IS MISSING.
T  INDICATES TRACE AMOUNT.




$$
