000
CDUS41 KOKX 280635
CLILGA


CLIMATE REPORT
NATIONAL WEATHER SERVICE NEW YORK NY
135 AM EST SAT FEB 28 2015


...................................

...THE LAGUARDIA NY CLIMATE SUMMARY FOR FEBRUARY 27 2015...

CLIMATE NORMAL PERIOD 1981 TO 2010
CLIMATE RECORD PERIOD 1945 TO 2015


WEATHER ITEM   OBSERVED TIME   RECORD YEAR NORMAL DEPARTURE LAST
                VALUE   (LST)  VALUE       VALUE  FROM      YEAR
                                                  NORMAL
..................................................................
TEMPERATURE (F)
 YESTERDAY
  MAXIMUM         30    500 PM  73    1997  45    -15       33
  MINIMUM         19    831 AM   9    1950  30    -11       15
  AVERAGE         25                        38    -13       24

PRECIPITATION (IN)
  YESTERDAY        0.00          1.79 1958   0.11  -0.11      T
  MONTH TO DATE    2.10                      2.65  -0.55     4.93
  SINCE DEC 1     13.28                      9.38   3.90    11.75
  SINCE JAN 1      7.08                      5.82   1.26     7.29

SNOWFALL (IN)
  YESTERDAY        0.0           1.2  1979   0.3   -0.3       T
  MONTH TO DATE   15.1                       8.9    6.2     27.2
  SINCE OCT 1     36.5                      21.8   14.7     51.7
  SINCE JUL 1     36.5                      21.8   14.7     51.7
  SNOW DEPTH       5

DEGREE DAYS
 HEATING
  YESTERDAY       40                        27     13       41
  MONTH TO DATE 1094                       803    291      886
  SINCE DEC 1   2926                      2627    299     2827
  SINCE JUL 1   3680                      3402    278     3609

 COOLING
  YESTERDAY        0                         0      0        0
  MONTH TO DATE    0                         0      0        0
  SINCE DEC 1      0                         0      0        0
  SINCE JAN 1      0                         0      0        0
..................................................................


WIND (MPH)
  HIGHEST WIND SPEED    20   HIGHEST WIND DIRECTION    NW (320)
  HIGHEST GUST SPEED    24   HIGHEST GUST DIRECTION    NW (330)
  AVERAGE WIND SPEED     9.9


SKY COVER
  AVERAGE SKY COVER 0.4


WEATHER CONDITIONS
 THE FOLLOWING WEATHER WAS RECORDED YESTERDAY.
  NO SIGNIFICANT WEATHER WAS OBSERVED.


RELATIVE HUMIDITY (PERCENT)
 HIGHEST    57           100 AM
 LOWEST     31           400 PM
 AVERAGE    44

..........................................................


THE LAGUARDIA NY CLIMATE NORMALS FOR TODAY
                         NORMAL    RECORD    YEAR
 MAXIMUM TEMPERATURE (F)   45        66      1976
 MINIMUM TEMPERATURE (F)   31        10      2014


SUNRISE AND SUNSET
FEBRUARY 28 2015......SUNRISE   632 AM EST   SUNSET   545 PM EST
MARCH  1 2015.........SUNRISE   630 AM EST   SUNSET   546 PM EST


-  INDICATES NEGATIVE NUMBERS.
R  INDICATES RECORD WAS SET OR TIED.
MM INDICATES DATA IS MISSING.
T  INDICATES TRACE AMOUNT.




$$
