000
CDUS41 KOKX 300616
CLILGA


CLIMATE REPORT
NATIONAL WEATHER SERVICE NEW YORK NY
216 AM EDT THU MAR 30 2017


...................................

...THE LAGUARDIA NY CLIMATE SUMMARY FOR MARCH 29 2017...

CLIMATE NORMAL PERIOD 1981 TO 2010
CLIMATE RECORD PERIOD 1939 TO 2017


WEATHER ITEM   OBSERVED TIME   RECORD YEAR NORMAL DEPARTURE LAST
                VALUE   (LST)  VALUE       VALUE  FROM      YEAR
                                                  NORMAL
..................................................................
TEMPERATURE (F)
 YESTERDAY
  MAXIMUM         59    343 PM  86    1945  54      5       53
  MINIMUM         44   1159 PM  25    1959  39      5       42
  AVERAGE         52                        46      6       48

PRECIPITATION (IN)
  YESTERDAY        T             1.90 2010   0.14  -0.14     0.00
  MONTH TO DATE    2.59                      3.70  -1.11     1.26
  SINCE MAR 1      2.59                      3.70  -1.11     1.26
  SINCE JAN 1      8.59                      9.63  -1.04     9.79

SNOWFALL (IN)
  YESTERDAY        0.0           3.5  1970   0.1   -0.1      0.0
  MONTH TO DATE    9.8                       4.3    5.5      1.8
  SINCE OCT 1     33.2                      26.3    6.9     36.2
  SINCE JUL 1     33.2                      26.3    6.9     36.2
  SNOW DEPTH       0

DEGREE DAYS
 HEATING
  YESTERDAY       13                        19     -6       17
  MONTH TO DATE  695                       670     25      471
  SINCE MAR 1    695                       670     25      471
  SINCE JUL 1   3382                      4099   -717     3133

 COOLING
  YESTERDAY        0                         0      0        0
  MONTH TO DATE    0                         0      0        5
  SINCE MAR 1      0                         0      0        5
  SINCE JAN 1      0                         0      0        5
..................................................................


WIND (MPH)
  HIGHEST WIND SPEED    23   HIGHEST WIND DIRECTION     N (340)
  HIGHEST GUST SPEED    30   HIGHEST GUST DIRECTION    NW (330)
  AVERAGE WIND SPEED    12.8


SKY COVER
  AVERAGE SKY COVER 0.5


WEATHER CONDITIONS
 THE FOLLOWING WEATHER WAS RECORDED YESTERDAY.
  HAZE


RELATIVE HUMIDITY (PERCENT)
 HIGHEST    89          1200 AM
 LOWEST     32           500 PM
 AVERAGE    61

..........................................................


THE LAGUARDIA NY CLIMATE NORMALS FOR TODAY
                         NORMAL    RECORD    YEAR
 MAXIMUM TEMPERATURE (F)   55        79      1998
 MINIMUM TEMPERATURE (F)   39        23      1970


SUNRISE AND SUNSET
MARCH 30 2017.........SUNRISE   642 AM EDT   SUNSET   719 PM EDT
MARCH 31 2017.........SUNRISE   640 AM EDT   SUNSET   720 PM EDT


-  INDICATES NEGATIVE NUMBERS.
R  INDICATES RECORD WAS SET OR TIED.
MM INDICATES DATA IS MISSING.
T  INDICATES TRACE AMOUNT.




$$
