000
CDUS41 KOKX 300623
CLILGA


CLIMATE REPORT
NATIONAL WEATHER SERVICE NEW YORK NY
217 AM EDT THU OCT 30 2014


...................................

...THE LAGUARDIA NY CLIMATE SUMMARY FOR OCTOBER 29 2014...

CLIMATE NORMAL PERIOD 1981 TO 2010
CLIMATE RECORD PERIOD 1945 TO 2014


WEATHER ITEM   OBSERVED TIME   RECORD YEAR NORMAL DEPARTURE LAST
                VALUE   (LST)  VALUE       VALUE  FROM      YEAR
                                                  NORMAL
..................................................................
TEMPERATURE (F)
 YESTERDAY
  MAXIMUM         72   1241 PM  77    1946  61     11       55
  MINIMUM         53   1159 PM  31    1941  47      6       44
  AVERAGE         63                        54      9       50

PRECIPITATION (IN)
  YESTERDAY        T             2.45 1973   0.11  -0.11     0.00
  MONTH TO DATE    3.85                      3.55   0.30     0.38
  SINCE SEP 1      5.09                      7.28  -2.19     3.67
  SINCE JAN 1     40.15                     37.53   2.62    31.01

SNOWFALL (IN)
  YESTERDAY        0.0           1.7  2011   0.0    0.0      0.0
  MONTH TO DATE    0.0                       0.0    0.0      0.0
  SINCE OCT 1      0.0                       0.0    0.0      0.0
  SINCE JUL 1      0.0                       0.0    0.0      0.0
  SNOW DEPTH       0

DEGREE DAYS
 HEATING
  YESTERDAY        2                        11     -9       15
  MONTH TO DATE  137                       213    -76      155
  SINCE SEP 1    150                       247    -97      186
  SINCE JUL 1    150                       248    -98      186

 COOLING
  YESTERDAY        0                         0      0        0
  MONTH TO DATE   24                        20      4       51
  SINCE SEP 1    205                       177     28      183
  SINCE JAN 1   1192                      1210    -18     1402
..................................................................


WIND (MPH)
  HIGHEST WIND SPEED    23   HIGHEST WIND DIRECTION    NW (310)
  HIGHEST GUST SPEED    26   HIGHEST GUST DIRECTION    NW (300)
  AVERAGE WIND SPEED     9.0


SKY COVER
  AVERAGE SKY COVER 0.8


WEATHER CONDITIONS
 THE FOLLOWING WEATHER WAS RECORDED YESTERDAY.
  LIGHT RAIN


RELATIVE HUMIDITY (PERCENT)
 HIGHEST    84           200 AM
 LOWEST     45           200 PM
 AVERAGE    65

..........................................................


THE LAGUARDIA NY CLIMATE NORMALS FOR TODAY
                         NORMAL    RECORD    YEAR
 MAXIMUM TEMPERATURE (F)   60        81      1946
 MINIMUM TEMPERATURE (F)   47        35      2011
                                             1983
                                             1975


SUNRISE AND SUNSET
OCTOBER 30 2014.......SUNRISE   724 AM EDT   SUNSET   554 PM EDT
OCTOBER 31 2014.......SUNRISE   725 AM EDT   SUNSET   553 PM EDT


-  INDICATES NEGATIVE NUMBERS.
R  INDICATES RECORD WAS SET OR TIED.
MM INDICATES DATA IS MISSING.
T  INDICATES TRACE AMOUNT.




$$
