336
CDUS46 KLOX 230901
CLILGB


CLIMATE REPORT
NATIONAL WEATHER SERVICE LOS ANGELES/OXNARD CA
200 AM PDT MON OCT 23 2017


...................................

...THE LONG BEACH AIRPORT CA CLIMATE SUMMARY FOR OCTOBER 22 2017...

CLIMATE NORMAL PERIOD 1981 TO 2010
CLIMATE RECORD PERIOD 1958 TO 2017


WEATHER ITEM   OBSERVED TIME   RECORD YEAR NORMAL DEPARTURE LAST
                VALUE   (LST)  VALUE       VALUE  FROM      YEAR
                                                  NORMAL
..................................................................
TEMPERATURE (F)
 YESTERDAY
  MAXIMUM         95    237 PM 101    1965  77     18       81
  MINIMUM         60    606 AM  49    1996  57      3       58
  AVERAGE         78                        67     11       70

PRECIPITATION (IN)
  YESTERDAY        0.00          0.41 1989   0.02  -0.02     0.00
  MONTH TO DATE    0.00                      0.39  -0.39     0.29
  SINCE OCT 1      0.00                      0.39  -0.39     0.29
  SINCE JAN 1     14.90                      9.07   5.83     4.28

SNOWFALL (IN)
  YESTERDAY        0.0
  MONTH TO DATE    0.0
  SINCE SEP 1      0.0
  SINCE JUL 1      0.0

DEGREE DAYS
 HEATING
  YESTERDAY        0                         1     -1        0
  MONTH TO DATE    0                         6     -6        1
  SINCE SEP 1      0                         7     -7        1
  SINCE JUL 1      0                         7     -7        1

 COOLING
  YESTERDAY       13                         3     10        5
  MONTH TO DATE  153                        85     68      124
  SINCE SEP 1    419                       316    103      387
  SINCE JAN 1   1385                      1084    301     1331
..................................................................


WIND (MPH)
  HIGHEST WIND SPEED    15   HIGHEST WIND DIRECTION     W (290)
  HIGHEST GUST SPEED    17   HIGHEST GUST DIRECTION     W (280)
  AVERAGE WIND SPEED     6.2


SKY COVER
  POSSIBLE SUNSHINE  MM
  AVERAGE SKY COVER 0.0


WEATHER CONDITIONS
 THE FOLLOWING WEATHER WAS RECORDED YESTERDAY.
  NO SIGNIFICANT WEATHER WAS OBSERVED.


RELATIVE HUMIDITY (PERCENT)
 HIGHEST    63          1200 AM
 LOWEST     11          1200 PM
 AVERAGE    37

..........................................................


THE LONG BEACH AIRPORT CA CLIMATE NORMALS FOR TODAY
                         NORMAL    RECORD    YEAR
 MAXIMUM TEMPERATURE (F)   76        99      1965
 MINIMUM TEMPERATURE (F)   57        50      1996
                                             1968


SUNRISE AND SUNSET
OCTOBER 23 2017.......SUNRISE   704 AM PDT   SUNSET   609 PM PDT
OCTOBER 24 2017.......SUNRISE   705 AM PDT   SUNSET   608 PM PDT


-  INDICATES NEGATIVE NUMBERS.
R  INDICATES RECORD WAS SET OR TIED.
MM INDICATES DATA IS MISSING.
T  INDICATES TRACE AMOUNT.




$$
