211
CDUS46 KLOX 120124
CLILGB


CLIMATE REPORT
NATIONAL WEATHER SERVICE LOS ANGELES/OXNARD CA
523 PM PST THU FEB 11 2016


...................................

...THE LONG BEACH AIRPORT CA CLIMATE SUMMARY FOR FEBRUARY 11 2016...
VALID TODAY AS OF 0500 PM LOCAL TIME.

CLIMATE NORMAL PERIOD 1981 TO 2010
CLIMATE RECORD PERIOD 1958 TO 2016


WEATHER ITEM   OBSERVED TIME   RECORD YEAR NORMAL DEPARTURE LAST
                VALUE   (LST)  VALUE       VALUE  FROM      YEAR
                                                  NORMAL
..................................................................
TEMPERATURE (F)
 TODAY
  MAXIMUM         79    432 PM  87    2015  67     12       87
  MINIMUM         51    624 AM  34    1965  48      3       54
  AVERAGE         65                        57      8       71

PRECIPITATION (IN)
  TODAY            0.00          2.48 2005   0.11  -0.11     0.00
  MONTH TO DATE    0.00                      1.11  -1.11      T
  SINCE OCT 1      3.29                      7.29  -4.00     6.13
  SINCE JAN 1      2.29                      3.71  -1.42     0.87

SNOWFALL (IN)
  TODAY            0.0
  MONTH TO DATE    0.0
  SINCE DEC 1      0.0
  SINCE JUL 1      0.0

DEGREE DAYS
 HEATING
  TODAY            0                         8     -8        0
  MONTH TO DATE   54                        88    -34       19
  SINCE DEC 1    520                       618    -98      333
  SINCE JUL 1    612                       767   -155      369

 COOLING
  TODAY            0                         0      0        6
  MONTH TO DATE   22                         0     22       11
  SINCE DEC 1     28                         4     24       24
  SINCE JAN 1     22                         3     19       19
..................................................................


WIND (MPH)
  HIGHEST WIND SPEED    12   HIGHEST WIND DIRECTION    NW (300)
  HIGHEST GUST SPEED    13   HIGHEST GUST DIRECTION    SW (220)
  AVERAGE WIND SPEED     2.5


SKY COVER
  POSSIBLE SUNSHINE  MM
  AVERAGE SKY COVER 0.0


WEATHER CONDITIONS
 THE FOLLOWING WEATHER WAS RECORDED TODAY.
  NO SIGNIFICANT WEATHER WAS OBSERVED.


RELATIVE HUMIDITY (PERCENT)
 HIGHEST    64           700 AM
 LOWEST     20           400 PM
 AVERAGE    42

..........................................................


THE LONG BEACH AIRPORT CA CLIMATE NORMALS FOR TOMORROW
                         NORMAL    RECORD    YEAR
 MAXIMUM TEMPERATURE (F)   67        91      1971
 MINIMUM TEMPERATURE (F)   48        33      1965


SUNRISE AND SUNSET
FEBRUARY 11 2016......SUNRISE   641 AM PST   SUNSET   533 PM PST
FEBRUARY 12 2016......SUNRISE   640 AM PST   SUNSET   534 PM PST


-  INDICATES NEGATIVE NUMBERS.
R  INDICATES RECORD WAS SET OR TIED.
MM INDICATES DATA IS MISSING.
T  INDICATES TRACE AMOUNT.




$$
