000
CDUS46 KLOX 040900
CLILGB


CLIMATE REPORT
NATIONAL WEATHER SERVICE LOS ANGELES/OXNARD CA
200 AM PDT SAT JUL 4 2015


...................................

...THE LONG BEACH AIRPORT CA CLIMATE SUMMARY FOR JULY 3 2015...

CLIMATE NORMAL PERIOD 1981 TO 2010
CLIMATE RECORD PERIOD 1958 TO 2015


WEATHER ITEM   OBSERVED TIME   RECORD YEAR NORMAL DEPARTURE LAST
                VALUE   (LST)  VALUE       VALUE  FROM      YEAR
                                                  NORMAL
..................................................................
TEMPERATURE (F)
 YESTERDAY
  MAXIMUM         83    226 PM 100    1981  80      3       86
  MINIMUM         66   1159 PM  55    1963  63      3       66
                                      1960
  AVERAGE         75                        72      3       76

PRECIPITATION (IN)
  YESTERDAY        0.00          T    2001   0.00   0.00     0.00
                                      1998
                                      1996
  MONTH TO DATE    T                         0.00   0.00     0.00
  SINCE OCT 1      7.86                     12.02  -4.16     4.43
  SINCE JAN 1      2.60                      8.44  -5.84     3.19

SNOWFALL (IN)
  YESTERDAY        0.0
  MONTH TO DATE    0.0
  SINCE JUN 1      0.0
  SINCE JUL 1      0.0

DEGREE DAYS
 HEATING
  YESTERDAY        0                         0      0        0
  MONTH TO DATE    0                         0      0        0
  SINCE JUN 1      0                         6     -6        0
  SINCE JUL 1      0                         0      0        0

 COOLING
  YESTERDAY       10                         7      3       11
  MONTH TO DATE   36                        21     15       27
  SINCE JUN 1    247                       142    105      173
  SINCE JAN 1    503                       245    258      442
..................................................................


WIND (MPH)
  HIGHEST WIND SPEED    17   HIGHEST WIND DIRECTION    NW (300)
  HIGHEST GUST SPEED    19   HIGHEST GUST DIRECTION    NW (300)
  AVERAGE WIND SPEED     6.6


SKY COVER
  POSSIBLE SUNSHINE  MM
  AVERAGE SKY COVER 0.2


WEATHER CONDITIONS
 THE FOLLOWING WEATHER WAS RECORDED YESTERDAY.
  NO SIGNIFICANT WEATHER WAS OBSERVED.


RELATIVE HUMIDITY (PERCENT)
 HIGHEST    81           100 AM
 LOWEST     51           300 PM
 AVERAGE    66

..........................................................


THE LONG BEACH AIRPORT CA CLIMATE NORMALS FOR TODAY
                         NORMAL    RECORD    YEAR
 MAXIMUM TEMPERATURE (F)   81        98      1970
 MINIMUM TEMPERATURE (F)   64        54      1964


SUNRISE AND SUNSET
JULY  4 2015..........SUNRISE   547 AM PDT   SUNSET   807 PM PDT
JULY  5 2015..........SUNRISE   547 AM PDT   SUNSET   807 PM PDT


-  INDICATES NEGATIVE NUMBERS.
R  INDICATES RECORD WAS SET OR TIED.
MM INDICATES DATA IS MISSING.
T  INDICATES TRACE AMOUNT.




$$
