000
CDUS46 KLOX 290915
CLILGB


CLIMATE REPORT
NATIONAL WEATHER SERVICE LOS ANGELES/OXNARD CA
215 AM PDT THU JUN 29 2017


...................................

...THE LONG BEACH AIRPORT CA CLIMATE SUMMARY FOR JUNE 28 2017...

CLIMATE NORMAL PERIOD 1981 TO 2010
CLIMATE RECORD PERIOD 1958 TO 2017


WEATHER ITEM   OBSERVED TIME   RECORD YEAR NORMAL DEPARTURE LAST
                VALUE   (LST)  VALUE       VALUE  FROM      YEAR
                                                  NORMAL
..................................................................
TEMPERATURE (F)
 YESTERDAY
  MAXIMUM         73    240 PM  97    1976  79     -6       86
  MINIMUM         62    500 AM  55    1967  63     -1       68
                                      1965
                                      1964
  AVERAGE         68                        71     -3       77

PRECIPITATION (IN)
  YESTERDAY        0.00          T    2015   0.00   0.00     0.00
                                      1968
                                      1962
  MONTH TO DATE    0.00                      0.07  -0.07     0.01
  SINCE OCT 1     19.98                     12.02   7.96     4.99
  SINCE JAN 1     14.78                      8.44   6.34     3.99

SNOWFALL (IN)
  YESTERDAY        0.0
  MONTH TO DATE    0.0
  SINCE JUN 1      0.0
  SINCE JUL 1      0.0

DEGREE DAYS
 HEATING
  YESTERDAY        0                         0      0        0
  MONTH TO DATE    2                         3     -1        0
  SINCE JUN 1      2                         3     -1        0
  SINCE JUL 1    914                      1216   -302      795

 COOLING
  YESTERDAY        3                         6     -3       12
  MONTH TO DATE  140                       108     32      159
  SINCE JUN 1    140                       108     32      159
  SINCE JAN 1    300                       211     89      296
..................................................................


WIND (MPH)
  HIGHEST WIND SPEED    13   HIGHEST WIND DIRECTION    SE (150)
  HIGHEST GUST SPEED    18   HIGHEST GUST DIRECTION    SE (150)
  AVERAGE WIND SPEED     5.8


SKY COVER
  POSSIBLE SUNSHINE  MM
  AVERAGE SKY COVER 0.3


WEATHER CONDITIONS
 THE FOLLOWING WEATHER WAS RECORDED YESTERDAY.
  HAZE


RELATIVE HUMIDITY (PERCENT)
 HIGHEST    84           200 AM
 LOWEST     53           200 PM
 AVERAGE    69

..........................................................


THE LONG BEACH AIRPORT CA CLIMATE NORMALS FOR TODAY
                         NORMAL    RECORD    YEAR
 MAXIMUM TEMPERATURE (F)   80       100      1996
 MINIMUM TEMPERATURE (F)   63        50      1964


SUNRISE AND SUNSET
JUNE 29 2017..........SUNRISE   545 AM PDT   SUNSET   807 PM PDT
JUNE 30 2017..........SUNRISE   545 AM PDT   SUNSET   807 PM PDT


-  INDICATES NEGATIVE NUMBERS.
R  INDICATES RECORD WAS SET OR TIED.
MM INDICATES DATA IS MISSING.
T  INDICATES TRACE AMOUNT.




$$
