000
CDUS46 KLOX 160912
CLILGB


CLIMATE REPORT
NATIONAL WEATHER SERVICE LOS ANGELES/OXNARD CA
112 AM PST MON JAN 16 2017


...................................

...THE LONG BEACH AIRPORT CA CLIMATE SUMMARY FOR JANUARY 15 2017...

CLIMATE NORMAL PERIOD 1981 TO 2010
CLIMATE RECORD PERIOD 1958 TO 2017


WEATHER ITEM   OBSERVED TIME   RECORD YEAR NORMAL DEPARTURE LAST
                VALUE   (LST)  VALUE       VALUE  FROM      YEAR
                                                  NORMAL
..................................................................
TEMPERATURE (F)
 YESTERDAY
  MAXIMUM         62    151 PM  89    1976  68     -6       62
  MINIMUM         49    616 AM  31    2007  46      3       50
  AVERAGE         56                        57     -1       56

PRECIPITATION (IN)
  YESTERDAY        0.00          1.45 1993   0.09  -0.09     0.00
  MONTH TO DATE    3.19                      1.30   1.89     1.96
  SINCE OCT 1      8.39                      4.88   3.51     2.96
  SINCE JAN 1      3.19                      1.30   1.89     1.96

SNOWFALL (IN)
  YESTERDAY        0.0
  MONTH TO DATE    0.0
  SINCE DEC 1      0.0
  SINCE JUL 1      0.0

DEGREE DAYS
 HEATING
  YESTERDAY        9                         8      1        9
  MONTH TO DATE  126                       128     -2      140
  SINCE DEC 1    354                       399    -45      376
  SINCE JUL 1    434                       548   -114      468

 COOLING
  YESTERDAY        0                         0      0        0
  MONTH TO DATE    0                         0      0        0
  SINCE DEC 1      1                         1      0        6
  SINCE JAN 1      0                         0      0        0
..................................................................


WIND (MPH)
  HIGHEST WIND SPEED    15   HIGHEST WIND DIRECTION     S (160)
  HIGHEST GUST SPEED    19   HIGHEST GUST DIRECTION     S (160)
  AVERAGE WIND SPEED     4.6


SKY COVER
  POSSIBLE SUNSHINE  MM
  AVERAGE SKY COVER 0.4


WEATHER CONDITIONS
 THE FOLLOWING WEATHER WAS RECORDED YESTERDAY.
  FOG


RELATIVE HUMIDITY (PERCENT)
 HIGHEST    89           200 AM
 LOWEST     67           100 PM
 AVERAGE    78

..........................................................


THE LONG BEACH AIRPORT CA CLIMATE NORMALS FOR TODAY
                         NORMAL    RECORD    YEAR
 MAXIMUM TEMPERATURE (F)   68        91      1976
 MINIMUM TEMPERATURE (F)   46        34      2007


SUNRISE AND SUNSET
JANUARY 16 2017.......SUNRISE   657 AM PST   SUNSET   508 PM PST
JANUARY 17 2017.......SUNRISE   657 AM PST   SUNSET   509 PM PST


-  INDICATES NEGATIVE NUMBERS.
R  INDICATES RECORD WAS SET OR TIED.
MM INDICATES DATA IS MISSING.
T  INDICATES TRACE AMOUNT.




$$
