000
CDUS46 KLOX 220913
CLILGB


CLIMATE REPORT
NATIONAL WEATHER SERVICE LOS ANGELES/OXNARD CA
112 AM PST SAT NOV 22 2014


...................................

...THE LONG BEACH AIRPORT CA CLIMATE SUMMARY FOR NOVEMBER 21 2014...

CLIMATE NORMAL PERIOD 1981 TO 2010
CLIMATE RECORD PERIOD 1958 TO 2014


WEATHER ITEM   OBSERVED TIME   RECORD YEAR NORMAL DEPARTURE LAST
                VALUE   (LST)  VALUE       VALUE  FROM      YEAR
                                                  NORMAL
..................................................................
TEMPERATURE (F)
 YESTERDAY
  MAXIMUM         71    324 PM  86    2002  71      0       65
  MINIMUM         56    601 AM  37    1979  49      7       57
  AVERAGE         64                        60      4       61

PRECIPITATION (IN)
  YESTERDAY        0.00          1.83 1967   0.04  -0.04     0.18
  MONTH TO DATE    0.16                      0.61  -0.45     0.36
  SINCE JUL 1      0.53                      1.48  -0.95     0.55
  SINCE JAN 1      3.72                      9.92  -6.20     3.42

SNOWFALL (IN)
  YESTERDAY        0.0
  MONTH TO DATE    0.0
  SINCE SEP 1      0.0
  SINCE JUL 1      0.0

DEGREE DAYS
 HEATING
  YESTERDAY        1                         5     -4        4
  MONTH TO DATE   25                        70    -45       32
  SINCE SEP 1     25                        91    -66       56
  SINCE JUL 1     25                        91    -66       56

 COOLING
  YESTERDAY        0                         0      0        0
  MONTH TO DATE   34                        19     15       39
  SINCE SEP 1    616                       355    261      417
  SINCE JAN 1   1686                      1123    563     1227
..................................................................


WIND (MPH)
  HIGHEST WIND SPEED    14   HIGHEST WIND DIRECTION    NW (310)
  HIGHEST GUST SPEED    16   HIGHEST GUST DIRECTION     S (180)
  AVERAGE WIND SPEED     4.8


SKY COVER
  POSSIBLE SUNSHINE  MM
  AVERAGE SKY COVER 0.1


WEATHER CONDITIONS
 THE FOLLOWING WEATHER WAS RECORDED YESTERDAY.
  NO SIGNIFICANT WEATHER WAS OBSERVED.


RELATIVE HUMIDITY (PERCENT)
 HIGHEST    86           600 AM
 LOWEST     44           300 PM
 AVERAGE    65

..........................................................


THE LONG BEACH AIRPORT CA CLIMATE NORMALS FOR TODAY
                         NORMAL    RECORD    YEAR
 MAXIMUM TEMPERATURE (F)   71        84      1997
 MINIMUM TEMPERATURE (F)   49        37      1979


SUNRISE AND SUNSET
NOVEMBER 22 2014......SUNRISE   631 AM PST   SUNSET   446 PM PST
NOVEMBER 23 2014......SUNRISE   632 AM PST   SUNSET   446 PM PST


-  INDICATES NEGATIVE NUMBERS.
R  INDICATES RECORD WAS SET OR TIED.
MM INDICATES DATA IS MISSING.
T  INDICATES TRACE AMOUNT.




$$
