000
CDHW41 PHFO 241245
CLILIH


CLIMATE REPORT
NATIONAL WEATHER SERVICE HONOLULU HI
245 AM HST SAT JUN 24 2017


...................................

...THE LIHUE HI CLIMATE SUMMARY FOR JUNE 23 2017...

CLIMATE NORMAL PERIOD 1981 TO 2010
CLIMATE RECORD PERIOD 1946 TO 2017


WEATHER ITEM   OBSERVED TIME   RECORD YEAR NORMAL DEPARTURE LAST
                VALUE   (LST)  VALUE       VALUE  FROM      YEAR
                                                  NORMAL
..................................................................
TEMPERATURE (F)
 YESTERDAY
  MAXIMUM         86    221 PM  88    1981  84      2       82
                                      1959
  MINIMUM         73    426 AM  67    1978  73      0       71
                                      1952
  AVERAGE         80                        79      1       77

PRECIPITATION (IN)
  YESTERDAY        0.06          0.40 1978   0.06   0.00     0.03
  MONTH TO DATE    0.68                      1.22  -0.54     0.84
  SINCE JUN 1      0.68                      1.22  -0.54     0.84
  SINCE JAN 1     15.24                     17.06  -1.82     7.28

SNOWFALL (IN)
  YESTERDAY        0.0
  MONTH TO DATE    0.0
  SINCE JUN 1      0.0
  SINCE JUL 1      0.0
  SNOW DEPTH      MM

DEGREE DAYS
 HEATING
  YESTERDAY        0                         0      0        0
  MONTH TO DATE    0                         0      0        0
  SINCE JUN 1      0                         0      0        0
  SINCE JUL 1      0                         0      0        0

 COOLING
  YESTERDAY       15                        14      1       12
  MONTH TO DATE  301                       297      4      259
  SINCE JUN 1    301                       297      4      259
  SINCE JAN 1   1769                      1536    233     1661
..................................................................


WIND (MPH)
  HIGHEST WIND SPEED    23   HIGHEST WIND DIRECTION    NE (50)
  HIGHEST GUST SPEED    33   HIGHEST GUST DIRECTION    NE (60)
  AVERAGE WIND SPEED    12.2


SKY COVER
  POSSIBLE SUNSHINE  MM
  AVERAGE SKY COVER  MM


WEATHER CONDITIONS
 THE FOLLOWING WEATHER WAS RECORDED YESTERDAY.
  HAZE


RELATIVE HUMIDITY (PERCENT)
 HIGHEST    MM
 LOWEST     MM
 AVERAGE    MM

..........................................................


THE LIHUE HI CLIMATE NORMALS FOR TODAY
                         NORMAL    RECORD    YEAR
 MAXIMUM TEMPERATURE (F)   84        88      1981
 MINIMUM TEMPERATURE (F)   74        67      1962


SUNRISE AND SUNSET
JUNE 24 2017..........SUNRISE   556 AM HST   SUNSET   724 PM HST
JUNE 25 2017..........SUNRISE   556 AM HST   SUNSET   724 PM HST


-  INDICATES NEGATIVE NUMBERS.
R  INDICATES RECORD WAS SET OR TIED.
MM INDICATES DATA IS MISSING.
T  INDICATES TRACE AMOUNT.




$$
