000
CDHW41 PHFO 011245
CLILIH


CLIMATE REPORT
NATIONAL WEATHER SERVICE HONOLULU HI
245 AM HST SAT OCT 1 2016


...................................

...THE LIHUE HI CLIMATE SUMMARY FOR SEPTEMBER 30 2016...

CLIMATE NORMAL PERIOD 1981 TO 2010
CLIMATE RECORD PERIOD 1946 TO 2016


WEATHER ITEM   OBSERVED TIME   RECORD YEAR NORMAL DEPARTURE LAST
                VALUE   (LST)  VALUE       VALUE  FROM      YEAR
                                                  NORMAL
..................................................................
TEMPERATURE (F)
 YESTERDAY
  MAXIMUM         87   1241 PM  88    1981  84      3       84
  MINIMUM         75    508 AM  65    1968  74      1       74
  AVERAGE         81                        79      2       79

PRECIPITATION (IN)
  YESTERDAY        0.12          1.90 1960   0.09   0.03     0.01
  MONTH TO DATE    0.64                      2.12  -1.48     4.81
  SINCE SEP 1      0.64                      2.12  -1.48     4.81
  SINCE JAN 1     11.38                     23.57 -12.19    21.96

SNOWFALL (IN)
  YESTERDAY        0.0
  MONTH TO DATE    0.0
  SINCE SEP 1      0.0
  SINCE JUL 1      0.0
  SNOW DEPTH       0

DEGREE DAYS
 HEATING
  YESTERDAY        0                         0      0        0
  MONTH TO DATE    0                         0      0        0
  SINCE SEP 1      0                         0      0        0
  SINCE JUL 1      0                         0      0        0

 COOLING
  YESTERDAY       16                        14      2       14
  MONTH TO DATE  500                       433     67      470
  SINCE SEP 1    500                       433     67      470
  SINCE JAN 1   3159                      2959    200     3248
..................................................................


WIND (MPH)
  HIGHEST WIND SPEED    22   HIGHEST WIND DIRECTION    NE (60)
  HIGHEST GUST SPEED    26   HIGHEST GUST DIRECTION    NE (50)
  AVERAGE WIND SPEED    16.8


SKY COVER
  POSSIBLE SUNSHINE  MM
  AVERAGE SKY COVER 0.6


WEATHER CONDITIONS
 THE FOLLOWING WEATHER WAS RECORDED YESTERDAY.
  HEAVY RAIN
  LIGHT RAIN
  FOG
  HAZE


RELATIVE HUMIDITY (PERCENT)
 HIGHEST    82           600 AM
 LOWEST     57           100 PM
 AVERAGE    70

..........................................................


THE LIHUE HI CLIMATE NORMALS FOR TODAY
                         NORMAL    RECORD    YEAR
 MAXIMUM TEMPERATURE (F)   84        88      2003
                                             1986
 MINIMUM TEMPERATURE (F)   74        64      1966


SUNRISE AND SUNSET
OCTOBER  1 2016.......SUNRISE   629 AM HST   SUNSET   624 PM HST
OCTOBER  2 2016.......SUNRISE   629 AM HST   SUNSET   623 PM HST


-  INDICATES NEGATIVE NUMBERS.
R  INDICATES RECORD WAS SET OR TIED.
MM INDICATES DATA IS MISSING.
T  INDICATES TRACE AMOUNT.




$$
