000
CDHW41 PHFO 260008
CLILIH


CLIMATE REPORT
NATIONAL WEATHER SERVICE HONOLULU HI
207 PM HST THU AUG 25 2016


...................................

...THE LIHUE HI CLIMATE SUMMARY FOR AUGUST 24 2016...

CLIMATE NORMAL PERIOD 1981 TO 2010
CLIMATE RECORD PERIOD 1946 TO 2016


WEATHER ITEM   OBSERVED TIME   RECORD YEAR NORMAL DEPARTURE LAST
                VALUE   (LST)  VALUE       VALUE  FROM      YEAR
                                                  NORMAL
..................................................................
TEMPERATURE (F)
 YESTERDAY
  MAXIMUM         89R   108 PM  89    2016  85      4       84
                                      1981
                                      1959
  MINIMUM         76   1159 PM  69    1951  75      1       76
  AVERAGE         83                        80      3       80

PRECIPITATION (IN)
  YESTERDAY        T             5.28 2015   0.06  -0.06     5.28
  MONTH TO DATE    1.26                      1.70  -0.44     6.70
  SINCE JUN 1      4.04                      5.18  -1.14     8.10
  SINCE JAN 1     10.48                     21.02 -10.54    13.99

SNOWFALL (IN)
  YESTERDAY        0.0
  MONTH TO DATE    0.0
  SINCE JUN 1      0.0
  SINCE JUL 1      0.0
  SNOW DEPTH       0

DEGREE DAYS
 HEATING
  YESTERDAY        0                         0      0        0
  MONTH TO DATE    0                         0      0        0
  SINCE JUN 1      0                         0      0        0
  SINCE JUL 1      0                         0      0        0

 COOLING
  YESTERDAY       18                        15      3       15
  MONTH TO DATE  375                       359     16      403
  SINCE JUN 1   1139                      1192    -53     1247
  SINCE JAN 1   2541                      2431    110     2666
..................................................................


WIND (MPH)
  HIGHEST WIND SPEED    17   HIGHEST WIND DIRECTION     S (160)
  HIGHEST GUST SPEED    22   HIGHEST GUST DIRECTION    SE (150)
  AVERAGE WIND SPEED     6.9


SKY COVER
  POSSIBLE SUNSHINE  MM
  AVERAGE SKY COVER 0.4


WEATHER CONDITIONS
 THE FOLLOWING WEATHER WAS RECORDED YESTERDAY.
  LIGHT RAIN


RELATIVE HUMIDITY (PERCENT)
 HIGHEST    94           700 AM
 LOWEST     59          1200 PM
 AVERAGE    77

..........................................................


THE LIHUE HI CLIMATE NORMALS FOR TODAY
                         NORMAL    RECORD    YEAR
 MAXIMUM TEMPERATURE (F)   85        88      1985
                                             1981
 MINIMUM TEMPERATURE (F)   75        69      2006


SUNRISE AND SUNSET
AUGUST 25 2016........SUNRISE   619 AM HST   SUNSET   700 PM HST
AUGUST 26 2016........SUNRISE   619 AM HST   SUNSET   659 PM HST


-  INDICATES NEGATIVE NUMBERS.
R  INDICATES RECORD WAS SET OR TIED.
MM INDICATES DATA IS MISSING.
T  INDICATES TRACE AMOUNT.




$$
