000
CDHW41 PHFO 230227
CLILIH


CLIMATE REPORT
NATIONAL WEATHER SERVICE HONOLULU HI
426 PM HST MON MAY 22 2017


...................................

...THE LIHUE HI CLIMATE SUMMARY FOR MAY 22 2017...
VALID TODAY AS OF 0400 PM LOCAL TIME.

CLIMATE NORMAL PERIOD 1981 TO 2010
CLIMATE RECORD PERIOD 1946 TO 2017


WEATHER ITEM   OBSERVED TIME   RECORD YEAR NORMAL DEPARTURE LAST
                VALUE   (LST)  VALUE       VALUE  FROM      YEAR
                                                  NORMAL
..................................................................
TEMPERATURE (F)
 TODAY
  MAXIMUM         85    214 PM  86    1992  82      3       82
  MINIMUM         73    349 AM  63    1987  71      2       73
  AVERAGE         79                        76      3       78

PRECIPITATION (IN)
  TODAY            0.04          1.42 1970   0.06  -0.02     0.10
  MONTH TO DATE    0.60                      1.60  -1.00     0.85
  SINCE MAR 1      7.10                      8.46  -1.36     4.31
  SINCE JAN 1     13.58                     15.37  -1.79     5.48

SNOWFALL (IN)
  TODAY            0.0
  MONTH TO DATE    0.0
  SINCE MAR 1      0.0
  SINCE JUL 1      0.0
  SNOW DEPTH      MM

DEGREE DAYS
 HEATING
  TODAY            0                         0      0        0
  MONTH TO DATE    0                         0      0        0
  SINCE MAR 1      0                         0      0        0
  SINCE JUL 1      0                         0      0        0

 COOLING
  TODAY           14                        11      3       13
  MONTH TO DATE  292                       229     63      277
  SINCE MAR 1    913                       738    175      845
  SINCE JAN 1   1354                      1133    221     1300
..................................................................


WIND (MPH)
  HIGHEST WIND SPEED    21   HIGHEST WIND DIRECTION    NE (50)
  HIGHEST GUST SPEED    25   HIGHEST GUST DIRECTION    NE (40)
  AVERAGE WIND SPEED    MM


SKY COVER
  POSSIBLE SUNSHINE  MM
  AVERAGE SKY COVER  MM


WEATHER CONDITIONS
 THE FOLLOWING WEATHER WAS RECORDED TODAY.
  NO SIGNIFICANT WEATHER WAS OBSERVED.


RELATIVE HUMIDITY (PERCENT)
 HIGHEST    MM
 LOWEST     MM
 AVERAGE    MM

..........................................................


THE LIHUE HI CLIMATE NORMALS FOR TOMORROW
                         NORMAL    RECORD    YEAR
 MAXIMUM TEMPERATURE (F)   82        85      2004
                                             1981
                                             1957
 MINIMUM TEMPERATURE (F)   71        61      1959


SUNRISE AND SUNSET
MAY 22 2017...........SUNRISE   555 AM HST   SUNSET   713 PM HST
MAY 23 2017...........SUNRISE   555 AM HST   SUNSET   713 PM HST


-  INDICATES NEGATIVE NUMBERS.
R  INDICATES RECORD WAS SET OR TIED.
MM INDICATES DATA IS MISSING.
T  INDICATES TRACE AMOUNT.




$$
