000
CDUS44 KLZK 242108
CLILIT


CLIMATE REPORT
NATIONAL WEATHER SERVICE LITTLE ROCK AR
407 PM CDT THU APR 24 2014


...................................

...THE LITTLE ROCK ADAMS FIELD CLIMATE SUMMARY FOR APRIL 24 2014...
VALID TODAY AS OF 0400 PM LOCAL TIME.

CLIMATE NORMAL PERIOD 1981 TO 2010
CLIMATE RECORD PERIOD 1874 TO 2014


WEATHER ITEM   OBSERVED TIME   RECORD YEAR NORMAL DEPARTURE LAST
                VALUE   (LST)  VALUE       VALUE  FROM      YEAR
                                                  NORMAL
..................................................................
TEMPERATURE (F)
 TODAY
  MAXIMUM         79    114 PM  89    1965  75      4       63
                                      1949
  MINIMUM         54    134 AM  36    1910  54      0       42
  AVERAGE         67                        64      3       53

PRECIPITATION (IN)
  TODAY            0.26          2.30 1905   0.18   0.08     0.26
  MONTH TO DATE    4.39                      4.07   0.32     3.29
  SINCE MAR 1      9.68                      8.75   0.93     7.86
  SINCE JAN 1     15.25                     15.96  -0.71    17.42

SNOWFALL (IN)
  TODAY            0.0          MM      MM   0.0    0.0      0.0
  MONTH TO DATE    T                         0.0    0.0      0.0
  SINCE MAR 1      2.2                       0.4    1.8       T
  SINCE JUL 1      6.2                       3.5    2.7     10.6
  SNOW DEPTH       0

DEGREE DAYS
 HEATING
  TODAY            0                         3     -3       12
  MONTH TO DATE  130                       131     -1      170
  SINCE MAR 1    625                       506    119      663
  SINCE JUL 1   3398                      3019    379     2949

 COOLING
  TODAY            2                         2      0        0
  MONTH TO DATE   40                        38      2       44
  SINCE MAR 1     40                        52    -12       47
  SINCE JAN 1     40                        54    -14       52
..................................................................


WIND (MPH)
  HIGHEST WIND SPEED    17   HIGHEST WIND DIRECTION    SW (210)
  HIGHEST GUST SPEED    21   HIGHEST GUST DIRECTION    SW (210)
  AVERAGE WIND SPEED     3.7


SKY COVER
  POSSIBLE SUNSHINE  MM
  AVERAGE SKY COVER 0.7


WEATHER CONDITIONS
 THE FOLLOWING WEATHER WAS RECORDED TODAY.
  THUNDERSTORM
  RAIN
  LIGHT RAIN
  FOG


RELATIVE HUMIDITY (PERCENT)
 HIGHEST    83           600 AM
 LOWEST     50          1100 AM
 AVERAGE    67

..........................................................


THE LITTLE ROCK ADAMS FIELD CLIMATE NORMALS FOR TOMORROW
                         NORMAL    RECORD    YEAR
 MAXIMUM TEMPERATURE (F)   76        88      1961
 MINIMUM TEMPERATURE (F)   54        35      1910


SUNRISE AND SUNSET
APRIL 24 2014.........SUNRISE   626 AM CDT   SUNSET   748 PM CDT
APRIL 25 2014.........SUNRISE   625 AM CDT   SUNSET   749 PM CDT


-  INDICATES NEGATIVE NUMBERS.
R  INDICATES RECORD WAS SET OR TIED.
MM INDICATES DATA IS MISSING.
T  INDICATES TRACE AMOUNT.




$$
