000
CDUS44 KLZK 240904
CLILIT


CLIMATE REPORT
NATIONAL WEATHER SERVICE LITTLE ROCK AR
404 AM CDT FRI OCT 24 2014


...................................

...THE LITTLE ROCK ADAMS FIELD CLIMATE SUMMARY FOR OCTOBER 23 2014...

CLIMATE NORMAL PERIOD 1981 TO 2010
CLIMATE RECORD PERIOD 1874 TO 2014


WEATHER ITEM   OBSERVED TIME   RECORD YEAR NORMAL DEPARTURE LAST
                VALUE   (LST)  VALUE       VALUE  FROM      YEAR
                                                  NORMAL
..................................................................
TEMPERATURE (F)
 YESTERDAY
  MAXIMUM         68    301 PM  92    1939  73     -5       68
  MINIMUM         46    515 AM  31    1952  50     -4       45
                                      1937
  AVERAGE         57                        61     -4       57

PRECIPITATION (IN)
  YESTERDAY        0.00          2.32 1986   0.17  -0.17     0.00
  MONTH TO DATE    3.28                      3.59  -0.31     2.22
  SINCE SEP 1      5.29                      6.77  -1.48     5.43
  SINCE JAN 1     42.42                     38.18   4.24    40.03

SNOWFALL (IN)
  YESTERDAY        0.0          MM      MM   0.0    0.0      0.0
  MONTH TO DATE    0.0                       0.0    0.0      0.0
  SINCE SEP 1      0.0                       0.0    0.0      0.0
  SINCE JUL 1      0.0                       0.0    0.0      0.0
  SNOW DEPTH       0

DEGREE DAYS
 HEATING
  YESTERDAY        8                         5      3        8
  MONTH TO DATE   38                        70    -32       61
  SINCE SEP 1     42                        81    -39       61
  SINCE JUL 1     42                        81    -39       61

 COOLING
  YESTERDAY        0                         2     -2        0
  MONTH TO DATE   89                        71     18       82
  SINCE SEP 1    419                       383     36      486
  SINCE JAN 1   2029                      2184   -155     2192
..................................................................


WIND (MPH)
  HIGHEST WIND SPEED     8   HIGHEST WIND DIRECTION    NE (60)
  HIGHEST GUST SPEED    10   HIGHEST GUST DIRECTION    NE (60)
  AVERAGE WIND SPEED     1.8


SKY COVER
  POSSIBLE SUNSHINE  MM
  AVERAGE SKY COVER 0.7


WEATHER CONDITIONS
 THE FOLLOWING WEATHER WAS RECORDED YESTERDAY.
  NO SIGNIFICANT WEATHER WAS OBSERVED.


RELATIVE HUMIDITY (PERCENT)
 HIGHEST    86           200 AM
 LOWEST     44           100 PM
 AVERAGE    65

..........................................................


THE LITTLE ROCK ADAMS FIELD CLIMATE NORMALS FOR TODAY
                         NORMAL    RECORD    YEAR
 MAXIMUM TEMPERATURE (F)   72        89      2003
 MINIMUM TEMPERATURE (F)   50        30      1981


SUNRISE AND SUNSET
OCTOBER 24 2014.......SUNRISE   722 AM CDT   SUNSET   623 PM CDT
OCTOBER 25 2014.......SUNRISE   723 AM CDT   SUNSET   622 PM CDT


-  INDICATES NEGATIVE NUMBERS.
R  INDICATES RECORD WAS SET OR TIED.
MM INDICATES DATA IS MISSING.
T  INDICATES TRACE AMOUNT.




$$
