000
CDUS44 KLZK 290918
CLILIT


CLIMATE REPORT
NATIONAL WEATHER SERVICE LITTLE ROCK AR
417 AM CDT SUN MAR 29 2015


...................................

...THE LITTLE ROCK ADAMS FIELD CLIMATE SUMMARY FOR MARCH 28 2015...

CLIMATE NORMAL PERIOD 1981 TO 2010
CLIMATE RECORD PERIOD 1874 TO 2015


WEATHER ITEM   OBSERVED TIME   RECORD YEAR NORMAL DEPARTURE LAST
                VALUE   (LST)  VALUE       VALUE  FROM      YEAR
                                                  NORMAL
..................................................................
TEMPERATURE (F)
 YESTERDAY
  MAXIMUM         51    421 PM  86    1907  68    -17       68
  MINIMUM         39   1159 PM  26    1937  46     -7       54
  AVERAGE         45                        57    -12       61

PRECIPITATION (IN)
  YESTERDAY        0.04          2.99 1938   0.16  -0.12     0.84
  MONTH TO DATE    8.08                      4.19   3.89     5.28
  SINCE MAR 1      8.08                      4.19   3.89     5.28
  SINCE JAN 1     14.89                     11.40   3.49    10.85

SNOWFALL (IN)
  YESTERDAY        0.0           2.0  1894   0.0    0.0      0.0
  MONTH TO DATE    5.7                       0.4    5.3      2.2
  SINCE MAR 1      5.7                       0.4    5.3      2.2
  SINCE JUL 1     11.1                       3.5    7.6      6.2
  SNOW DEPTH       0

DEGREE DAYS
 HEATING
  YESTERDAY       20                         9     11        4
  MONTH TO DATE  392                       349     43      469
  SINCE MAR 1    392                       349     43      469
  SINCE JUL 1   3038                      2862    176     3242

 COOLING
  YESTERDAY        0                         1     -1        0
  MONTH TO DATE    8                         8      0        0
  SINCE MAR 1      8                         8      0        0
  SINCE JAN 1      8                        10     -2        0
..................................................................


WIND (MPH)
  HIGHEST WIND SPEED    20   HIGHEST WIND DIRECTION     E (100)
  HIGHEST GUST SPEED    24   HIGHEST GUST DIRECTION    SE (120)
  AVERAGE WIND SPEED     8.7


SKY COVER
  POSSIBLE SUNSHINE  MM
  AVERAGE SKY COVER 0.6


WEATHER CONDITIONS
 THE FOLLOWING WEATHER WAS RECORDED YESTERDAY.
  LIGHT RAIN


RELATIVE HUMIDITY (PERCENT)
 HIGHEST    76           500 AM
 LOWEST     50           300 PM
 AVERAGE    63

..........................................................


THE LITTLE ROCK ADAMS FIELD CLIMATE NORMALS FOR TODAY
                         NORMAL    RECORD    YEAR
 MAXIMUM TEMPERATURE (F)   68        85      1974
                                             1963
 MINIMUM TEMPERATURE (F)   46        26      1894


SUNRISE AND SUNSET
MARCH 29 2015.........SUNRISE   700 AM CDT   SUNSET   728 PM CDT
MARCH 30 2015.........SUNRISE   659 AM CDT   SUNSET   728 PM CDT


-  INDICATES NEGATIVE NUMBERS.
R  INDICATES RECORD WAS SET OR TIED.
MM INDICATES DATA IS MISSING.
T  INDICATES TRACE AMOUNT.




$$
