000
CDUS44 KLZK 310645
CLILIT


CLIMATE REPORT
NATIONAL WEATHER SERVICE LITTLE ROCK AR
144 AM CDT TUE MAY 31 2016


...................................

...THE LITTLE ROCK ADAMS FIELD CLIMATE SUMMARY FOR MAY 30 2016...

CLIMATE NORMAL PERIOD 1981 TO 2010
CLIMATE RECORD PERIOD 1874 TO 2016


WEATHER ITEM   OBSERVED TIME   RECORD YEAR NORMAL DEPARTURE LAST
                VALUE   (LST)  VALUE       VALUE  FROM      YEAR
                                                  NORMAL
..................................................................
TEMPERATURE (F)
 YESTERDAY
  MAXIMUM         87    205 PM  97    1977  85      2       84
  MINIMUM         64    324 AM  47    1971  65     -1       69
  AVERAGE         76                        75      1       77

PRECIPITATION (IN)
  YESTERDAY        1.12          3.36 2013   0.13   0.99     0.18
  MONTH TO DATE    3.44                      4.73  -1.29     9.13
  SINCE MAR 1     23.50                     14.55   8.95    22.66
  SINCE JAN 1     29.19                     21.76   7.43    29.47

SNOWFALL (IN)
  YESTERDAY        0.0          MM      MM   0.0    0.0      0.0
  MONTH TO DATE    0.0                       0.0    0.0      0.0
  SINCE MAR 1      0.0                       0.4   -0.4      5.7
  SINCE JUL 1      5.7                       3.5    2.2     11.1
  SNOW DEPTH       0

DEGREE DAYS
 HEATING
  YESTERDAY        0                         0      0        0
  MONTH TO DATE    8                        18    -10       11
  SINCE MAR 1    302                       537   -235      483
  SINCE JUL 1   2191                      3050   -859     3129

 COOLING
  YESTERDAY       11                        10      1       12
  MONTH TO DATE  168                       198    -30      234
  SINCE MAR 1    257                       268    -11      324
  SINCE JAN 1    263                       270     -7      324
..................................................................


WIND (MPH)
  HIGHEST WIND SPEED    30   HIGHEST WIND DIRECTION     S (190)
  HIGHEST GUST SPEED    37   HIGHEST GUST DIRECTION     S (180)
  AVERAGE WIND SPEED     3.6


SKY COVER
  POSSIBLE SUNSHINE  MM
  AVERAGE SKY COVER 0.9


WEATHER CONDITIONS
 THE FOLLOWING WEATHER WAS RECORDED YESTERDAY.
  THUNDERSTORM
  HEAVY RAIN
  RAIN
  LIGHT RAIN
  FOG


RELATIVE HUMIDITY (PERCENT)
 HIGHEST    93           400 AM
 LOWEST     51          1000 AM
 AVERAGE    72

..........................................................


THE LITTLE ROCK ADAMS FIELD CLIMATE NORMALS FOR TODAY
                         NORMAL    RECORD    YEAR
 MAXIMUM TEMPERATURE (F)   85        98      1998
 MINIMUM TEMPERATURE (F)   66        44      1984


SUNRISE AND SUNSET
MAY 31 2016...........SUNRISE   557 AM CDT   SUNSET   817 PM CDT
JUNE  1 2016..........SUNRISE   557 AM CDT   SUNSET   817 PM CDT


-  INDICATES NEGATIVE NUMBERS.
R  INDICATES RECORD WAS SET OR TIED.
MM INDICATES DATA IS MISSING.
T  INDICATES TRACE AMOUNT.




$$
