000
CDUS44 KLZK 050648
CLILIT


CLIMATE REPORT
NATIONAL WEATHER SERVICE LITTLE ROCK AR
148 AM CDT THU MAY 5 2016


...................................

...THE LITTLE ROCK ADAMS FIELD CLIMATE SUMMARY FOR MAY 4 2016...

CLIMATE NORMAL PERIOD 1981 TO 2010
CLIMATE RECORD PERIOD 1874 TO 2016


WEATHER ITEM   OBSERVED TIME   RECORD YEAR NORMAL DEPARTURE LAST
                VALUE   (LST)  VALUE       VALUE  FROM      YEAR
                                                  NORMAL
..................................................................
TEMPERATURE (F)
 YESTERDAY
  MAXIMUM         83    256 PM  93    1952  78      5       84
  MINIMUM         50    425 AM  38    2013  57     -7       60
  AVERAGE         67                        68     -1       72

PRECIPITATION (IN)
  YESTERDAY        0.00          1.94 1914   0.18  -0.18     0.00
  MONTH TO DATE    0.54                      0.73  -0.19     0.00
  SINCE MAR 1     20.60                     10.55  10.05    13.53
  SINCE JAN 1     26.29                     17.76   8.53    20.34

SNOWFALL (IN)
  YESTERDAY        0.0          MM      MM   0.0    0.0      0.0
  MONTH TO DATE    0.0                       0.0    0.0      0.0
  SINCE MAR 1      0.0                       0.4   -0.4      5.7
  SINCE JUL 1      5.7                       3.5    2.2     11.1
  SNOW DEPTH       0

DEGREE DAYS
 HEATING
  YESTERDAY        0                         1     -1        0
  MONTH TO DATE    2                         7     -5        3
  SINCE MAR 1    296                       526   -230      475
  SINCE JUL 1   2185                      3039   -854     3121

 COOLING
  YESTERDAY        2                         4     -2        7
  MONTH TO DATE   10                        15     -5       11
  SINCE MAR 1     99                        85     14      101
  SINCE JAN 1    105                        87     18      101
..................................................................


WIND (MPH)
  HIGHEST WIND SPEED    29   HIGHEST WIND DIRECTION    NW (300)
  HIGHEST GUST SPEED    37   HIGHEST GUST DIRECTION     W (290)
  AVERAGE WIND SPEED    12.0


SKY COVER
  POSSIBLE SUNSHINE  MM
  AVERAGE SKY COVER 0.2


WEATHER CONDITIONS
 THE FOLLOWING WEATHER WAS RECORDED YESTERDAY.
  NO SIGNIFICANT WEATHER WAS OBSERVED.


RELATIVE HUMIDITY (PERCENT)
 HIGHEST    83           100 AM
 LOWEST     23           500 PM
 AVERAGE    53

..........................................................


THE LITTLE ROCK ADAMS FIELD CLIMATE NORMALS FOR TODAY
                         NORMAL    RECORD    YEAR
 MAXIMUM TEMPERATURE (F)   78        93      1952
 MINIMUM TEMPERATURE (F)   58        42      2013


SUNRISE AND SUNSET
MAY  5 2016...........SUNRISE   614 AM CDT   SUNSET   758 PM CDT
MAY  6 2016...........SUNRISE   613 AM CDT   SUNSET   758 PM CDT


-  INDICATES NEGATIVE NUMBERS.
R  INDICATES RECORD WAS SET OR TIED.
MM INDICATES DATA IS MISSING.
T  INDICATES TRACE AMOUNT.




$$
