000
CDUS45 KPIH 040732
CLILLJ


CLIMATE REPORT
NATIONAL WEATHER SERVICE POCATELLO ID
131 AM MDT SAT JUL 4 2015


...................................

...THE CHALLIS ID CLIMATE SUMMARY FOR JULY 3 2015...

CLIMATE NORMAL PERIOD 1981 TO 2010
CLIMATE RECORD PERIOD 1898 TO 2015


WEATHER ITEM   OBSERVED TIME   RECORD YEAR NORMAL DEPARTURE LAST
                VALUE   (LST)  VALUE       VALUE  FROM      YEAR
                                                  NORMAL
..................................................................
TEMPERATURE (F)
 YESTERDAY
  MAXIMUM         97R   442 PM  97    1975  82     15       93
  MINIMUM         56    446 AM  38    1974  49      7       51
  AVERAGE         77                        66     11       72

PRECIPITATION (IN)
  YESTERDAY        0.00          0.42 1980   0.04  -0.04     0.00
  MONTH TO DATE    0.00                      0.11  -0.11      T
  SINCE OCT 1      4.30                      7.81  -3.51     3.81
  SINCE JAN 1      2.51                      5.88  -3.37     3.08

SNOWFALL (IN)
  YESTERDAY       MM
  MONTH TO DATE   MM
  SINCE JUN 1     MM
  SINCE JUL 1     MM
  SNOW DEPTH      MM

DEGREE DAYS
 HEATING
  YESTERDAY        0                         2     -2        0
  MONTH TO DATE    0                         6     -6        0
  SINCE JUN 1     47                       171   -124      166
  SINCE JUL 1      0                         6     -6        0

 COOLING
  YESTERDAY       12                         2     10        7
  MONTH TO DATE   37                         6     31       15
  SINCE JUN 1    146                        28    118       21
  SINCE JAN 1    149                        30    119       21
..................................................................


WIND (MPH)
  HIGHEST WIND SPEED    13   HIGHEST WIND DIRECTION    NW (330)
  HIGHEST GUST SPEED    17   HIGHEST GUST DIRECTION     N (340)
  AVERAGE WIND SPEED     4.8


SKY COVER
  POSSIBLE SUNSHINE  MM
  AVERAGE SKY COVER 0.0


WEATHER CONDITIONS
 THE FOLLOWING WEATHER WAS RECORDED YESTERDAY.
  NO SIGNIFICANT WEATHER WAS OBSERVED.


RELATIVE HUMIDITY (PERCENT)
 HIGHEST    57           500 AM
 LOWEST      6           300 PM
 AVERAGE    32

..........................................................


THE CHALLIS ID CLIMATE NORMALS FOR TODAY
                         NORMAL    RECORD    YEAR
 MAXIMUM TEMPERATURE (F)   83        96      2008
                                             2007
                                             1937
 MINIMUM TEMPERATURE (F)   50        32      1916


SUNRISE AND SUNSET
JULY  4 2015..........SUNRISE   558 AM MDT   SUNSET   925 PM MDT
JULY  5 2015..........SUNRISE   558 AM MDT   SUNSET   924 PM MDT


-  INDICATES NEGATIVE NUMBERS.
R  INDICATES RECORD WAS SET OR TIED.
MM INDICATES DATA IS MISSING.
T  INDICATES TRACE AMOUNT.




$$
