000
CDUS45 KPIH 160735
CLILLJ


CLIMATE REPORT
NATIONAL WEATHER SERVICE POCATELLO ID
134 AM MDT MON OCT 16 2017


...................................

...THE CHALLIS ID CLIMATE SUMMARY FOR OCTOBER 15 2017...

CLIMATE NORMAL PERIOD 1981 TO 2010
CLIMATE RECORD PERIOD 1898 TO 2017


WEATHER ITEM   OBSERVED TIME   RECORD YEAR NORMAL DEPARTURE LAST
                VALUE   (LST)  VALUE       VALUE  FROM      YEAR
                                                  NORMAL
..................................................................
TEMPERATURE (F)
 YESTERDAY
  MAXIMUM         57    421 PM  79    1991  60     -3       56
  MINIMUM         21    548 AM  17    1969  30     -9       38
  AVERAGE         39                        45     -6       47

PRECIPITATION (IN)
  YESTERDAY        0.00          0.50 1938   0.02  -0.02     0.15
  MONTH TO DATE    0.25                      0.27  -0.02     0.93
  SINCE OCT 1      0.25                      0.27  -0.02     0.93
  SINCE JAN 1      7.33                      8.40  -1.07     4.91

SNOWFALL (IN)
  YESTERDAY       MM
  MONTH TO DATE   MM
  SINCE SEP 1     MM
  SINCE JUL 1     MM
  SNOW DEPTH      MM

DEGREE DAYS
 HEATING
  YESTERDAY       26                        20      6       18
  MONTH TO DATE  368                       264    104      280
  SINCE SEP 1    675                       540    135      552
  SINCE JUL 1    679                       613     66      614

 COOLING
  YESTERDAY        0                         0      0        0
  MONTH TO DATE    0                         0      0        0
  SINCE SEP 1     37                         6     31        4
  SINCE JAN 1    378                       248    130      277
..................................................................


WIND (MPH)
  HIGHEST WIND SPEED     6   HIGHEST WIND DIRECTION    SE (130)
  HIGHEST GUST SPEED     8   HIGHEST GUST DIRECTION    NE (30)
  AVERAGE WIND SPEED     1.5


SKY COVER
  POSSIBLE SUNSHINE  MM
  AVERAGE SKY COVER 0.0


WEATHER CONDITIONS
 THE FOLLOWING WEATHER WAS RECORDED YESTERDAY.
  NO SIGNIFICANT WEATHER WAS OBSERVED.


RELATIVE HUMIDITY (PERCENT)
 HIGHEST    88           700 AM
 LOWEST     26           300 PM
 AVERAGE    57

..........................................................


THE CHALLIS ID CLIMATE NORMALS FOR TODAY
                         NORMAL    RECORD    YEAR
 MAXIMUM TEMPERATURE (F)   59        76      1951
 MINIMUM TEMPERATURE (F)   30        16      1930


SUNRISE AND SUNSET
OCTOBER 16 2017.......SUNRISE   754 AM MDT   SUNSET   650 PM MDT
OCTOBER 17 2017.......SUNRISE   755 AM MDT   SUNSET   649 PM MDT


-  INDICATES NEGATIVE NUMBERS.
R  INDICATES RECORD WAS SET OR TIED.
MM INDICATES DATA IS MISSING.
T  INDICATES TRACE AMOUNT.




$$
