000
CDUS45 KPIH 300732
CLILLJ


CLIMATE REPORT
NATIONAL WEATHER SERVICE POCATELLO ID
129 AM MDT MON MAY 30 2016


...................................

...THE CHALLIS ID CLIMATE SUMMARY FOR MAY 29 2016...

CLIMATE NORMAL PERIOD 1981 TO 2010
CLIMATE RECORD PERIOD 1898 TO 2016


WEATHER ITEM   OBSERVED TIME   RECORD YEAR NORMAL DEPARTURE LAST
                VALUE   (LST)  VALUE       VALUE  FROM      YEAR
                                                  NORMAL
..................................................................
TEMPERATURE (F)
 YESTERDAY
  MAXIMUM         74    342 PM  92    2003  70      4       75
  MINIMUM         35    525 AM  30    1914  42     -7       40
                                      1951
  AVERAGE         55                        56     -1       58

PRECIPITATION (IN)
  YESTERDAY        0.00          0.34 1921   0.06  -0.06      T
  MONTH TO DATE    1.25                      1.37  -0.12     0.94
  SINCE OCT 1      5.36                      5.96  -0.60     3.98
  SINCE JAN 1      3.02                      4.03  -1.01     2.19

SNOWFALL (IN)
  YESTERDAY       MM
  MONTH TO DATE   MM
  SINCE MAR 1     MM
  SINCE JUL 1     MM
  SNOW DEPTH      MM

DEGREE DAYS
 HEATING
  YESTERDAY       10                        10      0        7
  MONTH TO DATE  349                       387    -38      331
  SINCE MAR 1   1671                      1929   -258     1655
  SINCE JUL 1   7606                      7978   -372     6793

 COOLING
  YESTERDAY        0                         0      0        0
  MONTH TO DATE    0                         0      0        0
  SINCE MAR 1      0                         0      0        0
  SINCE JAN 1      0                         0      0        0
..................................................................


WIND (MPH)
  HIGHEST WIND SPEED    31   HIGHEST WIND DIRECTION     W (250)
  HIGHEST GUST SPEED    42   HIGHEST GUST DIRECTION     W (250)
  AVERAGE WIND SPEED     5.1


SKY COVER
  POSSIBLE SUNSHINE  MM
  AVERAGE SKY COVER 0.1


WEATHER CONDITIONS
 THE FOLLOWING WEATHER WAS RECORDED YESTERDAY.
  NO SIGNIFICANT WEATHER WAS OBSERVED.


RELATIVE HUMIDITY (PERCENT)
 HIGHEST    70           500 AM
 LOWEST     14           200 PM
 AVERAGE    42

..........................................................


THE CHALLIS ID CLIMATE NORMALS FOR TODAY
                         NORMAL    RECORD    YEAR
 MAXIMUM TEMPERATURE (F)   70        90      2003
 MINIMUM TEMPERATURE (F)   42        27      1898


SUNRISE AND SUNSET
MAY 30 2016...........SUNRISE   556 AM MDT   SUNSET   913 PM MDT
MAY 31 2016...........SUNRISE   555 AM MDT   SUNSET   914 PM MDT


-  INDICATES NEGATIVE NUMBERS.
R  INDICATES RECORD WAS SET OR TIED.
MM INDICATES DATA IS MISSING.
T  INDICATES TRACE AMOUNT.




$$
