000
CDUS45 KPIH 230734
CLILLJ


CLIMATE REPORT
NATIONAL WEATHER SERVICE POCATELLO ID
132 AM MDT SAT JUL 23 2016


...................................

...THE CHALLIS ID CLIMATE SUMMARY FOR JULY 22 2016...

CLIMATE NORMAL PERIOD 1981 TO 2010
CLIMATE RECORD PERIOD 1898 TO 2016


WEATHER ITEM   OBSERVED TIME   RECORD YEAR NORMAL DEPARTURE LAST
                VALUE   (LST)  VALUE       VALUE  FROM      YEAR
                                                  NORMAL
..................................................................
TEMPERATURE (F)
 YESTERDAY
  MAXIMUM         93    132 PM 101    2006  88      5       81
  MINIMUM         55    532 AM  38    1954  52      3       MM
  AVERAGE         74                        70      4       MM

PRECIPITATION (IN)
  YESTERDAY        0.00          0.37 1925   0.03  -0.03     0.02
  MONTH TO DATE    0.01                      0.59  -0.58     0.53
  SINCE OCT 1      5.63                      8.29  -2.66     4.83
  SINCE JAN 1      3.29                      6.36  -3.07     3.04

SNOWFALL (IN)
  YESTERDAY       MM
  MONTH TO DATE   MM
  SINCE JUN 1     MM
  SINCE JUL 1     MM
  SNOW DEPTH      MM

DEGREE DAYS
 HEATING
  YESTERDAY        0                         0      0       MM
  MONTH TO DATE   28                        18     10       11
  SINCE JUN 1    101                       183    -82       58
  SINCE JUL 1     28                        18     10       11

 COOLING
  YESTERDAY        9                         5      4       MM
  MONTH TO DATE   66                        85    -19       72
  SINCE JUN 1    131                       107     24      181
  SINCE JAN 1    131                       109     22      184
..................................................................


WIND (MPH)
  HIGHEST WIND SPEED    28   HIGHEST WIND DIRECTION     W (260)
  HIGHEST GUST SPEED    40   HIGHEST GUST DIRECTION    SW (240)
  AVERAGE WIND SPEED     8.4


SKY COVER
  POSSIBLE SUNSHINE  MM
  AVERAGE SKY COVER 0.0


WEATHER CONDITIONS
 THE FOLLOWING WEATHER WAS RECORDED YESTERDAY.
  HAZE


RELATIVE HUMIDITY (PERCENT)
 HIGHEST    47           500 AM
 LOWEST      4           300 PM
 AVERAGE    26

..........................................................


THE CHALLIS ID CLIMATE NORMALS FOR TODAY
                         NORMAL    RECORD    YEAR
 MAXIMUM TEMPERATURE (F)   88       101      1959
 MINIMUM TEMPERATURE (F)   52        40      1987


SUNRISE AND SUNSET
JULY 23 2016..........SUNRISE   615 AM MDT   SUNSET   912 PM MDT
JULY 24 2016..........SUNRISE   616 AM MDT   SUNSET   911 PM MDT


-  INDICATES NEGATIVE NUMBERS.
R  INDICATES RECORD WAS SET OR TIED.
MM INDICATES DATA IS MISSING.
T  INDICATES TRACE AMOUNT.




$$
