000
CDUS45 KPIH 202338
CLILLJ


CLIMATE REPORT
NATIONAL WEATHER SERVICE POCATELLO ID
532 PM MDT WED AUG 20 2014


...................................

...THE CHALLIS ID CLIMATE SUMMARY FOR AUGUST 20 2014...
VALID TODAY AS OF 0500 PM LOCAL TIME.

CLIMATE NORMAL PERIOD 1981 TO 2010
CLIMATE RECORD PERIOD 1898 TO 2014


WEATHER ITEM   OBSERVED TIME   RECORD YEAR NORMAL DEPARTURE LAST
                VALUE   (LST)  VALUE       VALUE  FROM      YEAR
                                                  NORMAL
..................................................................
TEMPERATURE (F)
 TODAY
  MAXIMUM         68    154 PM  95    1914  84    -16       94
  MINIMUM         49    522 AM  31    1916  47      2       50
  AVERAGE         59                        65     -6       72

PRECIPITATION (IN)
  TODAY            0.07          0.75 1974   0.02   0.05     0.00
  MONTH TO DATE    0.84                      0.52   0.32     0.06
  SINCE OCT 1      4.69                      9.05  -4.36     4.41
  SINCE JAN 1      3.96                      7.12  -3.16     2.34

SNOWFALL (IN)
  TODAY           MM
  MONTH TO DATE   MM
  SINCE JUN 1     MM
  SINCE JUL 1     MM
  SNOW DEPTH      MM

DEGREE DAYS
 HEATING
  TODAY            6                         2      4        0
  MONTH TO DATE    6                        18    -12        5
  SINCE JUN 1    173                       204    -31      126
  SINCE JUL 1      7                        39    -32        5

 COOLING
  TODAY            0                         2     -2        7
  MONTH TO DATE   66                        71     -5       81
  SINCE JUN 1    301                       225     76      345
  SINCE JAN 1    301                       227     74      347
..................................................................


WIND (MPH)
  HIGHEST WIND SPEED    18   HIGHEST WIND DIRECTION    NW (300)
  HIGHEST GUST SPEED    22   HIGHEST GUST DIRECTION    NW (310)
  AVERAGE WIND SPEED     1.5


SKY COVER
  POSSIBLE SUNSHINE  MM
  AVERAGE SKY COVER 0.1


WEATHER CONDITIONS
 THE FOLLOWING WEATHER WAS RECORDED TODAY.
  THUNDERSTORM
  LIGHT RAIN


RELATIVE HUMIDITY (PERCENT)
 HIGHEST   100           500 AM
 LOWEST     56          1000 AM
 AVERAGE    78

..........................................................


THE CHALLIS ID CLIMATE NORMALS FOR TOMORROW
                         NORMAL    RECORD    YEAR
 MAXIMUM TEMPERATURE (F)   84        98      2009
 MINIMUM TEMPERATURE (F)   46        33      1916


SUNRISE AND SUNSET
AUGUST 20 2014........SUNRISE   646 AM MDT   SUNSET   834 PM MDT
AUGUST 21 2014........SUNRISE   647 AM MDT   SUNSET   832 PM MDT


-  INDICATES NEGATIVE NUMBERS.
R  INDICATES RECORD WAS SET OR TIED.
MM INDICATES DATA IS MISSING.
T  INDICATES TRACE AMOUNT.




$$
