000
CDUS45 KPIH 250730
CLILLJ


CLIMATE REPORT
NATIONAL WEATHER SERVICE POCATELLO ID
1229 AM MST TUE NOV 25 2014


...................................

...THE CHALLIS ID CLIMATE SUMMARY FOR NOVEMBER 24 2014...

CLIMATE NORMAL PERIOD 1981 TO 2010
CLIMATE RECORD PERIOD 1898 TO 2014


WEATHER ITEM   OBSERVED TIME   RECORD YEAR NORMAL DEPARTURE LAST
                VALUE   (LST)  VALUE       VALUE  FROM      YEAR
                                                  NORMAL
..................................................................
TEMPERATURE (F)
 YESTERDAY
  MAXIMUM         37    311 PM  59    1990  35      2       36
                                      1949
  MINIMUM         18    819 AM -17    1985  16      2        6
  AVERAGE         28                        25      3       21

PRECIPITATION (IN)
  YESTERDAY        T             0.20 1981   0.02  -0.02     0.00
  MONTH TO DATE    0.75                      0.43   0.32     0.18
  SINCE OCT 1      1.04                      1.10  -0.06     0.45
  SINCE JAN 1      6.97                      9.23  -2.26     4.65

SNOWFALL (IN)
  YESTERDAY       MM
  MONTH TO DATE   MM
  SINCE SEP 1     MM
  SINCE JUL 1     MM
  SNOW DEPTH      MM

DEGREE DAYS
 HEATING
  YESTERDAY       37                        40     -3       44
  MONTH TO DATE  953                       799    154      771
  SINCE SEP 1   1603                      1720   -117     1701
  SINCE JUL 1   1671                      1793   -122     1707

 COOLING
  YESTERDAY        0                         0      0        0
  MONTH TO DATE    0                         0      0        0
  SINCE SEP 1      5                         6     -1       30
  SINCE JAN 1    310                       248     62      420
..................................................................


WIND (MPH)
  HIGHEST WIND SPEED    16   HIGHEST WIND DIRECTION     S (190)
  HIGHEST GUST SPEED    20   HIGHEST GUST DIRECTION     S (200)
  AVERAGE WIND SPEED     2.8


SKY COVER
  POSSIBLE SUNSHINE  MM
  AVERAGE SKY COVER 0.5


WEATHER CONDITIONS
 THE FOLLOWING WEATHER WAS RECORDED YESTERDAY.
  LIGHT SNOW


RELATIVE HUMIDITY (PERCENT)
 HIGHEST    92           200 AM
 LOWEST     38           100 PM
 AVERAGE    65

..........................................................


THE CHALLIS ID CLIMATE NORMALS FOR TODAY
                         NORMAL    RECORD    YEAR
 MAXIMUM TEMPERATURE (F)   34        62      1949
 MINIMUM TEMPERATURE (F)   16       -17      1985


SUNRISE AND SUNSET
NOVEMBER 25 2014......SUNRISE   746 AM MST   SUNSET   501 PM MST
NOVEMBER 26 2014......SUNRISE   747 AM MST   SUNSET   501 PM MST


-  INDICATES NEGATIVE NUMBERS.
R  INDICATES RECORD WAS SET OR TIED.
MM INDICATES DATA IS MISSING.
T  INDICATES TRACE AMOUNT.




$$
