000
CDUS45 KPIH 302330
CLILLJ


CLIMATE REPORT
NATIONAL WEATHER SERVICE POCATELLO ID
523 PM MDT THU JUL 30 2015


...................................

...THE CHALLIS ID CLIMATE SUMMARY FOR JULY 30 2015...
VALID TODAY AS OF 0500 PM LOCAL TIME.

CLIMATE NORMAL PERIOD 1981 TO 2010
CLIMATE RECORD PERIOD 1898 TO 2015


WEATHER ITEM   OBSERVED TIME   RECORD YEAR NORMAL DEPARTURE LAST
                VALUE   (LST)  VALUE       VALUE  FROM      YEAR
                                                  NORMAL
..................................................................
TEMPERATURE (F)
 TODAY
  MAXIMUM         88    348 PM  98    2012  88      0       88
  MINIMUM         49    431 AM  41    1916  52     -3       55
  AVERAGE         69                        70     -1       72

PRECIPITATION (IN)
  TODAY            0.00          0.38 1985   0.03  -0.03     0.00
  MONTH TO DATE    0.98                      0.81   0.17     0.04
  SINCE OCT 1      5.28                      8.51  -3.23     3.85
  SINCE JAN 1      3.49                      6.58  -3.09     3.12

SNOWFALL (IN)
  TODAY           MM
  MONTH TO DATE   MM
  SINCE JUN 1     MM
  SINCE JUL 1     MM
  SNOW DEPTH      MM

DEGREE DAYS
 HEATING
  TODAY            0                         0      0        0
  MONTH TO DATE   33                        18     15        1
  SINCE JUN 1     80                       183   -103      167
  SINCE JUL 1     33                        18     15        1

 COOLING
  TODAY            4                         5     -1        7
  MONTH TO DATE   85                       125    -40      226
  SINCE JUN 1    194                       147     47      232
  SINCE JAN 1    197                       149     48      232
..................................................................


WIND (MPH)
  HIGHEST WIND SPEED     7   HIGHEST WIND DIRECTION    NE (60)
  HIGHEST GUST SPEED    10   HIGHEST GUST DIRECTION    NE (60)
  AVERAGE WIND SPEED     1.8


SKY COVER
  POSSIBLE SUNSHINE  MM
  AVERAGE SKY COVER 0.0


WEATHER CONDITIONS
 THE FOLLOWING WEATHER WAS RECORDED TODAY.
  NO SIGNIFICANT WEATHER WAS OBSERVED.


RELATIVE HUMIDITY (PERCENT)
 HIGHEST    66           600 AM
 LOWEST     12           300 PM
 AVERAGE    39

..........................................................


THE CHALLIS ID CLIMATE NORMALS FOR TOMORROW
                         NORMAL    RECORD    YEAR
 MAXIMUM TEMPERATURE (F)   88        99      2003
 MINIMUM TEMPERATURE (F)   51        37      1937


SUNRISE AND SUNSET
JULY 30 2015..........SUNRISE   621 AM MDT   SUNSET   905 PM MDT
JULY 31 2015..........SUNRISE   622 AM MDT   SUNSET   904 PM MDT


-  INDICATES NEGATIVE NUMBERS.
R  INDICATES RECORD WAS SET OR TIED.
MM INDICATES DATA IS MISSING.
T  INDICATES TRACE AMOUNT.




$$
