000
CDUS45 KPIH 240736
CLILLJ


CLIMATE REPORT
NATIONAL WEATHER SERVICE POCATELLO ID
132 AM MDT WED MAY 24 2017


...................................

...THE CHALLIS ID CLIMATE SUMMARY FOR MAY 23 2017...

CLIMATE NORMAL PERIOD 1981 TO 2010
CLIMATE RECORD PERIOD 1898 TO 2017


WEATHER ITEM   OBSERVED TIME   RECORD YEAR NORMAL DEPARTURE LAST
                VALUE   (LST)  VALUE       VALUE  FROM      YEAR
                                                  NORMAL
..................................................................
TEMPERATURE (F)
 YESTERDAY
  MAXIMUM         81    429 PM  87    1967  68     13       59
  MINIMUM         41    443 AM  20    1916  40      1       38
  AVERAGE         61                        54      7       49

PRECIPITATION (IN)
  YESTERDAY        0.00          0.44 1945   0.06  -0.06     0.00
  MONTH TO DATE    1.14                      1.02   0.12     1.22
  SINCE OCT 1      7.80                      5.61   2.19     5.33
  SINCE JAN 1      4.39                      3.68   0.71     2.99

SNOWFALL (IN)
  YESTERDAY       MM
  MONTH TO DATE   MM
  SINCE MAR 1     MM
  SINCE JUL 1     MM
  SNOW DEPTH      MM

DEGREE DAYS
 HEATING
  YESTERDAY        4                        11     -7       16
  MONTH TO DATE  292                       325    -33      277
  SINCE MAR 1   1724                      1867   -143     1599
  SINCE JUL 1   8169                      7916    253     7534

 COOLING
  YESTERDAY        0                         0      0        0
  MONTH TO DATE    0                         0      0        0
  SINCE MAR 1      0                         0      0        0
  SINCE JAN 1      0                         0      0        0
..................................................................


WIND (MPH)
  HIGHEST WIND SPEED    20   HIGHEST WIND DIRECTION     W (250)
  HIGHEST GUST SPEED    25   HIGHEST GUST DIRECTION    SW (240)
  AVERAGE WIND SPEED     4.6


SKY COVER
  POSSIBLE SUNSHINE  MM
  AVERAGE SKY COVER 0.0


WEATHER CONDITIONS
 THE FOLLOWING WEATHER WAS RECORDED YESTERDAY.
  NO SIGNIFICANT WEATHER WAS OBSERVED.


RELATIVE HUMIDITY (PERCENT)
 HIGHEST    76           500 AM
 LOWEST     12           300 PM
 AVERAGE    44

..........................................................


THE CHALLIS ID CLIMATE NORMALS FOR TODAY
                         NORMAL    RECORD    YEAR
 MAXIMUM TEMPERATURE (F)   69        87      2001
                                             1969
 MINIMUM TEMPERATURE (F)   40        28      1944


SUNRISE AND SUNSET
MAY 24 2017...........SUNRISE   600 AM MDT   SUNSET   908 PM MDT
MAY 25 2017...........SUNRISE   600 AM MDT   SUNSET   909 PM MDT


-  INDICATES NEGATIVE NUMBERS.
R  INDICATES RECORD WAS SET OR TIED.
MM INDICATES DATA IS MISSING.
T  INDICATES TRACE AMOUNT.




$$
