000
CDUS46 KMFR 220836
CLILMT


CLIMATE REPORT
NATIONAL WEATHER SERVICE MEDFORD, OR
136 AM PDT TUE JUL 22 2014


...................................

...THE KLAMATH FALLS OR CLIMATE SUMMARY FOR JULY 21 2014...

CLIMATE NORMAL PERIOD 1981 TO 2010
CLIMATE RECORD PERIOD 1928 TO 2014


WEATHER ITEM   OBSERVED TIME   RECORD YEAR NORMAL DEPARTURE LAST
                VALUE   (LST)  VALUE       VALUE  FROM      YEAR
                                                  NORMAL
..................................................................
TEMPERATURE (F)
 YESTERDAY
  MAXIMUM         82    251 PM  99    1994  85     -3       98
  MINIMUM         53    350 AM  35    1993  49      4       49
  AVERAGE         68                        67      1       74

PRECIPITATION (IN)
  YESTERDAY        T             0.43 1987   0.01  -0.01     0.00
  MONTH TO DATE    0.09                      0.39  -0.30      T
  SINCE SEP 1      7.33                     14.44  -7.11     8.21
  SINCE JAN 1      6.59                      9.22  -2.63     4.55

SNOWFALL (IN)
  YESTERDAY       MM                        MM     MM       MM
  MONTH TO DATE   MM                        MM     MM       MM
  SINCE JUL 1     MM                        MM     MM       MM
  SNOW DEPTH      MM

DEGREE DAYS
 HEATING
  YESTERDAY        0                         1     -1        0
  MONTH TO DATE    0                        37    -37        1
  SINCE JUN 1    175                       254    -79      179
  SINCE JUL 1      0                        37    -37        1

 COOLING
  YESTERDAY        3                         3      0        9
  MONTH TO DATE  176                        48    128      117
  SINCE JUN 1    183                        59    124      163
  SINCE JAN 1    183                        60    123      163
..................................................................


WIND (MPH)
  HIGHEST WIND SPEED    32   HIGHEST WIND DIRECTION     W (250)
  HIGHEST GUST SPEED    37   HIGHEST GUST DIRECTION     W (250)
  AVERAGE WIND SPEED     6.9


SKY COVER
  POSSIBLE SUNSHINE  MM
  AVERAGE SKY COVER 0.4


WEATHER CONDITIONS
 THE FOLLOWING WEATHER WAS RECORDED YESTERDAY.
  THUNDERSTORM
  LIGHT RAIN


RELATIVE HUMIDITY (PERCENT)
 HIGHEST    78          1100 PM
 LOWEST     32           400 PM

..........................................................


THE KLAMATH FALLS OR CLIMATE NORMALS FOR TODAY
                         NORMAL    RECORD    YEAR
 MAXIMUM TEMPERATURE (F)   86       100      2003
 MINIMUM TEMPERATURE (F)   49        37      1973


SUNRISE AND SUNSET
JULY 22 2014..........SUNRISE   550 AM PDT   SUNSET   836 PM PDT
JULY 23 2014..........SUNRISE   551 AM PDT   SUNSET   835 PM PDT


-  INDICATES NEGATIVE NUMBERS.
R  INDICATES RECORD WAS SET OR TIED.
MM INDICATES DATA IS MISSING.
T  INDICATES TRACE AMOUNT.




$$
