000
CDUS46 KMFR 280037
CLILMT


CLIMATE REPORT
NATIONAL WEATHER SERVICE MEDFORD, OR
437 PM PST TUE JAN 27 2015


...................................

...THE KLAMATH FALLS OR CLIMATE SUMMARY FOR JANUARY 27 2015...
VALID TODAY AS OF 0400 PM LOCAL TIME.

CLIMATE NORMAL PERIOD 1981 TO 2010
CLIMATE RECORD PERIOD 1928 TO 2015


WEATHER ITEM   OBSERVED TIME   RECORD YEAR NORMAL DEPARTURE LAST
                VALUE   (LST)  VALUE       VALUE  FROM      YEAR
                                                  NORMAL
..................................................................
TEMPERATURE (F)
 TODAY
  MAXIMUM         56R   125 PM  52    2011  41     15       43
                                      1976
  MINIMUM         30    214 AM -11    1957  21      9       19
  AVERAGE         43                        31     12       31

PRECIPITATION (IN)
  TODAY            0.00          0.70 1942   0.04  -0.04      T
  MONTH TO DATE    0.40                      1.72  -1.32     0.10
  SINCE OCT 1      6.86                      6.41   0.45     0.73
  SINCE JAN 1      0.40                      1.72  -1.32     0.10

SNOWFALL (IN)
  TODAY           MM                        MM     MM       MM
  MONTH TO DATE   MM                        MM     MM       MM
  SINCE JUL 1     MM                        MM     MM        0.0
  SNOW DEPTH      MM

DEGREE DAYS
 HEATING
  TODAY           22                        34    -12       34
  MONTH TO DATE  758                       945   -187      860
  SINCE DEC 1   1409                      2044   -635     2162
  SINCE JUL 1   2799                      3846  -1047     3898

 COOLING
  TODAY            0                         0      0        0
  MONTH TO DATE    0                         0      0        0
  SINCE DEC 1      0                         0      0        0
  SINCE JAN 1      0                         0      0        0
..................................................................


WIND (MPH)
  HIGHEST WIND SPEED    18   HIGHEST WIND DIRECTION     W (270)
  HIGHEST GUST SPEED    21   HIGHEST GUST DIRECTION     W (280)
  AVERAGE WIND SPEED     3.4


SKY COVER
  POSSIBLE SUNSHINE  MM
  AVERAGE SKY COVER 0.1


WEATHER CONDITIONS
 THE FOLLOWING WEATHER WAS RECORDED TODAY.
  NO SIGNIFICANT WEATHER WAS OBSERVED.


RELATIVE HUMIDITY (PERCENT)
 HIGHEST    96           900 AM
 LOWEST     41           200 PM

..........................................................


THE KLAMATH FALLS OR CLIMATE NORMALS FOR TOMORROW
                         NORMAL    RECORD    YEAR
 MAXIMUM TEMPERATURE (F)   41        56      1976
 MINIMUM TEMPERATURE (F)   21        -4      1972


SUNRISE AND SUNSET
JANUARY 27 2015.......SUNRISE   725 AM PST   SUNSET   515 PM PST
JANUARY 28 2015.......SUNRISE   724 AM PST   SUNSET   516 PM PST


-  INDICATES NEGATIVE NUMBERS.
R  INDICATES RECORD WAS SET OR TIED.
MM INDICATES DATA IS MISSING.
T  INDICATES TRACE AMOUNT.




$$
