000
CDUS46 KMFR 090037
CLILMT


CLIMATE REPORT
NATIONAL WEATHER SERVICE MEDFORD, OR
437 PM PST THU DEC 8 2016


...................................

...THE KLAMATH FALLS OR CLIMATE SUMMARY FOR DECEMBER 8 2016...
VALID TODAY AS OF 0400 PM LOCAL TIME.

CLIMATE NORMAL PERIOD 1981 TO 2010
CLIMATE RECORD PERIOD 1928 TO 2016


WEATHER ITEM   OBSERVED TIME   RECORD YEAR NORMAL DEPARTURE LAST
                VALUE   (LST)  VALUE       VALUE  FROM      YEAR
                                                  NORMAL
..................................................................
TEMPERATURE (F)
 TODAY
  MAXIMUM         40    154 PM  58    1981  39      1       56
  MINIMUM         25    722 AM -20    2013  21      4       44
  AVERAGE         33                        30      3       50

PRECIPITATION (IN)
  TODAY            0.11          1.34 2004   0.05   0.06     0.00
  MONTH TO DATE    0.18                      0.37  -0.19     0.31
  SINCE OCT 1      3.42                      3.61  -0.19     2.00
  SINCE JAN 1     10.65                     13.88  -3.23     8.44

SNOWFALL (IN)
  TODAY           MM                        MM     MM       MM
  MONTH TO DATE   MM                        MM     MM       MM
  SINCE JUL 1     MM                        MM     MM       MM
  SNOW DEPTH      MM

DEGREE DAYS
 HEATING
  TODAY           32                        35     -3       15
  MONTH TO DATE  287                       277     10      202
  SINCE DEC 1    287                       277     10      202
  SINCE JUL 1   1947                      2079   -132     1790

 COOLING
  TODAY            0                         0      0        0
  MONTH TO DATE    0                         0      0        0
  SINCE DEC 1      0                         0      0        0
  SINCE JAN 1    215                       169     46      306
..................................................................


WIND (MPH)
  HIGHEST WIND SPEED    10   HIGHEST WIND DIRECTION    NW (320)
  HIGHEST GUST SPEED    12   HIGHEST GUST DIRECTION    NW (330)
  AVERAGE WIND SPEED     6.4


SKY COVER
  POSSIBLE SUNSHINE  MM
  AVERAGE SKY COVER 0.9


WEATHER CONDITIONS
 THE FOLLOWING WEATHER WAS RECORDED TODAY.
  LIGHT SNOW
  FOG


RELATIVE HUMIDITY (PERCENT)
 HIGHEST   100           200 AM
 LOWEST     79           200 PM

..........................................................


THE KLAMATH FALLS OR CLIMATE NORMALS FOR TOMORROW
                         NORMAL    RECORD    YEAR
 MAXIMUM TEMPERATURE (F)   39        59      1995
 MINIMUM TEMPERATURE (F)   21       -22      1972


SUNRISE AND SUNSET
DECEMBER  8 2016......SUNRISE   723 AM PST   SUNSET   435 PM PST
DECEMBER  9 2016......SUNRISE   724 AM PST   SUNSET   435 PM PST


-  INDICATES NEGATIVE NUMBERS.
R  INDICATES RECORD WAS SET OR TIED.
MM INDICATES DATA IS MISSING.
T  INDICATES TRACE AMOUNT.




$$
