000
CDUS46 KMFR 220842
CLILMT


CLIMATE REPORT
NATIONAL WEATHER SERVICE MEDFORD, OR
141 AM PDT FRI AUG 22 2014


...................................

...THE KLAMATH FALLS OR CLIMATE SUMMARY FOR AUGUST 21 2014...

CLIMATE NORMAL PERIOD 1981 TO 2010
CLIMATE RECORD PERIOD 1928 TO 2014


WEATHER ITEM   OBSERVED TIME   RECORD YEAR NORMAL DEPARTURE LAST
                VALUE   (LST)  VALUE       VALUE  FROM      YEAR
                                                  NORMAL
..................................................................
TEMPERATURE (F)
 YESTERDAY
  MAXIMUM         82    259 PM  93    1950  82      0       87
  MINIMUM         42    555 AM  33    2002  46     -4       55
  AVERAGE         62                        64     -2       71

PRECIPITATION (IN)
  YESTERDAY        T             0.22 1965   0.01  -0.01     0.00
  MONTH TO DATE    0.92                      0.25   0.67     0.05
  SINCE SEP 1      8.25                     14.78  -6.53     8.26
  SINCE JAN 1      7.51                      9.56  -2.05     4.60

SNOWFALL (IN)
  YESTERDAY       MM                        MM     MM       MM
  MONTH TO DATE   MM                        MM     MM       MM
  SINCE JUL 1     MM                        MM     MM       MM
  SNOW DEPTH      MM

DEGREE DAYS
 HEATING
  YESTERDAY        3                         2      1        0
  MONTH TO DATE   11                        35    -24       35
  SINCE JUN 1    196                       302   -106      214
  SINCE JUL 1     21                        85    -64       36

 COOLING
  YESTERDAY        0                         1     -1        6
  MONTH TO DATE   83                        53     30       47
  SINCE JUN 1    311                       146    165      265
  SINCE JAN 1    311                       147    164      265
..................................................................


WIND (MPH)
  HIGHEST WIND SPEED    20   HIGHEST WIND DIRECTION     W (260)
  HIGHEST GUST SPEED    26   HIGHEST GUST DIRECTION    NW (330)
  AVERAGE WIND SPEED     4.9


SKY COVER
  POSSIBLE SUNSHINE  MM
  AVERAGE SKY COVER 0.0


WEATHER CONDITIONS
 THE FOLLOWING WEATHER WAS RECORDED YESTERDAY.
  FOG


RELATIVE HUMIDITY (PERCENT)
 HIGHEST    93           300 AM
 LOWEST     12           500 PM

..........................................................


THE KLAMATH FALLS OR CLIMATE NORMALS FOR TODAY
                         NORMAL    RECORD    YEAR
 MAXIMUM TEMPERATURE (F)   82        92      1982
 MINIMUM TEMPERATURE (F)   46        34      1968


SUNRISE AND SUNSET
AUGUST 22 2014........SUNRISE   622 AM PDT   SUNSET   757 PM PDT
AUGUST 23 2014........SUNRISE   623 AM PDT   SUNSET   755 PM PDT


-  INDICATES NEGATIVE NUMBERS.
R  INDICATES RECORD WAS SET OR TIED.
MM INDICATES DATA IS MISSING.
T  INDICATES TRACE AMOUNT.




$$
