000
CDUS46 KMFR 020039
CLILMT


CLIMATE REPORT
NATIONAL WEATHER SERVICE MEDFORD, OR
538 PM PDT FRI AUG 1 2014


...................................

...THE KLAMATH FALLS OR CLIMATE SUMMARY FOR AUGUST 1 2014...
VALID TODAY AS OF 0500 PM LOCAL TIME.

CLIMATE NORMAL PERIOD 1981 TO 2010
CLIMATE RECORD PERIOD 1928 TO 2014


WEATHER ITEM   OBSERVED TIME   RECORD YEAR NORMAL DEPARTURE LAST
                VALUE   (LST)  VALUE       VALUE  FROM      YEAR
                                                  NORMAL
..................................................................
TEMPERATURE (F)
 TODAY
  MAXIMUM         94    308 PM  97    1977  86      8       76
  MINIMUM         56    549 AM  40    1985  49      7       44
  AVERAGE         75                        67      8       60

PRECIPITATION (IN)
  TODAY            0.00          0.74 1976   0.01  -0.01     0.00
  MONTH TO DATE    0.00                      0.01  -0.01     0.00
  SINCE SEP 1      7.33                     14.54  -7.21     8.21
  SINCE JAN 1      6.59                      9.32  -2.73     4.55

SNOWFALL (IN)
  TODAY           MM                        MM     MM       MM
  MONTH TO DATE   MM                        MM     MM       MM
  SINCE JUL 1     MM                        MM     MM       MM
  SNOW DEPTH      MM

DEGREE DAYS
 HEATING
  TODAY            0                         1     -1        5
  MONTH TO DATE    0                         1     -1        5
  SINCE JUN 1    185                       268    -83      184
  SINCE JUL 1     10                        51    -41        6

 COOLING
  TODAY           10                         3      7        0
  MONTH TO DATE   10                         3      7        0
  SINCE JUN 1    238                        96    142      218
  SINCE JAN 1    238                        97    141      218
..................................................................


WIND (MPH)
  HIGHEST WIND SPEED    21   HIGHEST WIND DIRECTION    NW (330)
  HIGHEST GUST SPEED    25   HIGHEST GUST DIRECTION    NW (320)
  AVERAGE WIND SPEED     5.0


SKY COVER
  POSSIBLE SUNSHINE  MM
  AVERAGE SKY COVER 0.0


WEATHER CONDITIONS
 THE FOLLOWING WEATHER WAS RECORDED TODAY.
  HAZE


RELATIVE HUMIDITY (PERCENT)
 HIGHEST    77           600 AM
 LOWEST     11           300 PM

..........................................................


THE KLAMATH FALLS OR CLIMATE NORMALS FOR TOMORROW
                         NORMAL    RECORD    YEAR
 MAXIMUM TEMPERATURE (F)   86        94      1977
 MINIMUM TEMPERATURE (F)   49        34      2013


SUNRISE AND SUNSET
AUGUST  1 2014........SUNRISE   600 AM PDT   SUNSET   826 PM PDT
AUGUST  2 2014........SUNRISE   601 AM PDT   SUNSET   825 PM PDT


-  INDICATES NEGATIVE NUMBERS.
R  INDICATES RECORD WAS SET OR TIED.
MM INDICATES DATA IS MISSING.
T  INDICATES TRACE AMOUNT.




$$
