000
CDUS46 KMFR 280835
CLILMT


CLIMATE REPORT
NATIONAL WEATHER SERVICE MEDFORD, OR
135 AM PDT SUN AUG 28 2016


...................................

...THE KLAMATH FALLS OR CLIMATE SUMMARY FOR AUGUST 27 2016...

CLIMATE NORMAL PERIOD 1981 TO 2010
CLIMATE RECORD PERIOD 1928 TO 2016


WEATHER ITEM   OBSERVED TIME   RECORD YEAR NORMAL DEPARTURE LAST
                VALUE   (LST)  VALUE       VALUE  FROM      YEAR
                                                  NORMAL
..................................................................
TEMPERATURE (F)
 YESTERDAY
  MAXIMUM         87    344 PM  91    1998  81      6       86
  MINIMUM         44    552 AM  30    1960  45     -1       45
  AVERAGE         66                        63      3       66

PRECIPITATION (IN)
  YESTERDAY        0.00          0.05 1971   0.01  -0.01     0.00
  MONTH TO DATE    0.00                      0.33  -0.33     0.42
  SINCE OCT 1     11.64                     14.33  -2.69    12.82
  SINCE JAN 1      7.11                      9.64  -2.53     6.36

SNOWFALL (IN)
  YESTERDAY       MM                        MM     MM       MM
  MONTH TO DATE   MM                        MM     MM       MM
  SINCE JUL 1     MM                        MM     MM       MM
  SNOW DEPTH      MM

DEGREE DAYS
 HEATING
  YESTERDAY        0                         3     -3        0
  MONTH TO DATE   27                        52    -25       17
  SINCE JUN 1    267                       319    -52       87
  SINCE JUL 1     99                       102     -3       35

 COOLING
  YESTERDAY        1                         1      0        1
  MONTH TO DATE   86                        59     27       65
  SINCE JUN 1    214                       152     62      284
  SINCE JAN 1    214                       153     61      287
..................................................................


WIND (MPH)
  HIGHEST WIND SPEED    18   HIGHEST WIND DIRECTION     W (280)
  HIGHEST GUST SPEED    22   HIGHEST GUST DIRECTION    SW (230)
  AVERAGE WIND SPEED     5.3


SKY COVER
  POSSIBLE SUNSHINE  MM
  AVERAGE SKY COVER 0.0


WEATHER CONDITIONS
 THE FOLLOWING WEATHER WAS RECORDED YESTERDAY.
  NO SIGNIFICANT WEATHER WAS OBSERVED.


RELATIVE HUMIDITY (PERCENT)
 HIGHEST    86           400 AM
 LOWEST     13           100 PM

..........................................................


THE KLAMATH FALLS OR CLIMATE NORMALS FOR TODAY
                         NORMAL    RECORD    YEAR
 MAXIMUM TEMPERATURE (F)   81        94      1998
 MINIMUM TEMPERATURE (F)   44        37      1960


SUNRISE AND SUNSET
AUGUST 28 2016........SUNRISE   629 AM PDT   SUNSET   746 PM PDT
AUGUST 29 2016........SUNRISE   630 AM PDT   SUNSET   745 PM PDT


-  INDICATES NEGATIVE NUMBERS.
R  INDICATES RECORD WAS SET OR TIED.
MM INDICATES DATA IS MISSING.
T  INDICATES TRACE AMOUNT.




$$
