000
CDUS46 KMFR 050037
CLILMT


CLIMATE REPORT
NATIONAL WEATHER SERVICE MEDFORD, OR
537 PM PDT TUE AUG 4 2015


...................................

...THE KLAMATH FALLS OR CLIMATE SUMMARY FOR AUGUST 4 2015...
VALID TODAY AS OF 0500 PM LOCAL TIME.

CLIMATE NORMAL PERIOD 1981 TO 2010
CLIMATE RECORD PERIOD 1928 TO 2015


WEATHER ITEM   OBSERVED TIME   RECORD YEAR NORMAL DEPARTURE LAST
                VALUE   (LST)  VALUE       VALUE  FROM      YEAR
                                                  NORMAL
..................................................................
TEMPERATURE (F)
 TODAY
  MAXIMUM         86    237 PM 100    1998  85      1       86
  MINIMUM         49    500 AM  39    2002  49      0       57
  AVERAGE         68                        67      1       72

PRECIPITATION (IN)
  TODAY            0.00          0.34 1950   0.01  -0.01     0.10
  MONTH TO DATE    T                         0.05  -0.05     0.10
  SINCE OCT 1     12.40                     14.05  -1.65     7.32
  SINCE JAN 1      5.94                      9.36  -3.42     6.69

SNOWFALL (IN)
  TODAY           MM                        MM     MM       MM
  MONTH TO DATE   MM                        MM     MM       MM
  SINCE JUL 1     MM                        MM     MM       MM
  SNOW DEPTH      MM

DEGREE DAYS
 HEATING
  TODAY            0                         1     -1        0
  MONTH TO DATE    0                         4     -4        0
  SINCE JUN 1     70                       271   -201      185
  SINCE JUL 1     18                        54    -36       10

 COOLING
  TODAY            3                         3      0        7
  MONTH TO DATE   28                        12     16       30
  SINCE JUN 1    247                       105    142      258
  SINCE JAN 1    250                       106    144      258
..................................................................


WIND (MPH)
  HIGHEST WIND SPEED    18   HIGHEST WIND DIRECTION    NW (330)
  HIGHEST GUST SPEED    22   HIGHEST GUST DIRECTION    NW (330)
  AVERAGE WIND SPEED     3.2


SKY COVER
  POSSIBLE SUNSHINE  MM
  AVERAGE SKY COVER 0.1


WEATHER CONDITIONS
 THE FOLLOWING WEATHER WAS RECORDED TODAY.
  FOG
  HAZE


RELATIVE HUMIDITY (PERCENT)
 HIGHEST    89           600 AM
 LOWEST     17           200 PM

..........................................................


THE KLAMATH FALLS OR CLIMATE NORMALS FOR TOMORROW
                         NORMAL    RECORD    YEAR
 MAXIMUM TEMPERATURE (F)   85        98      1998
 MINIMUM TEMPERATURE (F)   48        33      2002


SUNRISE AND SUNSET
AUGUST  4 2015........SUNRISE   603 AM PDT   SUNSET   822 PM PDT
AUGUST  5 2015........SUNRISE   604 AM PDT   SUNSET   821 PM PDT


-  INDICATES NEGATIVE NUMBERS.
R  INDICATES RECORD WAS SET OR TIED.
MM INDICATES DATA IS MISSING.
T  INDICATES TRACE AMOUNT.




$$
