000
CDUS46 KMFR 200954
CLILMT


CLIMATE REPORT
NATIONAL WEATHER SERVICE MEDFORD, OR
154 AM PST TUE FEB 20 2018


...................................

...THE KLAMATH FALLS OR CLIMATE SUMMARY FOR FEBRUARY 19 2018...

CLIMATE NORMAL PERIOD 1981 TO 2010
CLIMATE RECORD PERIOD 1928 TO 2018


WEATHER ITEM   OBSERVED TIME   RECORD YEAR NORMAL DEPARTURE LAST
                VALUE   (LST)  VALUE       VALUE  FROM      YEAR
                                                  NORMAL
..................................................................
TEMPERATURE (F)
 YESTERDAY
  MAXIMUM         30    130 PM  67    1977  46    -16       48
  MINIMUM         11   1252 AM  -7    1990  24    -13       32
  AVERAGE         21                        35    -14       40

PRECIPITATION (IN)
  YESTERDAY        0.02          0.49 1986   0.07  -0.05     0.16
  MONTH TO DATE    0.09                      1.31  -1.22     1.54
  SINCE OCT 1      3.00                      7.85  -4.85     7.64
  SINCE JAN 1      0.75                      3.16  -2.41     2.89

SNOWFALL (IN)
  YESTERDAY       MM                        MM     MM       MM
  MONTH TO DATE   MM                        MM     MM       MM
  SINCE JUL 1     MM                        MM     MM       MM
  SNOW DEPTH      MM

DEGREE DAYS
 HEATING
  YESTERDAY       44                        30     14       25
  MONTH TO DATE  561                       600    -39      494
  SINCE DEC 1   2495                      2778   -283     2874
  SINCE JUL 1   4081                      4580   -499     4534

 COOLING
  YESTERDAY        0                         0      0        0
  MONTH TO DATE    0                         0      0        0
  SINCE DEC 1      0                         0      0        0
  SINCE JAN 1      0                         0      0        0
..................................................................


WIND (MPH)
  HIGHEST WIND SPEED    20   HIGHEST WIND DIRECTION     W (290)
  HIGHEST GUST SPEED    23   HIGHEST GUST DIRECTION     W (280)
  AVERAGE WIND SPEED     6.9


SKY COVER
  POSSIBLE SUNSHINE  MM
  AVERAGE SKY COVER 0.7


WEATHER CONDITIONS
 THE FOLLOWING WEATHER WAS RECORDED YESTERDAY.
  LIGHT SNOW
  FOG


RELATIVE HUMIDITY (PERCENT)
 HIGHEST    88          1200 AM
 LOWEST     53          1200 PM

..........................................................


THE KLAMATH FALLS OR CLIMATE NORMALS FOR TODAY
                         NORMAL    RECORD    YEAR
 MAXIMUM TEMPERATURE (F)   46        66      1995
 MINIMUM TEMPERATURE (F)   25         5      1990


SUNRISE AND SUNSET
FEBRUARY 20 2018......SUNRISE   656 AM PST   SUNSET   546 PM PST
FEBRUARY 21 2018......SUNRISE   654 AM PST   SUNSET   547 PM PST


-  INDICATES NEGATIVE NUMBERS.
R  INDICATES RECORD WAS SET OR TIED.
MM INDICATES DATA IS MISSING.
T  INDICATES TRACE AMOUNT.




$$
