000
CDUS46 KMFR 210839
CLILMT


CLIMATE REPORT
NATIONAL WEATHER SERVICE MEDFORD, OR
138 AM PDT THU SEP 21 2017


...................................

...THE KLAMATH FALLS OR CLIMATE SUMMARY FOR SEPTEMBER 20 2017...

CLIMATE NORMAL PERIOD 1981 TO 2010
CLIMATE RECORD PERIOD 1928 TO 2017


WEATHER ITEM   OBSERVED TIME   RECORD YEAR NORMAL DEPARTURE LAST
                VALUE   (LST)  VALUE       VALUE  FROM      YEAR
                                                  NORMAL
..................................................................
TEMPERATURE (F)
 YESTERDAY
  MAXIMUM         59   1243 PM  89    2014  75    -16       74
  MINIMUM         34   1149 PM  26    1978  38     -4       37
  AVERAGE         47                        56     -9       56

PRECIPITATION (IN)
  YESTERDAY        0.01          0.21 1969   0.02  -0.01     0.00
  MONTH TO DATE    0.09                      0.38  -0.29      T
  SINCE OCT 1     12.61                     14.81  -2.20    11.64
  SINCE JAN 1      7.86                     10.12  -2.26     7.11

SNOWFALL (IN)
  YESTERDAY       MM                        MM     MM       MM
  MONTH TO DATE   MM                        MM     MM       MM
  SINCE JUL 1     MM                        MM     MM       MM
  SNOW DEPTH      MM

DEGREE DAYS
 HEATING
  YESTERDAY       18                         9      9        9
  MONTH TO DATE   88                       130    -42      170
  SINCE SEP 1     88                       130    -42      170
  SINCE JUL 1     92                       249   -157      277

 COOLING
  YESTERDAY        0                         0      0        0
  MONTH TO DATE   66                         9     57        0
  SINCE SEP 1     66                         9     57        0
  SINCE JAN 1    420                       168    252      215
..................................................................


WIND (MPH)
  HIGHEST WIND SPEED    29   HIGHEST WIND DIRECTION    NW (300)
  HIGHEST GUST SPEED    36   HIGHEST GUST DIRECTION    SW (240)
  AVERAGE WIND SPEED    12.9


SKY COVER
  POSSIBLE SUNSHINE  MM
  AVERAGE SKY COVER 0.5


WEATHER CONDITIONS
 THE FOLLOWING WEATHER WAS RECORDED YESTERDAY.
  LIGHT RAIN


RELATIVE HUMIDITY (PERCENT)
 HIGHEST    85           900 PM
 LOWEST     43           300 PM

..........................................................


THE KLAMATH FALLS OR CLIMATE NORMALS FOR TODAY
                         NORMAL    RECORD    YEAR
 MAXIMUM TEMPERATURE (F)   74        89      1987
 MINIMUM TEMPERATURE (F)   37        23      1968


SUNRISE AND SUNSET
SEPTEMBER 21 2017.....SUNRISE   654 AM PDT   SUNSET   705 PM PDT
SEPTEMBER 22 2017.....SUNRISE   655 AM PDT   SUNSET   703 PM PDT


-  INDICATES NEGATIVE NUMBERS.
R  INDICATES RECORD WAS SET OR TIED.
MM INDICATES DATA IS MISSING.
T  INDICATES TRACE AMOUNT.




$$
