000
CDUS45 KRIW 020742
CLILND


CLIMATE REPORT
NATIONAL WEATHER SERVICE RIVERTON WY
1241 AM MST MON MAR 2 2015


...................................

...THE LANDER WY CLIMATE SUMMARY FOR MARCH 1 2015...

CLIMATE NORMAL PERIOD 1981 TO 2010
CLIMATE RECORD PERIOD 1891 TO 2015


WEATHER ITEM   OBSERVED TIME   RECORD YEAR NORMAL DEPARTURE LAST
                VALUE   (LST)  VALUE       VALUE  FROM      YEAR
                                                  NORMAL
..................................................................
TEMPERATURE (F)
 YESTERDAY
  MAXIMUM         25    335 PM  64    1986  42    -17       14
                                      1901
  MINIMUM         12   1106 PM -13    1911  19     -7       -3
  AVERAGE         19                        30    -11        6

PRECIPITATION (IN)
  YESTERDAY        T             1.27 1906   0.02  -0.02     0.23
  MONTH TO DATE    T                         0.02  -0.02     0.23
  SINCE MAR 1      T                         0.02  -0.02     0.23
  SINCE JAN 1      1.56                      1.01   0.55     1.03

SNOWFALL (IN)
  YESTERDAY        T                         0.4   -0.4      3.4
  MONTH TO DATE    T                         0.4   -0.4      3.4
  SINCE MAR 1      T                         0.4   -0.4      3.4
  SINCE JUL 1     53.9                      54.0   -0.1     58.7
  SNOW DEPTH       4

DEGREE DAYS
 HEATING
  YESTERDAY       46                        35     11       59
  MONTH TO DATE   46                        35     11       59
  SINCE MAR 1     46                        35     11       59
  SINCE JUL 1   5170                      5739   -569     5795

 COOLING
  YESTERDAY        0                         0      0        0
  MONTH TO DATE    0                         0      0        0
  SINCE MAR 1      0                         0      0        0
  SINCE JAN 1      0                         0      0        0
..................................................................


WIND (MPH)
  HIGHEST WIND SPEED    10   HIGHEST WIND DIRECTION     W (250)
  HIGHEST GUST SPEED    12   HIGHEST GUST DIRECTION     W (250)
  AVERAGE WIND SPEED     3.9


SKY COVER
  POSSIBLE SUNSHINE  MM
  AVERAGE SKY COVER 0.7


WEATHER CONDITIONS
 THE FOLLOWING WEATHER WAS RECORDED YESTERDAY.
  LIGHT SNOW
  FOG
  HAZE


RELATIVE HUMIDITY (PERCENT)
 HIGHEST    88          1200 AM
 LOWEST     59           200 PM
 AVERAGE    74

..........................................................


THE LANDER WY CLIMATE NORMALS FOR TODAY
                         NORMAL    RECORD    YEAR
 MAXIMUM TEMPERATURE (F)   42        64      2009
                                             1925
 MINIMUM TEMPERATURE (F)   19       -17      1943


SUNRISE AND SUNSET
MARCH  2 2015.........SUNRISE   649 AM MST   SUNSET   605 PM MST
MARCH  3 2015.........SUNRISE   648 AM MST   SUNSET   607 PM MST


-  INDICATES NEGATIVE NUMBERS.
R  INDICATES RECORD WAS SET OR TIED.
MM INDICATES DATA IS MISSING.
T  INDICATES TRACE AMOUNT.




$$
