000
CDUS45 KRIW 250730
CLILND


CLIMATE REPORT
NATIONAL WEATHER SERVICE RIVERTON WY
128 AM MDT SUN JUN 25 2017


...................................

...THE LANDER WY CLIMATE SUMMARY FOR JUNE 24 2017...

CLIMATE NORMAL PERIOD 1981 TO 2010
CLIMATE RECORD PERIOD 1891 TO 2017


WEATHER ITEM   OBSERVED TIME   RECORD YEAR NORMAL DEPARTURE LAST
                VALUE   (LST)  VALUE       VALUE  FROM      YEAR
                                                  NORMAL
..................................................................
TEMPERATURE (F)
 YESTERDAY
  MAXIMUM         74    510 PM  99    1988  81     -7       92
  MINIMUM         40    412 AM  34    1906  51    -11       57
  AVERAGE         57                        66     -9       75

PRECIPITATION (IN)
  YESTERDAY        T             0.98 1958   0.03  -0.03     0.00
  MONTH TO DATE    0.26                      1.13  -0.87     0.47
  SINCE JUN 1      0.26                      1.13  -0.87     0.47
  SINCE JAN 1     12.75                      7.35   5.40    15.62

SNOWFALL (IN)
  YESTERDAY        0.0                       0.0    0.0      0.0
  MONTH TO DATE    0.0                       0.1   -0.1      0.0
  SINCE JUN 1      0.0                       0.1   -0.1      0.0
  SINCE JUL 1     90.9                      91.4   -0.5     75.2
  SNOW DEPTH       0

DEGREE DAYS
 HEATING
  YESTERDAY        8                         2      6        0
  MONTH TO DATE   61                       115    -54       22
  SINCE JUN 1     61                       115    -54       22
  SINCE JUL 1   7528                      7737   -209     7015

 COOLING
  YESTERDAY        0                         3     -3       10
  MONTH TO DATE   38                        42     -4      104
  SINCE JUN 1     38                        42     -4      104
  SINCE JAN 1     38                        47     -9      104
..................................................................


WIND (MPH)
  HIGHEST WIND SPEED    13   HIGHEST WIND DIRECTION     W (270)
  HIGHEST GUST SPEED    17   HIGHEST GUST DIRECTION     E (70)
  AVERAGE WIND SPEED     6.4


SKY COVER
  POSSIBLE SUNSHINE  MM
  AVERAGE SKY COVER 0.1


WEATHER CONDITIONS
 THE FOLLOWING WEATHER WAS RECORDED YESTERDAY.
  LIGHT RAIN


RELATIVE HUMIDITY (PERCENT)
 HIGHEST    62           400 AM
 LOWEST     23           400 PM
 AVERAGE    43

..........................................................


THE LANDER WY CLIMATE NORMALS FOR TODAY
                         NORMAL    RECORD    YEAR
 MAXIMUM TEMPERATURE (F)   81        97      1988
 MINIMUM TEMPERATURE (F)   51        31      1904


SUNRISE AND SUNSET
JUNE 25 2017..........SUNRISE   538 AM MDT   SUNSET   857 PM MDT
JUNE 26 2017..........SUNRISE   538 AM MDT   SUNSET   857 PM MDT


-  INDICATES NEGATIVE NUMBERS.
R  INDICATES RECORD WAS SET OR TIED.
MM INDICATES DATA IS MISSING.
T  INDICATES TRACE AMOUNT.




$$
