000
CDUS45 KRIW 290034
CLILND


CLIMATE REPORT
NATIONAL WEATHER SERVICE RIVERTON WY
531 PM MST WED JAN 28 2015


...................................

...THE LANDER WY CLIMATE SUMMARY FOR JANUARY 28 2015...
VALID TODAY AS OF 0500 PM LOCAL TIME.

CLIMATE NORMAL PERIOD 1981 TO 2010
CLIMATE RECORD PERIOD 1891 TO 2015


WEATHER ITEM   OBSERVED TIME   RECORD YEAR NORMAL DEPARTURE LAST
                VALUE   (LST)  VALUE       VALUE  FROM      YEAR
                                                  NORMAL
..................................................................
TEMPERATURE (F)
 TODAY
  MAXIMUM         46        MM  60    1931  33     13       26
  MINIMUM         31        MM -28    1895  11     20        5
  AVERAGE         39                        22     17       16

PRECIPITATION (IN)
  TODAY            0.00          0.40 1909   0.01  -0.01     0.00
  MONTH TO DATE    T                         0.37  -0.37     0.61
  SINCE DEC 1      1.82                      0.95   0.87     1.30
  SINCE JAN 1      T                         0.37  -0.37     0.61

SNOWFALL (IN)
  TODAY            0.0                       0.3   -0.3      0.0
  MONTH TO DATE    0.3                       6.9   -6.6      8.9
  SINCE DEC 1     21.4                      17.0    4.4     22.0
  SINCE JUL 1     30.3                      42.6  -12.3     51.5
  SNOW DEPTH       T

DEGREE DAYS
 HEATING
  TODAY           26                        43    -17       49
  MONTH TO DATE 1214                      1213      1     1133
  SINCE DEC 1   2500                      2586    -86     2518
  SINCE JUL 1   4041                      4459   -418     4406

 COOLING
  TODAY            0                         0      0        0
  MONTH TO DATE    0                         0      0        0
  SINCE DEC 1      0                         0      0        0
  SINCE JAN 1      0                         0      0        0
..................................................................


WIND (MPH)
  HIGHEST WIND SPEED    13   HIGHEST WIND DIRECTION    SW (230)
  HIGHEST GUST SPEED    18   HIGHEST GUST DIRECTION     N (350)
  AVERAGE WIND SPEED     6.4


SKY COVER
  POSSIBLE SUNSHINE  MM
  AVERAGE SKY COVER 0.3


WEATHER CONDITIONS
 THE FOLLOWING WEATHER WAS RECORDED TODAY.
  NO SIGNIFICANT WEATHER WAS OBSERVED.


RELATIVE HUMIDITY (PERCENT)
 HIGHEST    72           700 AM
 LOWEST     49           200 AM
 AVERAGE    61

..........................................................


THE LANDER WY CLIMATE NORMALS FOR TOMORROW
                         NORMAL    RECORD    YEAR
 MAXIMUM TEMPERATURE (F)   33        53      1911
 MINIMUM TEMPERATURE (F)   11       -34      1916


SUNRISE AND SUNSET
JANUARY 28 2015.......SUNRISE   734 AM MST   SUNSET   523 PM MST
JANUARY 29 2015.......SUNRISE   733 AM MST   SUNSET   524 PM MST


-  INDICATES NEGATIVE NUMBERS.
R  INDICATES RECORD WAS SET OR TIED.
MM INDICATES DATA IS MISSING.
T  INDICATES TRACE AMOUNT.




$$
