000
CDUS45 KRIW 280740
CLILND


CLIMATE REPORT
NATIONAL WEATHER SERVICE RIVERTON WY
138 AM MDT THU MAY 28 2015


...................................

...THE LANDER WY CLIMATE SUMMARY FOR MAY 27 2015...

CLIMATE NORMAL PERIOD 1981 TO 2010
CLIMATE RECORD PERIOD 1891 TO 2015


WEATHER ITEM   OBSERVED TIME   RECORD YEAR NORMAL DEPARTURE LAST
                VALUE   (LST)  VALUE       VALUE  FROM      YEAR
                                                  NORMAL
..................................................................
TEMPERATURE (F)
 YESTERDAY
  MAXIMUM         70    212 PM  90    1969  70      0       86
  MINIMUM         44    550 AM  27    1893  43      1       50
  AVERAGE         57                        57      0       68

PRECIPITATION (IN)
  YESTERDAY        0.10          0.71 1947   0.06   0.04     0.00
  MONTH TO DATE    5.94                      1.95   3.99     1.50
  SINCE MAR 1      8.80                      4.98   3.82     3.38
  SINCE JAN 1     10.36                      5.97   4.39     4.18

SNOWFALL (IN)
  YESTERDAY        0.0                       0.0    0.0      0.0
  MONTH TO DATE    0.8                       4.7   -3.9      2.2
  SINCE MAR 1     20.0                      37.6  -17.6     20.4
  SINCE JUL 1     73.9                      91.2  -17.3     75.7
  SNOW DEPTH       0

DEGREE DAYS
 HEATING
  YESTERDAY        8                         9     -1        0
  MONTH TO DATE  430                       336     94      325
  SINCE MAR 1   1788                      1886    -98     1841
  SINCE JUL 1   6912                      7590   -678     7577

 COOLING
  YESTERDAY        0                         0      0        3
  MONTH TO DATE    0                         0      0        6
  SINCE MAR 1      0                         0      0        6
  SINCE JAN 1      0                         0      0        6
..................................................................


WIND (MPH)
  HIGHEST WIND SPEED    31   HIGHEST WIND DIRECTION    SW (220)
  HIGHEST GUST SPEED    40   HIGHEST GUST DIRECTION    SW (230)
  AVERAGE WIND SPEED     6.0


SKY COVER
  POSSIBLE SUNSHINE  MM
  AVERAGE SKY COVER 0.3


WEATHER CONDITIONS
 THE FOLLOWING WEATHER WAS RECORDED YESTERDAY.
  THUNDERSTORM
  HEAVY RAIN
  LIGHT RAIN


RELATIVE HUMIDITY (PERCENT)
 HIGHEST    89           600 AM
 LOWEST     40           200 PM
 AVERAGE    65

..........................................................


THE LANDER WY CLIMATE NORMALS FOR TODAY
                         NORMAL    RECORD    YEAR
 MAXIMUM TEMPERATURE (F)   70        90      2003
 MINIMUM TEMPERATURE (F)   43        27      1947


SUNRISE AND SUNSET
MAY 28 2015...........SUNRISE   542 AM MDT   SUNSET   843 PM MDT
MAY 29 2015...........SUNRISE   541 AM MDT   SUNSET   844 PM MDT


-  INDICATES NEGATIVE NUMBERS.
R  INDICATES RECORD WAS SET OR TIED.
MM INDICATES DATA IS MISSING.
T  INDICATES TRACE AMOUNT.




$$
