000
CDUS45 KRIW 300734
CLILND


CLIMATE REPORT
NATIONAL WEATHER SERVICE RIVERTON WY
131 AM MDT TUE JUN 30 2015


...................................

...THE LANDER WY CLIMATE SUMMARY FOR JUNE 29 2015...

CLIMATE NORMAL PERIOD 1981 TO 2010
CLIMATE RECORD PERIOD 1891 TO 2015


WEATHER ITEM   OBSERVED TIME   RECORD YEAR NORMAL DEPARTURE LAST
                VALUE   (LST)  VALUE       VALUE  FROM      YEAR
                                                  NORMAL
..................................................................
TEMPERATURE (F)
 YESTERDAY
  MAXIMUM         92    220 PM  99    1990  83      9       84
  MINIMUM         57    415 AM  34    1906  52      5       44
  AVERAGE         75                        68      7       64

PRECIPITATION (IN)
  YESTERDAY        0.00          0.25 1957   0.02  -0.02     0.00
  MONTH TO DATE    0.79                      1.25  -0.46     0.60
  SINCE JUN 1      0.79                      1.25  -0.46     0.60
  SINCE JAN 1     11.31                      7.47   3.84     4.79

SNOWFALL (IN)
  YESTERDAY        0.0                       0.0    0.0      0.0
  MONTH TO DATE    0.0                       0.1   -0.1      0.0
  SINCE JUN 1      0.0                       0.1   -0.1      0.0
  SINCE JUL 1     73.9                      91.4  -17.5     75.7
  SNOW DEPTH       0

DEGREE DAYS
 HEATING
  YESTERDAY        0                         2     -2        1
  MONTH TO DATE   31                       125    -94      135
  SINCE JUN 1     31                       125    -94      135
  SINCE JUL 1   6968                      7747   -779     7719

 COOLING
  YESTERDAY       10                         4      6        0
  MONTH TO DATE   97                        61     36       23
  SINCE JUN 1     97                        61     36       23
  SINCE JAN 1     97                        66     31       41
..................................................................


WIND (MPH)
  HIGHEST WIND SPEED    13   HIGHEST WIND DIRECTION    SW (240)
  HIGHEST GUST SPEED    14   HIGHEST GUST DIRECTION    SW (230)
  AVERAGE WIND SPEED     4.9


SKY COVER
  POSSIBLE SUNSHINE  MM
  AVERAGE SKY COVER 0.0


WEATHER CONDITIONS
 THE FOLLOWING WEATHER WAS RECORDED YESTERDAY.
  NO SIGNIFICANT WEATHER WAS OBSERVED.


RELATIVE HUMIDITY (PERCENT)
 HIGHEST    60           300 AM
 LOWEST     21           200 PM
 AVERAGE    41

..........................................................


THE LANDER WY CLIMATE NORMALS FOR TODAY
                         NORMAL    RECORD    YEAR
 MAXIMUM TEMPERATURE (F)   83        99      1990
 MINIMUM TEMPERATURE (F)   53        35      1968


SUNRISE AND SUNSET
JUNE 30 2015..........SUNRISE   540 AM MDT   SUNSET   857 PM MDT
JULY  1 2015..........SUNRISE   540 AM MDT   SUNSET   857 PM MDT


-  INDICATES NEGATIVE NUMBERS.
R  INDICATES RECORD WAS SET OR TIED.
MM INDICATES DATA IS MISSING.
T  INDICATES TRACE AMOUNT.




$$
