000
CDUS45 KRIW 240817
CLILND


CLIMATE REPORT
NATIONAL WEATHER SERVICE RIVERTON WY
116 AM MST TUE JAN 24 2017


...................................

...THE LANDER WY CLIMATE SUMMARY FOR JANUARY 23 2017...

CLIMATE NORMAL PERIOD 1981 TO 2010
CLIMATE RECORD PERIOD 1891 TO 2017


WEATHER ITEM   OBSERVED TIME   RECORD YEAR NORMAL DEPARTURE LAST
                VALUE   (LST)  VALUE       VALUE  FROM      YEAR
                                                  NORMAL
..................................................................
TEMPERATURE (F)
 YESTERDAY
  MAXIMUM         27    212 PM  58    1970  33     -6       33
  MINIMUM         15    328 AM -28    1962  11      4       13
  AVERAGE         21                        22     -1       23

PRECIPITATION (IN)
  YESTERDAY        0.46R         0.31 1978   0.01   0.45     0.00
  MONTH TO DATE    0.92                      0.31   0.61     0.36
  SINCE DEC 1      1.82                      0.89   0.93     0.84
  SINCE JAN 1      0.92                      0.31   0.61     0.36

SNOWFALL (IN)
  YESTERDAY        5.4                       0.2    5.2      0.0
  MONTH TO DATE   13.0                       5.6    7.4      4.8
  SINCE DEC 1     22.1                      15.7    6.4     13.6
  SINCE JUL 1     36.1                      41.3   -5.2     32.6
  SNOW DEPTH       9

DEGREE DAYS
 HEATING
  YESTERDAY       44                        43      1       42
  MONTH TO DATE 1231                       998    233     1067
  SINCE DEC 1   2722                      2371    351     2415
  SINCE JUL 1   4278                      4244     34     3927

 COOLING
  YESTERDAY        0                         0      0        0
  MONTH TO DATE    0                         0      0        0
  SINCE DEC 1      0                         0      0        0
  SINCE JAN 1      0                         0      0        0
..................................................................


WIND (MPH)
  HIGHEST WIND SPEED    14   HIGHEST WIND DIRECTION     N (360)
  HIGHEST GUST SPEED    17   HIGHEST GUST DIRECTION     N (360)
  AVERAGE WIND SPEED     4.8


SKY COVER
  POSSIBLE SUNSHINE  MM
  AVERAGE SKY COVER 0.7


WEATHER CONDITIONS
 THE FOLLOWING WEATHER WAS RECORDED YESTERDAY.
  HEAVY SNOW
  SNOW
  LIGHT SNOW
  FOG
  FOG W/VISIBILITY <= 1/4 MILE
  HAZE


RELATIVE HUMIDITY (PERCENT)
 HIGHEST    96          1100 PM
 LOWEST     68           300 AM
 AVERAGE    82

..........................................................


THE LANDER WY CLIMATE NORMALS FOR TODAY
                         NORMAL    RECORD    YEAR
 MAXIMUM TEMPERATURE (F)   33        55      1959
                                             1935
 MINIMUM TEMPERATURE (F)   11       -31      1949


SUNRISE AND SUNSET
JANUARY 24 2017.......SUNRISE   737 AM MST   SUNSET   518 PM MST
JANUARY 25 2017.......SUNRISE   736 AM MST   SUNSET   519 PM MST


-  INDICATES NEGATIVE NUMBERS.
R  INDICATES RECORD WAS SET OR TIED.
MM INDICATES DATA IS MISSING.
T  INDICATES TRACE AMOUNT.




$$
