000
CDUS43 KOAX 252151
CLILNK


CLIMATE REPORT
NATIONAL WEATHER SERVICE OMAHA NEBRASKA
449 PM CDT WED MAY 25 2016


...................................

...THE LINCOLN, NEBRASKA CLIMATE SUMMARY FOR MAY 25 2016...
VALID TODAY AS OF 400 PM LOCAL TIME.

CLIMATE NORMAL PERIOD 1981 TO 2010
CLIMATE RECORD PERIOD 1887 TO 2016


WEATHER ITEM   OBSERVED TIME   RECORD YEAR NORMAL DEPARTURE LAST
                VALUE   (LST)  VALUE       VALUE  FROM      YEAR
                                                  NORMAL
..................................................................
TEMPERATURE (F)
 TODAY
  MAXIMUM         79    118 PM  98    1967  77      2       80
  MINIMUM         63    748 AM  35    1925  54      9       59
  AVERAGE         71                        65      6       70

PRECIPITATION (IN)
  TODAY            0.15          1.78 1951   0.13   0.02      T
  MONTH TO DATE    3.42                      3.46  -0.04    10.68
  SINCE MAR 1      8.72                      8.10   0.62    13.44
  SINCE JAN 1     10.31                      9.51   0.80    15.28

SNOWFALL (IN)
  TODAY            0.0                       0.0    0.0      0.0
  MONTH TO DATE    0.0                       0.1   -0.1      0.0
  SINCE JUL 1     20.5                      26.0   -5.5     21.9
  SNOW DEPTH       0

DEGREE DAYS
 HEATING
  TODAY            0                         3     -3        0
  MONTH TO DATE  127                       136     -9      133
  SINCE MAR 1    963                      1326   -363     1129
  SINCE JUL 1   4880                      6029  -1149     5816

 COOLING
  TODAY            6                         3      3        5
  MONTH TO DATE   32                        43    -11       36
  SINCE MAR 1     41                        57    -16       41
  SINCE JAN 1     41                        57    -16       41
..................................................................


WIND (MPH)
  HIGHEST WIND SPEED    29   HIGHEST WIND DIRECTION    SE (120)
  HIGHEST GUST SPEED    36   HIGHEST GUST DIRECTION    SE (120)
  AVERAGE WIND SPEED    16.0


SKY COVER
  POSSIBLE SUNSHINE  MM
  AVERAGE SKY COVER 0.2


WEATHER CONDITIONS
 THE FOLLOWING WEATHER WAS RECORDED TODAY.
  THUNDERSTORM
  RAIN
  LIGHT RAIN
  FOG


RELATIVE HUMIDITY (PERCENT)
 HIGHEST    90           100 AM
 LOWEST     58          1200 PM
 AVERAGE    74

..........................................................


THE LINCOLN, NEBRASKA CLIMATE NORMALS FOR TOMORROW
                         NORMAL    RECORD    YEAR
 MAXIMUM TEMPERATURE (F)   77        98      1912
 MINIMUM TEMPERATURE (F)   54        38      1901


SUNRISE AND SUNSET
MAY 25 2016...........SUNRISE   601 AM CDT   SUNSET   847 PM CDT
MAY 26 2016...........SUNRISE   601 AM CDT   SUNSET   848 PM CDT


-  INDICATES NEGATIVE NUMBERS.
R  INDICATES RECORD WAS SET OR TIED.
MM INDICATES DATA IS MISSING.
T  INDICATES TRACE AMOUNT.




$$

KLISH
