000
CDUS43 KOAX 282149
CLILNK


CLIMATE REPORT
NATIONAL WEATHER SERVICE OMAHA NEBRASKA
437 PM CDT THU JUL 28 2016


...................................

...THE LINCOLN, NEBRASKA CLIMATE SUMMARY FOR JULY 28 2016...
VALID TODAY AS OF 0400 PM LOCAL TIME.

CLIMATE NORMAL PERIOD 1981 TO 2010
CLIMATE RECORD PERIOD 1887 TO 2016


WEATHER ITEM   OBSERVED TIME   RECORD YEAR NORMAL DEPARTURE LAST
                VALUE   (LST)  VALUE       VALUE  FROM      YEAR
                                                  NORMAL
..................................................................
TEMPERATURE (F)
 TODAY
  MAXIMUM         87    247 PM 106    1940  89     -2       93
  MINIMUM         66    554 AM  47    2013  66      0       67
                                      1994
  AVERAGE         77                        78     -1       80

PRECIPITATION (IN)
  TODAY            T             1.97 1892   0.10  -0.10     0.02
  MONTH TO DATE    4.21                      3.08   1.13     2.39
  SINCE JUN 1      4.79                      7.43  -2.64    10.05
  SINCE JAN 1     17.10                     17.77  -0.67    25.55

SNOWFALL (IN)
  TODAY            0.0                       0.0    0.0      0.0
  MONTH TO DATE    0.0                       0.0    0.0      0.0
  SINCE JUL 1      0.0                       0.0    0.0      0.0
  SNOW DEPTH       0

DEGREE DAYS
 HEATING
  TODAY            0                         0      0        0
  MONTH TO DATE    0                         0      0        1
  SINCE JUN 1      0                        16    -16        1
  SINCE JUL 1      0                         0      0        1

 COOLING
  TODAY           12                        13     -1       15
  MONTH TO DATE  373                       357     16      348
  SINCE JUN 1    793                       599    194      611
  SINCE JAN 1    864                       678    186      663
..................................................................


WIND (MPH)
  HIGHEST WIND SPEED    17   HIGHEST WIND DIRECTION    NE (050)
  HIGHEST GUST SPEED    22   HIGHEST GUST DIRECTION    NE (050)
  AVERAGE WIND SPEED     8.3


SKY COVER
  POSSIBLE SUNSHINE  MM
  AVERAGE SKY COVER 0.1


WEATHER CONDITIONS
 THE FOLLOWING WEATHER WAS RECORDED TODAY.
  LIGHT RAIN


RELATIVE HUMIDITY (PERCENT)
 HIGHEST    93           600 AM
 LOWEST     45           100 PM
 AVERAGE    69

..........................................................


THE LINCOLN, NEBRASKA CLIMATE NORMALS FOR TOMORROW
                         NORMAL    RECORD    YEAR
 MAXIMUM TEMPERATURE (F)   89       105      1947
                                             1917
 MINIMUM TEMPERATURE (F)   66        49      1994


SUNRISE AND SUNSET
JULY 28 2016..........SUNRISE   620 AM CDT   SUNSET   846 PM CDT
JULY 29 2016..........SUNRISE   621 AM CDT   SUNSET   845 PM CDT


-  INDICATES NEGATIVE NUMBERS.
R  INDICATES RECORD WAS SET OR TIED.
MM INDICATES DATA IS MISSING.
T  INDICATES TRACE AMOUNT.




$$
