000
CDUS43 KOAX 160753
CLILNK


CLIMATE REPORT
NATIONAL WEATHER SERVICE OMAHA NEBRASKA
251 AM CDT WED APR 16 2014


...................................

...THE LINCOLN, NEBRASKA CLIMATE SUMMARY FOR APRIL 15 2014...

CLIMATE NORMAL PERIOD 1981 TO 2010
CLIMATE RECORD PERIOD 1887 TO 2014


WEATHER ITEM   OBSERVED TIME   RECORD YEAR NORMAL DEPARTURE LAST
                VALUE   (LST)  VALUE       VALUE  FROM      YEAR
                                                  NORMAL
..................................................................
TEMPERATURE (F)
 YESTERDAY
  MAXIMUM         60    409 PM  93    2002  64     -4       48
  MINIMUM         19R   455 AM  24    1926  39    -20       34
                                      1905
  AVERAGE         40                        51    -11       41

PRECIPITATION (IN)
  YESTERDAY        0.00          0.92 1973   0.08  -0.08     0.00
  MONTH TO DATE    1.48                      1.14   0.34     1.64
  SINCE MAR 1      1.61                      3.07  -1.46     3.76
  SINCE JAN 1      2.47                      4.48  -2.01     5.03

SNOWFALL (IN)
  YESTERDAY        0.0                       0.1   -0.1      0.0
  MONTH TO DATE    0.5                       1.0   -0.5      0.5
  SINCE JUL 1     18.2                      25.5   -7.3     24.7
  SNOW DEPTH       0

DEGREE DAYS
 HEATING
  YESTERDAY       25                        14     11       24
  MONTH TO DATE  259                       246     13      303
  SINCE MAR 1   1116                      1019     97     1232
  SINCE JUL 1   6233                      5722    511     5860

 COOLING
  YESTERDAY        0                         0      0        0
  MONTH TO DATE    5                         0      5        0
  SINCE MAR 1      5                         1      4        0
  SINCE JAN 1      5                         1      4        0
..................................................................


WIND (MPH)
  HIGHEST WIND SPEED    24   HIGHEST WIND DIRECTION     S (170)
  HIGHEST GUST SPEED    30   HIGHEST GUST DIRECTION     S (180)
  AVERAGE WIND SPEED    10.6


SKY COVER
  POSSIBLE SUNSHINE  MM
  AVERAGE SKY COVER 0.0


WEATHER CONDITIONS
 THE FOLLOWING WEATHER WAS RECORDED YESTERDAY.
  FOG
  HAZE


RELATIVE HUMIDITY (PERCENT)
 HIGHEST    88           200 AM
 LOWEST     23           500 PM
 AVERAGE    56

..........................................................


THE LINCOLN, NEBRASKA CLIMATE NORMALS FOR TODAY
                         NORMAL    RECORD    YEAR
 MAXIMUM TEMPERATURE (F)   65        91      1964
 MINIMUM TEMPERATURE (F)   39        21      1904


SUNRISE AND SUNSET
APRIL 16 2014.........SUNRISE   647 AM CDT   SUNSET   808 PM CDT
APRIL 17 2014.........SUNRISE   645 AM CDT   SUNSET   809 PM CDT


-  INDICATES NEGATIVE NUMBERS.
R  INDICATES RECORD WAS SET OR TIED.
MM INDICATES DATA IS MISSING.
T  INDICATES TRACE AMOUNT.




$$
