000
CDUS43 KOAX 280710
CLILNK


CLIMATE REPORT
NATIONAL WEATHER SERVICE OMAHA NEBRASKA
209 AM CDT MON JUL 28 2014


...................................

...THE LINCOLN, NEBRASKA CLIMATE SUMMARY FOR JULY 27 2014...

CLIMATE NORMAL PERIOD 1981 TO 2010
CLIMATE RECORD PERIOD 1887 TO 2014


WEATHER ITEM   OBSERVED TIME   RECORD YEAR NORMAL DEPARTURE LAST
                VALUE   (LST)  VALUE       VALUE  FROM      YEAR
                                                  NORMAL
..................................................................
TEMPERATURE (F)
 YESTERDAY
  MAXIMUM         87    300 PM 108    1930  89     -2       76
  MINIMUM         66   1159 PM  50    2005  66      0       52
  AVERAGE         77                        78     -1       64

PRECIPITATION (IN)
  YESTERDAY        0.00          1.32 1896   0.10  -0.10     0.00
  MONTH TO DATE    0.51                      2.98  -2.47     0.28
  SINCE JUN 1      6.41                      7.33  -0.92     2.77
  SINCE JAN 1     16.16                     17.67  -1.51    18.62

SNOWFALL (IN)
  YESTERDAY        0.0                       0.0    0.0      0.0
  MONTH TO DATE    0.0                       0.0    0.0      0.0
  SINCE JUL 1      0.0                       0.0    0.0      0.0
  SNOW DEPTH       0

DEGREE DAYS
 HEATING
  YESTERDAY        0                         0      0        1
  MONTH TO DATE    2                         0      2        1
  SINCE JUN 1      4                        16    -12       21
  SINCE JUL 1      2                         0      2        1

 COOLING
  YESTERDAY       12                        13     -1        0
  MONTH TO DATE  302                       344    -42      330
  SINCE JUN 1    580                       586     -6      561
  SINCE JAN 1    740                       665     75      648
..................................................................


WIND (MPH)
  HIGHEST WIND SPEED    26   HIGHEST WIND DIRECTION     N (340)
  HIGHEST GUST SPEED    35   HIGHEST GUST DIRECTION     N (360)
  AVERAGE WIND SPEED    11.6


SKY COVER
  POSSIBLE SUNSHINE  MM
  AVERAGE SKY COVER 0.0


WEATHER CONDITIONS
 THE FOLLOWING WEATHER WAS RECORDED YESTERDAY.
  NO SIGNIFICANT WEATHER WAS OBSERVED.


RELATIVE HUMIDITY (PERCENT)
 HIGHEST    90           400 AM
 LOWEST     34          1200 PM
 AVERAGE    62

..........................................................


THE LINCOLN, NEBRASKA CLIMATE NORMALS FOR TODAY
                         NORMAL    RECORD    YEAR
 MAXIMUM TEMPERATURE (F)   89       106      1940
 MINIMUM TEMPERATURE (F)   66        47      2013
                                             1994


SUNRISE AND SUNSET
JULY 28 2014..........SUNRISE   620 AM CDT   SUNSET   847 PM CDT
JULY 29 2014..........SUNRISE   621 AM CDT   SUNSET   846 PM CDT


-  INDICATES NEGATIVE NUMBERS.
R  INDICATES RECORD WAS SET OR TIED.
MM INDICATES DATA IS MISSING.
T  INDICATES TRACE AMOUNT.




$$
