675
CDUS43 KOAX 282131
CLILNK


CLIMATE REPORT
NATIONAL WEATHER SERVICE OMAHA NEBRASKA
430 PM CDT SUN AUG 28 2016


...................................

...THE LINCOLN, NEBRASKA CLIMATE SUMMARY FOR AUGUST 28 2016...
VALID TODAY AS OF 0400 PM LOCAL TIME.

CLIMATE NORMAL PERIOD 1981 TO 2010
CLIMATE RECORD PERIOD 1887 TO 2016


WEATHER ITEM   OBSERVED TIME   RECORD YEAR NORMAL DEPARTURE LAST
                VALUE   (LST)  VALUE       VALUE  FROM      YEAR
                                                  NORMAL
..................................................................
TEMPERATURE (F)
 TODAY
  MAXIMUM         93    148 PM 103    1984  85      8       80
  MINIMUM         63    607 AM  41    1988  61      2       64
  AVERAGE         78                        73      5       72

PRECIPITATION (IN)
  TODAY            0.00          2.93 1910   0.12  -0.12     0.74
  MONTH TO DATE    3.30                      3.14   0.16     3.78
  SINCE JUN 1      8.55                     10.89  -2.34    13.83
  SINCE JAN 1     20.86                     21.23  -0.37    29.33

SNOWFALL (IN)
  TODAY            0.0                       0.0    0.0      0.0
  MONTH TO DATE    0.0                       0.0    0.0      0.0
  SINCE JUL 1      0.0                       0.0    0.0      0.0
  SNOW DEPTH       0

DEGREE DAYS
 HEATING
  TODAY            0                         0      0        0
  MONTH TO DATE    1                         0      1        3
  SINCE JUN 1      1                        17    -16        4
  SINCE JUL 1      1                         1      0        4

 COOLING
  TODAY           13                         9      4        7
  MONTH TO DATE  305                       301      4      265
  SINCE JUN 1   1127                       933    194      911
  SINCE JAN 1   1198                      1012    186      963
..................................................................


WIND (MPH)
  HIGHEST WIND SPEED    21   HIGHEST WIND DIRECTION     E (110)
  HIGHEST GUST SPEED    27   HIGHEST GUST DIRECTION     E (100)
  AVERAGE WIND SPEED     5.0


SKY COVER
  POSSIBLE SUNSHINE  MM
  AVERAGE SKY COVER 0.1


WEATHER CONDITIONS
 THE FOLLOWING WEATHER WAS RECORDED TODAY.
  THUNDERSTORM


RELATIVE HUMIDITY (PERCENT)
 HIGHEST    93           100 AM
 LOWEST     47           100 PM
 AVERAGE    70

..........................................................


THE LINCOLN, NEBRASKA CLIMATE NORMALS FOR TOMORROW
                         NORMAL    RECORD    YEAR
 MAXIMUM TEMPERATURE (F)   85       101      1947
 MINIMUM TEMPERATURE (F)   61        41      1946


SUNRISE AND SUNSET
AUGUST 28 2016........SUNRISE   650 AM CDT   SUNSET   805 PM CDT
AUGUST 29 2016........SUNRISE   651 AM CDT   SUNSET   803 PM CDT


-  INDICATES NEGATIVE NUMBERS.
R  INDICATES RECORD WAS SET OR TIED.
MM INDICATES DATA IS MISSING.
T  INDICATES TRACE AMOUNT.




$$
