000
CDUS43 KOAX 140703
CLILNK


CLIMATE REPORT
NATIONAL WEATHER SERVICE OMAHA NEBRASKA
103 AM CST SUN FEB 14 2016


...................................

...THE LINCOLN, NEBRASKA CLIMATE SUMMARY FOR FEBRUARY 13 2016...

CLIMATE NORMAL PERIOD 1981 TO 2010
CLIMATE RECORD PERIOD 1887 TO 2016


WEATHER ITEM   OBSERVED TIME   RECORD YEAR NORMAL DEPARTURE LAST
                VALUE   (LST)  VALUE       VALUE  FROM      YEAR
                                                  NORMAL
..................................................................
TEMPERATURE (F)
 YESTERDAY
  MAXIMUM         21    539 PM  69    1967  39    -18       53
                                      1934
  MINIMUM         14    541 AM -26    1905  17     -3       16
  AVERAGE         18                        28    -10       35

PRECIPITATION (IN)
  YESTERDAY        0.00          1.36 1919   0.03  -0.03     0.00
  MONTH TO DATE    0.75                      0.34   0.41     0.82
  SINCE DEC 1      6.00                      1.93   4.07     2.95
  SINCE JAN 1      1.58                      0.98   0.60     1.73

SNOWFALL (IN)
  YESTERDAY        0.0                       0.2   -0.2      0.0
  MONTH TO DATE    7.3                       2.8    4.5     11.5
  SINCE JUL 1     20.5                      16.9    3.6     20.5
  SNOW DEPTH       1

DEGREE DAYS
 HEATING
  YESTERDAY       47                        37     10       30
  MONTH TO DATE  507                       497     10      519
  SINCE DEC 1   2657                      2933   -276     2689
  SINCE JUL 1   3557                      4194   -637     3998

 COOLING
  YESTERDAY        0                         0      0        0
  MONTH TO DATE    0                         0      0        0
  SINCE DEC 1      0                         0      0        0
  SINCE JAN 1      0                         0      0        0
..................................................................


WIND (MPH)
  HIGHEST WIND SPEED    18   HIGHEST WIND DIRECTION    SE (140)
  HIGHEST GUST SPEED    22   HIGHEST GUST DIRECTION    SE (150)
  AVERAGE WIND SPEED    11.0


SKY COVER
  POSSIBLE SUNSHINE  MM
  AVERAGE SKY COVER 1.0


WEATHER CONDITIONS
 THE FOLLOWING WEATHER WAS RECORDED YESTERDAY.
  NO SIGNIFICANT WEATHER WAS OBSERVED.


RELATIVE HUMIDITY (PERCENT)
 HIGHEST    67           700 AM
 LOWEST     51           200 PM
 AVERAGE    59

..........................................................


THE LINCOLN, NEBRASKA CLIMATE NORMALS FOR TODAY
                         NORMAL    RECORD    YEAR
 MAXIMUM TEMPERATURE (F)   40        75      1967
 MINIMUM TEMPERATURE (F)   18       -15      1936


SUNRISE AND SUNSET
FEBRUARY 14 2016......SUNRISE   723 AM CST   SUNSET   600 PM CST
FEBRUARY 15 2016......SUNRISE   722 AM CST   SUNSET   601 PM CST


-  INDICATES NEGATIVE NUMBERS.
R  INDICATES RECORD WAS SET OR TIED.
MM INDICATES DATA IS MISSING.
T  INDICATES TRACE AMOUNT.




$$
