000
CDUS43 KOAX 021013 CCA
CLILNK

CLIMATE REPORT...CORRECTION
NATIONAL WEATHER SERVICE OMAHA NEBRASKA
1251 AM CST MON MAR 2 2015

...CORRECTED SNOW DEPTH FROM ZERO TO A TRACE...


...................................

...THE LINCOLN, NEBRASKA CLIMATE SUMMARY FOR MARCH 1 2015...

CLIMATE NORMAL PERIOD 1981 TO 2010
CLIMATE RECORD PERIOD 1887 TO 2015


WEATHER ITEM   OBSERVED TIME   RECORD YEAR NORMAL DEPARTURE LAST
                VALUE   (LST)  VALUE       VALUE  FROM      YEAR
                                                  NORMAL
..................................................................
TEMPERATURE (F)
 YESTERDAY
  MAXIMUM         42    419 PM  81    1992  45     -3       19
  MINIMUM         18   1015 PM  -6    1890  23     -5        1
  AVERAGE         30                        34     -4       10

PRECIPITATION (IN)
  YESTERDAY        0.00          0.62 1991   0.04  -0.04     0.03
  MONTH TO DATE    0.00                      0.04  -0.04     0.03
  SINCE MAR 1      0.00                      0.04  -0.04     0.03
  SINCE JAN 1      1.84                      1.45   0.39     0.89

SNOWFALL (IN)
  YESTERDAY        0.0                       0.2   -0.2      0.6
  MONTH TO DATE    0.0                       0.2   -0.2      0.6
  SINCE JUL 1     21.4                      19.9    1.5     17.6
  SNOW DEPTH       T

DEGREE DAYS
 HEATING
  YESTERDAY       35                        31      4       55
  MONTH TO DATE   35                        31      4       55
  SINCE MAR 1     35                        31      4       55
  SINCE JUL 1   4722                      4734    -12     5172

 COOLING
  YESTERDAY        0                         0      0        0
  MONTH TO DATE    0                         0      0        0
  SINCE MAR 1      0                         0      0        0
  SINCE JAN 1      0                         0      0        0
..................................................................


WIND (MPH)
  HIGHEST WIND SPEED    13   HIGHEST WIND DIRECTION    NW (330)
  HIGHEST GUST SPEED    15   HIGHEST GUST DIRECTION    NW (330)
  AVERAGE WIND SPEED     4.7


SKY COVER
  POSSIBLE SUNSHINE  MM
  AVERAGE SKY COVER 0.4


WEATHER CONDITIONS
 THE FOLLOWING WEATHER WAS RECORDED YESTERDAY.
  NO SIGNIFICANT WEATHER WAS OBSERVED.


RELATIVE HUMIDITY (PERCENT)
 HIGHEST    84           800 AM
 LOWEST     30           400 PM
 AVERAGE    57

..........................................................


THE LINCOLN, NEBRASKA CLIMATE NORMALS FOR TODAY
                         NORMAL    RECORD    YEAR
 MAXIMUM TEMPERATURE (F)   46        79      1992
                                             1904
 MINIMUM TEMPERATURE (F)   23        -7      1913


SUNRISE AND SUNSET
MARCH  2 2015.........SUNRISE   700 AM CST   SUNSET   619 PM CST
MARCH  3 2015.........SUNRISE   658 AM CST   SUNSET   620 PM CST


-  INDICATES NEGATIVE NUMBERS.
R  INDICATES RECORD WAS SET OR TIED.
MM INDICATES DATA IS MISSING.
T  INDICATES TRACE AMOUNT.




$$

COR BY KLISH
