000
CDUS43 KOAX 230700
CLILNK


CLIMATE REPORT
NATIONAL WEATHER SERVICE OMAHA NEBRASKA
159 AM CDT SAT SEP 23 2017


...................................

...THE LINCOLN, NEBRASKA CLIMATE SUMMARY FOR SEPTEMBER 22 2017...

CLIMATE NORMAL PERIOD 1981 TO 2010
CLIMATE RECORD PERIOD 1887 TO 2017


WEATHER ITEM   OBSERVED TIME   RECORD YEAR NORMAL DEPARTURE LAST
                VALUE   (LST)  VALUE       VALUE  FROM      YEAR
                                                  NORMAL
..................................................................
TEMPERATURE (F)
 YESTERDAY
  MAXIMUM         97    303 PM  99    1937  76     21       93
  MINIMUM         75    611 AM  27    1995  50     25       71
  AVERAGE         86                        63     23       82

PRECIPITATION (IN)
  YESTERDAY        0.00          2.62 2001   0.09  -0.09      T
  MONTH TO DATE    0.46                      2.32  -1.86     3.03
  SINCE SEP 1      0.46                      2.32  -1.86     3.03
  SINCE JAN 1     30.29                     23.90   6.39    24.42

SNOWFALL (IN)
  YESTERDAY        0.0                       0.0    0.0      0.0
  MONTH TO DATE    0.0                       0.0    0.0      0.0
  SINCE JUL 1      0.0                       0.0    0.0      0.0
  SNOW DEPTH       0

DEGREE DAYS
 HEATING
  YESTERDAY        0                         4     -4        0
  MONTH TO DATE   18                        47    -29        9
  SINCE SEP 1     18                        47    -29        9
  SINCE JUL 1     18                        53    -35       10

 COOLING
  YESTERDAY       21                         3     18       17
  MONTH TO DATE  167                       108     59      181
  SINCE SEP 1    167                       108     59      181
  SINCE JAN 1   1197                      1143     54     1410
..................................................................


WIND (MPH)
  HIGHEST WIND SPEED    30   HIGHEST WIND DIRECTION     S (180)
  HIGHEST GUST SPEED    37   HIGHEST GUST DIRECTION     S (180)
  AVERAGE WIND SPEED    18.8


SKY COVER
  POSSIBLE SUNSHINE  MM
  AVERAGE SKY COVER 0.0


WEATHER CONDITIONS
 THE FOLLOWING WEATHER WAS RECORDED YESTERDAY.
  NO SIGNIFICANT WEATHER WAS OBSERVED.


RELATIVE HUMIDITY (PERCENT)
 HIGHEST    82           500 AM
 LOWEST     34           400 PM
 AVERAGE    58

..........................................................


THE LINCOLN, NEBRASKA CLIMATE NORMALS FOR TODAY
                         NORMAL    RECORD    YEAR
 MAXIMUM TEMPERATURE (F)   76        97      1921
 MINIMUM TEMPERATURE (F)   50        31      1989
                                             1983


SUNRISE AND SUNSET
SEPTEMBER 23 2017.....SUNRISE   716 AM CDT   SUNSET   722 PM CDT
SEPTEMBER 24 2017.....SUNRISE   717 AM CDT   SUNSET   720 PM CDT


-  INDICATES NEGATIVE NUMBERS.
R  INDICATES RECORD WAS SET OR TIED.
MM INDICATES DATA IS MISSING.
T  INDICATES TRACE AMOUNT.




$$
