000
CDUS43 KLOT 180636
CLILOT


CLIMATE REPORT
NATIONAL WEATHER SERVICE CHICAGO IL
134 AM CDT THU SEP 18 2014


...................................

...THE ROMEOVILLE  WFO CLIMATE SUMMARY FOR SEPTEMBER 17 2014...

CLIMATE NORMAL PERIOD 1981 TO 2010
CLIMATE RECORD PERIOD 1992 TO 2014


WEATHER ITEM   OBSERVED RECORD YEAR NORMAL DEPARTURE LAST
                VALUE   VALUE       VALUE  FROM      YEAR
                                           NORMAL
...........................................................
TEMPERATURE (F)
 YESTERDAY
  MAXIMUM         71     85    2006  75     -4       71
  MINIMUM         44R    44    1999  54    -10       51
  AVERAGE         58                 65     -7       61

PRECIPITATION (IN)
  YESTERDAY        0.00   0.34 2012   0.09  -0.09     0.00
  MONTH TO DATE    2.84               1.87   0.97     0.99
  SINCE SEP 1      2.84               1.87   0.97     0.99
  SINCE JAN 1     41.50              29.69  11.81    30.31

DEGREE DAYS
 HEATING
  YESTERDAY        7                  3      4
  MONTH TO DATE   84                 26     58
  SINCE SEP 1     84                 26     58
  SINCE JUL 1     96                 34     62

 COOLING
  YESTERDAY        0                  3     -3
  MONTH TO DATE   56                 71    -15
  SINCE SEP 1     56                 71    -15
  SINCE JAN 1    727                824    -97
...........................................................







THE ROMEOVILLE  WFO CLIMATE NORMALS FOR TODAY
                         NORMAL    RECORD    YEAR
 MAXIMUM TEMPERATURE (F)   75        88      2007
                                             2000
 MINIMUM TEMPERATURE (F)   54        43      1995


SUNRISE AND SUNSET
SEPTEMBER 18 2014.....SUNRISE   636 AM CDT   SUNSET   656 PM CDT
SEPTEMBER 19 2014.....SUNRISE   637 AM CDT   SUNSET   655 PM CDT


-  INDICATES NEGATIVE NUMBERS.
R  INDICATES RECORD WAS SET OR TIED.
MM INDICATES DATA IS MISSING.
T  INDICATES TRACE AMOUNT.




$$

BMD
