000
CDUS43 KJKL 170547
CLILOZ

CLIMATE REPORT
NATIONAL WEATHER SERVICE JACKSON KY
1247 AM EST TUE JAN 17 2017


...................................

...THE LONDON KY CLIMATE SUMMARY FOR JANUARY 16 2017...

CLIMATE NORMAL PERIOD 1981 TO 2010
CLIMATE RECORD PERIOD 1954 TO 2017


WEATHER ITEM   OBSERVED TIME   RECORD YEAR NORMAL DEPARTURE LAST
                VALUE   (LST)  VALUE       VALUE  FROM      YEAR
                                                  NORMAL
..................................................................
TEMPERATURE (F)
 YESTERDAY
  MAXIMUM         66    246 PM  67    1974  45     21       46
  MINIMUM         44   1235 AM  -9    1977  26     18       31
  AVERAGE         55                        35     20       39

PRECIPITATION (IN)
  YESTERDAY        0.00          0.52 2013   0.12  -0.12     0.01
  MONTH TO DATE    1.99                      1.83   0.16     0.84
  SINCE DEC 1      8.29                      6.07   2.22     6.29
  SINCE JAN 1      1.99                      1.83   0.16     0.84

SNOWFALL (IN)
  YESTERDAY       MM
  MONTH TO DATE   MM
  SINCE DEC 1     MM
  SINCE JUL 1     MM
  SNOW DEPTH      MM

DEGREE DAYS
 HEATING
  YESTERDAY       10                        30    -20       26
  MONTH TO DATE  388                       476    -88      478
  SINCE DEC 1   1182                      1298   -116      953
  SINCE JUL 1   1773                      2128   -355     1618

COOLING
  YESTERDAY        0                         0      0        0
  MONTH TO DATE    0                         0      0        0
  SINCE DEC 1      0                         1     -1        0
  SINCE JAN 1      0                         0      0        0
..................................................................


WIND (MPH)
  HIGHEST WIND SPEED    14   HIGHEST WIND DIRECTION     S (190)
  HIGHEST GUST SPEED    17   HIGHEST GUST DIRECTION     S (190)
  AVERAGE WIND SPEED     3.0


SKY COVER
  POSSIBLE SUNSHINE  MM
  AVERAGE SKY COVER 0.7


WEATHER CONDITIONS
 THE FOLLOWING WEATHER WAS RECORDED YESTERDAY.
  FOG
  FOG W/VISIBILITY <= 1/4 MILE


RELATIVE HUMIDITY (PERCENT)
 HIGHEST    93           400 AM
 LOWEST     56           300 PM
 AVERAGE    75

..........................................................


THE LONDON KY CLIMATE NORMALS FOR TODAY
                         NORMAL    RECORD    YEAR
 MAXIMUM TEMPERATURE (F)   45        69      1974
 MINIMUM TEMPERATURE (F)   26       -15      1982


SUNRISE AND SUNSET
JANUARY 17 2017.......SUNRISE   748 AM EST   SUNSET   545 PM EST
JANUARY 18 2017.......SUNRISE   748 AM EST   SUNSET   546 PM EST


-  INDICATES NEGATIVE NUMBERS.
R  INDICATES RECORD WAS SET OR TIED.
MM INDICATES DATA IS MISSING.
T  INDICATES TRACE AMOUNT.




$$
