000
CDUS43 KJKL 260546
CLILOZ

CLIMATE REPORT
NATIONAL WEATHER SERVICE JACKSON KY
1244 AM EST WED NOV 26 2014

...................................

...THE LONDON KY CLIMATE SUMMARY FOR NOVEMBER 25 2014...

CLIMATE NORMAL PERIOD 1981 TO 2010
CLIMATE RECORD PERIOD 1954 TO 2014


WEATHER ITEM   OBSERVED TIME   RECORD YEAR NORMAL DEPARTURE LAST
                VALUE   (LST)  VALUE       VALUE  FROM      YEAR
                                                  NORMAL
..................................................................
TEMPERATURE (F)
 YESTERDAY
  MAXIMUM         55    216 PM  74    1987  55      0       44
  MINIMUM         32    800 AM  10    1970  34     -2       23
  AVERAGE         44                        44      0       34

PRECIPITATION (IN)
  YESTERDAY        0.00          0.81 1964   0.14  -0.14     0.09
  MONTH TO DATE    2.82                      3.11  -0.29     1.69
  SINCE SEP 1     12.56                      9.50   3.06     7.85
  SINCE JAN 1        MM                     42.18     MM    48.89

SNOWFALL (IN)
  YESTERDAY       MM
  MONTH TO DATE   MM
  SINCE SEP 1     MM
  SINCE JUL 1     MM
  SNOW DEPTH      MM

DEGREE DAYS
 HEATING
  YESTERDAY       21                        21      0       31
  MONTH TO DATE  585                       417    168      463
  SINCE SEP 1    830                       722    108      707
  SINCE JUL 1    830                       723    107      707

 COOLING
  YESTERDAY        0                         0      0        0
  MONTH TO DATE    0                         0      0        0
  SINCE SEP 1    193                       164     29      191
  SINCE JAN 1     MM                      1188     MM     1083
..................................................................


WIND (MPH)
  HIGHEST WIND SPEED    13   HIGHEST WIND DIRECTION     W (250)
  HIGHEST GUST SPEED    16   HIGHEST GUST DIRECTION     W (260)
  AVERAGE WIND SPEED     4.4


SKY COVER
  POSSIBLE SUNSHINE  MM
  AVERAGE SKY COVER 0.0


WEATHER CONDITIONS
 THE FOLLOWING WEATHER WAS RECORDED YESTERDAY.
  NO SIGNIFICANT WEATHER WAS OBSERVED.


RELATIVE HUMIDITY (PERCENT)
 HIGHEST    82           700 AM
 LOWEST     32           300 PM
 AVERAGE    57

..........................................................


THE LONDON KY CLIMATE NORMALS FOR TODAY
                         NORMAL    RECORD    YEAR
 MAXIMUM TEMPERATURE (F)   54        71      2006
                                             1990
 MINIMUM TEMPERATURE (F)   34        15      1991


SUNRISE AND SUNSET
NOVEMBER 26 2014......SUNRISE   726 AM EST   SUNSET   521 PM EST
NOVEMBER 27 2014......SUNRISE   727 AM EST   SUNSET   520 PM EST


-  INDICATES NEGATIVE NUMBERS.
R  INDICATES RECORD WAS SET OR TIED.
MM INDICATES DATA IS MISSING.
T  INDICATES TRACE AMOUNT.




$$
