147
CDUS44 KCRP 171136 CCA
CLILRD

CLIMATE REPORT
NATIONAL WEATHER SERVICE CORPUS CHRISTI TX
535 AM CST WED JAN 17 2018

...................................

...THE LAREDO CLIMATE SUMMARY FOR JANUARY 16 2018...

CLIMATE NORMAL PERIOD 1981 TO 2010
CLIMATE RECORD PERIOD 1900 TO 2018


WEATHER ITEM   OBSERVED TIME   RECORD YEAR NORMAL DEPARTURE LAST
                VALUE   (LST)  VALUE       VALUE  FROM      YEAR
                                                  NORMAL
..................................................................
TEMPERATURE (F)
 YESTERDAY
  MAXIMUM         60        MM  92    1943  67     -7       75
  MINIMUM         31        MM  24    1905  46    -15       66
  AVERAGE         46                        56    -10       71

PRECIPITATION (IN)
  YESTERDAY        0.09          0.54 1919   0.03   0.06     0.00
  MONTH TO DATE    0.10                      0.47  -0.37      T
  SINCE DEC 1      2.79                      1.35   1.44     1.62
  SINCE JAN 1      0.10                      0.47  -0.37      T

SNOWFALL (IN)
  YESTERDAY        T
  MONTH TO DATE    T
  SINCE DEC 1      1.3
  SINCE JUL 1      1.3

DEGREE DAYS
 HEATING
  YESTERDAY       19                        10      9        0
  MONTH TO DATE  200                       160     40       89
  SINCE DEC 1    513                       435     78      268
  SINCE JUL 1    582                       550     32      285

 COOLING
  YESTERDAY        0                         1     -1        6
  MONTH TO DATE    1                        16    -15       74
  SINCE DEC 1     44                        51     -7      137
  SINCE JAN 1      1                        16    -15       74
..................................................................


WIND (MPH)
  HIGHEST WIND SPEED    MM   HIGHEST WIND DIRECTION    MM
  HIGHEST GUST SPEED    MM   HIGHEST GUST DIRECTION    MM
  AVERAGE WIND SPEED    MM


SKY COVER
  POSSIBLE SUNSHINE  MM
  AVERAGE SKY COVER 0.9


WEATHER CONDITIONS
 THE FOLLOWING WEATHER WAS RECORDED YESTERDAY.
  RAIN
  LIGHT RAIN
  FREEZING RAIN
  SLEET
  FOG


RELATIVE HUMIDITY (PERCENT)
 HIGHEST    92           600 AM
 LOWEST     56          1000 PM

..........................................................


THE LAREDO CLIMATE NORMALS FOR TODAY
                         NORMAL    RECORD    YEAR
 MAXIMUM TEMPERATURE (F)   67        98      1936
 MINIMUM TEMPERATURE (F)   46        25      1982


SUNRISE AND SUNSET
JANUARY 17 2018.......SUNRISE   729 AM CST   SUNSET   607 PM CST
JANUARY 18 2018.......SUNRISE   729 AM CST   SUNSET   608 PM CST


-  INDICATES NEGATIVE NUMBERS.
R  INDICATES RECORD WAS SET OR TIED.
MM INDICATES DATA IS MISSING.
T  INDICATES TRACE AMOUNT.




$$
