000
CDUS44 KCRP 210921
CLILRD

CLIMATE REPORT
NATIONAL WEATHER SERVICE CORPUS CHRISTI TX
320 AM CST SUN DEC 21 2014

...................................

...THE LAREDO CLIMATE SUMMARY FOR DECEMBER 20 2014...

CLIMATE NORMAL PERIOD 1981 TO 2010
CLIMATE RECORD PERIOD 1900 TO 2014


WEATHER ITEM   OBSERVED TIME   RECORD YEAR NORMAL DEPARTURE LAST
                VALUE   (LST)  VALUE       VALUE  FROM      YEAR
                                                  NORMAL
..................................................................
TEMPERATURE (F)
 YESTERDAY
  MAXIMUM         54    410 PM  89    2010  67    -13       83
  MINIMUM         49    232 AM  27    1924  46      3       62
  AVERAGE         52                        56     -4       73

PRECIPITATION (IN)
  YESTERDAY        0.00          1.07 1940   0.03  -0.03     0.00
  MONTH TO DATE    0.14                      0.53  -0.39     0.01
  SINCE DEC 1      0.14                      0.53  -0.39     0.01
  SINCE JAN 1     15.81                     19.85  -4.04    20.41

SNOWFALL (IN)
  YESTERDAY        0.0
  MONTH TO DATE    0.0
  SINCE DEC 1      0.0
  SINCE JUL 1      0.0

DEGREE DAYS
 HEATING
  YESTERDAY       13                        10      3        0
  MONTH TO DATE   65                       165   -100      183
  SINCE DEC 1     65                       165   -100      183
  SINCE JUL 1    223                       280    -57      348

 COOLING
  YESTERDAY        0                         1     -1        8
  MONTH TO DATE   33                        24      9       34
  SINCE DEC 1     33                        24      9       34
  SINCE JAN 1   4508                      4279    229     4516
..................................................................


WIND (MPH)
  HIGHEST WIND SPEED    14   HIGHEST WIND DIRECTION    NE (30)
  HIGHEST GUST SPEED    16   HIGHEST GUST DIRECTION    NE (40)
  AVERAGE WIND SPEED     6.4


SKY COVER
  POSSIBLE SUNSHINE  MM
  AVERAGE SKY COVER 1.0


WEATHER CONDITIONS
 THE FOLLOWING WEATHER WAS RECORDED YESTERDAY.
  FOG


RELATIVE HUMIDITY (PERCENT)
 HIGHEST    89           700 AM
 LOWEST     77           100 PM

..........................................................


THE LAREDO CLIMATE NORMALS FOR TODAY
                         NORMAL    RECORD    YEAR
 MAXIMUM TEMPERATURE (F)   67        88      1981
 MINIMUM TEMPERATURE (F)   46        16      1973


SUNRISE AND SUNSET
DECEMBER 21 2014......SUNRISE   724 AM CST   SUNSET   548 PM CST
DECEMBER 22 2014......SUNRISE   724 AM CST   SUNSET   549 PM CST


-  INDICATES NEGATIVE NUMBERS.
R  INDICATES RECORD WAS SET OR TIED.
MM INDICATES DATA IS MISSING.
T  INDICATES TRACE AMOUNT.

$$
