000
CDUS44 KCRP 200905
CLILRD

CLIMATE REPORT
NATIONAL WEATHER SERVICE CORPUS CHRISTI TX
402 AM CDT SAT SEP 20 2014


...................................

...THE LAREDO CLIMATE SUMMARY FOR SEPTEMBER 19 2014...

CLIMATE NORMAL PERIOD 1981 TO 2010
CLIMATE RECORD PERIOD 1900 TO 2014


WEATHER ITEM   OBSERVED TIME   RECORD YEAR NORMAL DEPARTURE LAST
                VALUE   (LST)  VALUE       VALUE  FROM      YEAR
                                                  NORMAL
..................................................................
TEMPERATURE (F)
 YESTERDAY
  MAXIMUM         96    351 PM 105    1912  92      4       93
  MINIMUM         78    448 AM  51    1981  72      6       75
  AVERAGE         87                        82      5       84

PRECIPITATION (IN)
  YESTERDAY        0.00          2.10 1905   0.09  -0.09     0.00
  MONTH TO DATE    1.79                      1.98  -0.19     1.58
  SINCE SEP 1      1.79                      1.98  -0.19     1.58
  SINCE JAN 1      9.37                     14.97  -5.60    14.45

SNOWFALL (IN)
  YESTERDAY        0.0
  MONTH TO DATE    0.0
  SINCE SEP 1      0.0
  SINCE JUL 1      0.0

DEGREE DAYS
 HEATING
  YESTERDAY        0                         0      0        0
  MONTH TO DATE    0                         0      0        0
  SINCE SEP 1      0                         0      0        0
  SINCE JUL 1      0                         0      0        0

 COOLING
  YESTERDAY       22                        17      5       19
  MONTH TO DATE  380                       368     12      371
  SINCE SEP 1    380                       368     12      371
  SINCE JAN 1   3813                      3611    202     3776
..................................................................


WIND (MPH)
  HIGHEST WIND SPEED    18   HIGHEST WIND DIRECTION     E (110)
  HIGHEST GUST SPEED    24   HIGHEST GUST DIRECTION     E (100)
  AVERAGE WIND SPEED     8.0


SKY COVER
  POSSIBLE SUNSHINE  MM
  AVERAGE SKY COVER 0.5


WEATHER CONDITIONS
 THE FOLLOWING WEATHER WAS RECORDED YESTERDAY.
  FOG


RELATIVE HUMIDITY (PERCENT)
 HIGHEST    97           500 AM
 LOWEST     45           400 PM

..........................................................


THE LAREDO CLIMATE NORMALS FOR TODAY
                         NORMAL    RECORD    YEAR
 MAXIMUM TEMPERATURE (F)   92       106      1932
 MINIMUM TEMPERATURE (F)   72        53      1913


SUNRISE AND SUNSET
SEPTEMBER 20 2014.....SUNRISE   725 AM CDT   SUNSET   737 PM CDT
SEPTEMBER 21 2014.....SUNRISE   726 AM CDT   SUNSET   735 PM CDT


-  INDICATES NEGATIVE NUMBERS.
R  INDICATES RECORD WAS SET OR TIED.
MM INDICATES DATA IS MISSING.
T  INDICATES TRACE AMOUNT.




$$
