000
CDUS44 KCRP 270909
CLILRD

CLIMATE REPORT
NATIONAL WEATHER SERVICE CORPUS CHRISTI TX
304 AM CST TUE JAN 27 2015

...................................

...THE LAREDO CLIMATE SUMMARY FOR JANUARY 26 2015...

CLIMATE NORMAL PERIOD 1981 TO 2010
CLIMATE RECORD PERIOD 1900 TO 2015


WEATHER ITEM   OBSERVED TIME   RECORD YEAR NORMAL DEPARTURE LAST
                VALUE   (LST)  VALUE       VALUE  FROM      YEAR
                                                  NORMAL
..................................................................
TEMPERATURE (F)
 YESTERDAY
  MAXIMUM         75        MM  95    1975  68      7       81
  MINIMUM         42        MM  26    1978  47     -5       43
  AVERAGE         59                        58      1       62

PRECIPITATION (IN)
  YESTERDAY        0.00          0.83 1992   0.03  -0.03     0.00
  MONTH TO DATE    0.58                      0.76  -0.18     0.08
  SINCE DEC 1      1.53                      1.64  -0.11     1.31
  SINCE JAN 1      0.58                      0.76  -0.18     0.08

SNOWFALL (IN)
  YESTERDAY        0.0
  MONTH TO DATE    0.0
  SINCE DEC 1      0.0
  SINCE JUL 1      0.0

DEGREE DAYS
 HEATING
  YESTERDAY        6                         9     -3        3
  MONTH TO DATE  376                       250    126      249
  SINCE DEC 1    556                       525     31      561
  SINCE JUL 1    714                       640     74      726

 COOLING
  YESTERDAY        0                         1     -1        0
  MONTH TO DATE    1                        26    -25        8
  SINCE DEC 1     37                        61    -24       45
  SINCE JAN 1      1                        26    -25        8
..................................................................


WIND (MPH)
  HIGHEST WIND SPEED    MM   HIGHEST WIND DIRECTION    MM
  HIGHEST GUST SPEED    MM   HIGHEST GUST DIRECTION    MM
  AVERAGE WIND SPEED    MM


SKY COVER
  POSSIBLE SUNSHINE  MM
  AVERAGE SKY COVER 0.0


WEATHER CONDITIONS
 THE FOLLOWING WEATHER WAS RECORDED YESTERDAY.
  NO SIGNIFICANT WEATHER WAS OBSERVED.


RELATIVE HUMIDITY (PERCENT)
 HIGHEST    MM
 LOWEST     MM

..........................................................


THE LAREDO CLIMATE NORMALS FOR TODAY
                         NORMAL    RECORD    YEAR
 MAXIMUM TEMPERATURE (F)   68        96      1918
 MINIMUM TEMPERATURE (F)   47        23      1976


SUNRISE AND SUNSET
JANUARY 27 2015.......SUNRISE   727 AM CST   SUNSET   615 PM CST
JANUARY 28 2015.......SUNRISE   726 AM CST   SUNSET   616 PM CST


-  INDICATES NEGATIVE NUMBERS.
R  INDICATES RECORD WAS SET OR TIED.
MM INDICATES DATA IS MISSING.
T  INDICATES TRACE AMOUNT.


$$

87
