000
CDUS44 KCRP 182158
CLILRD

CLIMATE REPORT
NATIONAL WEATHER SERVICE CORPUS CHRISTI TX
456 PM CDT FRI APR 18 2014


...................................

...THE LAREDO CLIMATE SUMMARY FOR APRIL 18 2014...
VALID TODAY AS OF 0400 PM LOCAL TIME.

CLIMATE NORMAL PERIOD 1981 TO 2010
CLIMATE RECORD PERIOD 1900 TO 2014


WEATHER ITEM   OBSERVED TIME   RECORD YEAR NORMAL DEPARTURE LAST
                VALUE   (LST)  VALUE       VALUE  FROM      YEAR
                                                  NORMAL
..................................................................
TEMPERATURE (F)
 TODAY
  MAXIMUM         83    446 PM 108    1975  88     -5       87
                                      1975
  MINIMUM         66    915 AM  41    1921  65      1       64
  AVERAGE         75                        77     -2       76

PRECIPITATION (IN)
  TODAY            0.00          0.89 1981   0.05  -0.05      T
  MONTH TO DATE    0.03                      0.72  -0.69     0.01
  SINCE MAR 1      1.11                      1.84  -0.73     0.01
  SINCE JAN 1      1.32                      3.68  -2.36     0.76

SNOWFALL (IN)
  TODAY            0.0
  MONTH TO DATE    0.0
  SINCE MAR 1      0.0
  SINCE JUL 1      0.0

DEGREE DAYS
 HEATING
  TODAY            0                         0      0        0
  MONTH TO DATE    5                        12     -7        0
  SINCE MAR 1    104                        81     23       37
  SINCE JUL 1   1095                       925    170      513

 COOLING
  TODAY           10                        12     -2       11
  MONTH TO DATE  187                       185      2      227
  SINCE MAR 1    323                       358    -35      442
  SINCE JAN 1    435                       443     -8      596
..................................................................


WIND (MPH)
  HIGHEST WIND SPEED    16   HIGHEST WIND DIRECTION     E (70)
  HIGHEST GUST SPEED    20   HIGHEST GUST DIRECTION     E (90)


SKY COVER
  POSSIBLE SUNSHINE  MM
  AVERAGE SKY COVER 0.9


WEATHER CONDITIONS
 THE FOLLOWING WEATHER WAS RECORDED TODAY.
  NO SIGNIFICANT WEATHER WAS OBSERVED.


RELATIVE HUMIDITY (PERCENT)
 HIGHEST    87           500 AM
 LOWEST     50           200 PM
 AVERAGE    69

..........................................................


THE LAREDO CLIMATE NORMALS FOR TOMORROW
                         NORMAL    RECORD    YEAR
 MAXIMUM TEMPERATURE (F)   88       106      2011
 MINIMUM TEMPERATURE (F)   65        43      1921


SUNRISE AND SUNSET
APRIL 18 2014.........SUNRISE   710 AM CDT   SUNSET   804 PM CDT
APRIL 19 2014.........SUNRISE   709 AM CDT   SUNSET   805 PM CDT


-  INDICATES NEGATIVE NUMBERS.
R  INDICATES RECORD WAS SET OR TIED.
MM INDICATES DATA IS MISSING.
T  INDICATES TRACE AMOUNT.




$$
