000
CDUS44 KCRP 260656 RRA
CLILRD

CLIMATE REPORT
NATIONAL WEATHER SERVICE CORPUS CHRISTI TX
156 AM CDT FRI AUG 26 2016


...THE LAREDO CLIMATE SUMMARY FOR AUGUST 25 2016...

CLIMATE NORMAL PERIOD 1981 TO 2010
CLIMATE RECORD PERIOD 1900 TO 2016


WEATHER ITEM   OBSERVED TIME   RECORD YEAR NORMAL DEPARTURE LAST
                VALUE   (LST)  VALUE       VALUE  FROM      YEAR
                                                  NORMAL
..................................................................
TEMPERATURE (F)
 YESTERDAY
  MAXIMUM         98    330 PM 109    1935  99     -1      104
                                      1998
  MINIMUM         75    556 AM  62    1973  77     -2       77
  AVERAGE         87                        88     -1       91

PRECIPITATION (IN)
  YESTERDAY        0.00          0.97 1968   0.08  -0.08     0.00
  MONTH TO DATE    2.85                      1.31   1.54     0.03
  SINCE JUN 1      6.11                      5.55   0.56     1.29
  SINCE JAN 1     16.62                     12.42   4.20    19.99

SNOWFALL (IN)
  YESTERDAY        0.0
  MONTH TO DATE    0.0
  SINCE JUN 1      0.0
  SINCE JUL 1      0.0

DEGREE DAYS
 HEATING
  YESTERDAY        0                         0      0        0
  MONTH TO DATE    0                         0      0        0
  SINCE JUN 1      0                         0      0        0
  SINCE JUL 1      0                         0      0        0

 COOLING
  YESTERDAY       22                        23     -1       26
  MONTH TO DATE  594                       595     -1      650
  SINCE JUN 1   2034                      1968     66     2009
  SINCE JAN 1   3298                      3111    187     2951
..................................................................


WIND (MPH)
  HIGHEST WIND SPEED    17   HIGHEST WIND DIRECTION     E (100)
  HIGHEST GUST SPEED    25   HIGHEST GUST DIRECTION     E (110)
  AVERAGE WIND SPEED    10.8


SKY COVER
  POSSIBLE SUNSHINE  MM
  AVERAGE SKY COVER 0.0


WEATHER CONDITIONS
 THE FOLLOWING WEATHER WAS RECORDED YESTERDAY.
  NO SIGNIFICANT WEATHER WAS OBSERVED.


RELATIVE HUMIDITY (PERCENT)
 HIGHEST    94           400 AM
 LOWEST     33           400 PM

..........................................................


THE LAREDO CLIMATE NORMALS FOR TODAY
                         NORMAL    RECORD    YEAR
 MAXIMUM TEMPERATURE (F)   99       108      1935
 MINIMUM TEMPERATURE (F)   77        62      1973


SUNRISE AND SUNSET
AUGUST 26 2016........SUNRISE   714 AM CDT   SUNSET   804 PM CDT
AUGUST 27 2016........SUNRISE   715 AM CDT   SUNSET   803 PM CDT


-  INDICATES NEGATIVE NUMBERS.
R  INDICATES RECORD WAS SET OR TIED.
MM INDICATES DATA IS MISSING.
T  INDICATES TRACE AMOUNT.

$$

TMT
