000
CDUS44 KCRP 280746 RRA
CLILRD

CLIMATE REPORT
NATIONAL WEATHER SERVICE CORPUS CHRISTI TX
243 AM CDT WED SEP 28 2016


...................................

...THE LAREDO CLIMATE SUMMARY FOR SEPTEMBER 27 2016...

CLIMATE NORMAL PERIOD 1981 TO 2010
CLIMATE RECORD PERIOD 1900 TO 2016


WEATHER ITEM   OBSERVED TIME   RECORD YEAR NORMAL DEPARTURE LAST
                VALUE   (LST)  VALUE       VALUE  FROM      YEAR
                                                  NORMAL
..................................................................
TEMPERATURE (F)
 YESTERDAY
  MAXIMUM         75        MM 105    2005  91    -16       94
  MINIMUM         67        MM  47    1942  70     -3       65
  AVERAGE         71                        80     -9       80

PRECIPITATION (IN)
  YESTERDAY        T             2.80 1973   0.09  -0.09     0.00
  MONTH TO DATE    5.05                      2.67   2.38     1.19
  SINCE SEP 1      5.05                      2.67   2.38     1.19
  SINCE JAN 1     22.13                     15.66   6.47    21.18

SNOWFALL (IN)
  YESTERDAY        0.0
  MONTH TO DATE    0.0
  SINCE SEP 1      0.0
  SINCE JUL 1      0.0

DEGREE DAYS
 HEATING
  YESTERDAY        0                         0      0        0
  MONTH TO DATE    0                         0      0        0
  SINCE SEP 1      0                         0      0        0
  SINCE JUL 1      0                         0      0        0

 COOLING
  YESTERDAY        6                        15     -9       15
  MONTH TO DATE  581                       496     85      572
  SINCE SEP 1    581                       496     85      572
  SINCE JAN 1   4000                      3739    261     3661
..................................................................


WIND (MPH)
  HIGHEST WIND SPEED    12   HIGHEST WIND DIRECTION     W (290)
  HIGHEST GUST SPEED    MM   HIGHEST GUST DIRECTION    MM
  AVERAGE WIND SPEED     8.9


SKY COVER
  POSSIBLE SUNSHINE  MM
  AVERAGE SKY COVER 0.8


WEATHER CONDITIONS
 THE FOLLOWING WEATHER WAS RECORDED YESTERDAY.
  LIGHT RAIN
  FOG


RELATIVE HUMIDITY (PERCENT)
 HIGHEST    93           400 AM
 LOWEST     73           300 PM

..........................................................


THE LAREDO CLIMATE NORMALS FOR TODAY
                         NORMAL    RECORD    YEAR
 MAXIMUM TEMPERATURE (F)   90       107      2005
 MINIMUM TEMPERATURE (F)   70        46      1942


SUNRISE AND SUNSET
SEPTEMBER 28 2016.....SUNRISE   729 AM CDT   SUNSET   727 PM CDT
SEPTEMBER 29 2016.....SUNRISE   730 AM CDT   SUNSET   726 PM CDT


-  INDICATES NEGATIVE NUMBERS.
R  INDICATES RECORD WAS SET OR TIED.
MM INDICATES DATA IS MISSING.
T  INDICATES TRACE AMOUNT.

$$

GW
