000
CDUS44 KCRP 232133 RRB
CLILRD

CLIMATE REPORT
NATIONAL WEATHER SERVICE CORPUS CHRISTI TX
430 PM CDT MON OCT 23 2017

...................................

...THE LAREDO CLIMATE SUMMARY FOR OCTOBER 23 2017...
VALID AS OF 430 PM LOCAL TIME.

CLIMATE NORMAL PERIOD 1981 TO 2010
CLIMATE RECORD PERIOD 1900 TO 2017


WEATHER ITEM   OBSERVED TIME   RECORD YEAR NORMAL DEPARTURE LAST
                VALUE   (LST)  VALUE       VALUE  FROM      YEAR
                                                  NORMAL
..................................................................
TEMPERATURE (F)
 TODAY
  MAXIMUM         86    300 PM  97    1994  85      1       87
  MINIMUM         58    630 AM  40    1996  64     -6       63
  AVERAGE         72                        74     -2       75

PRECIPITATION (IN)
  TODAY            0.00          1.82 1930   0.07  -0.07     0.00
  MONTH TO DATE    0.29                      1.80  -1.51     0.08
  SINCE SEP 1      9.06                      4.73   4.33     5.13
  SINCE JAN 1     21.65                     17.72   3.93    22.21

SNOWFALL (IN)
  TODAY            0.0
  MONTH TO DATE    0.0
  SINCE SEP 1      0.0
  SINCE JUL 1      0.0
  SNOW DEPTH       0

DEGREE DAYS
 HEATING
  TODAY            0                         0      0        0
  MONTH TO DATE    0                         0      0        0
  SINCE SEP 1      0                         1     -1        0
  SINCE JUL 1      0                         1     -1        0

 COOLING
  TODAY            7                        10     -3       10
  MONTH TO DATE  304                       277     27      357
  SINCE SEP 1    897                       819     78      978
  SINCE JAN 1   4622                      4062    560     4397
..................................................................


WIND (MPH)
  HIGHEST WIND SPEED     9   HIGHEST WIND DIRECTION    SE (140)
  HIGHEST GUST SPEED    MM   HIGHEST GUST DIRECTION    MM


SKY COVER
  POSSIBLE SUNSHINE  MM
  AVERAGE SKY COVER 0.0


WEATHER CONDITIONS
 THE FOLLOWING WEATHER WAS RECORDED TODAY.
  NO SIGNIFICANT WEATHER WAS OBSERVED.


RELATIVE HUMIDITY (PERCENT)
 HIGHEST    90           500 AM
 LOWEST     34           100 PM
 AVERAGE    62

..........................................................


THE LAREDO CLIMATE NORMALS FOR TOMORROW
                         NORMAL    RECORD    YEAR
 MAXIMUM TEMPERATURE (F)   84       100      2001
 MINIMUM TEMPERATURE (F)   63        36      1908


SUNRISE AND SUNSET
OCTOBER 23 2017.......SUNRISE   743 AM CDT   SUNSET   701 PM CDT
OCTOBER 24 2017.......SUNRISE   743 AM CDT   SUNSET   700 PM CDT


-  INDICATES NEGATIVE NUMBERS.
R  INDICATES RECORD WAS SET OR TIED.
MM INDICATES DATA IS MISSING.
T  INDICATES TRACE AMOUNT.




$$
