000
CDUS43 KARX 260646
CLILSE


CLIMATE REPORT
NATIONAL WEATHER SERVICE LA CROSSE WI
1245 AM CST SUN FEB 26 2017


...................................

...THE LA CROSSE WI CLIMATE SUMMARY FOR FEBRUARY 25 2017...

CLIMATE NORMAL PERIOD 1981 TO 2010
CLIMATE RECORD PERIOD 1873 TO 2017


WEATHER ITEM   OBSERVED TIME   RECORD YEAR NORMAL DEPARTURE LAST
                VALUE   (LST)  VALUE       VALUE  FROM      YEAR
                                                  NORMAL
..................................................................
TEMPERATURE (F)
 YESTERDAY
  MAXIMUM         29    337 PM  62    2000  35     -6       38
  MINIMUM         16    712 AM -21    1967  17     -1       30
  AVERAGE         23                        26     -3       34

PRECIPITATION (IN)
  YESTERDAY        T             0.83 1951   0.04  -0.04     0.00
  MONTH TO DATE    1.15                      0.91   0.24     0.78
  SINCE DEC 1      6.03                      3.39   2.64     6.58
  SINCE JAN 1      3.84                      2.03   1.81     1.65

SNOWFALL (IN)
  YESTERDAY        T             8.0  2007   0.3   -0.3      0.0
  MONTH TO DATE    3.9                       7.4   -3.5     10.8
  SINCE JUL 1     34.2                      33.7    0.5     27.4
  SNOW DEPTH       3

DEGREE DAYS
 HEATING
  YESTERDAY       42                        39      3       31
  MONTH TO DATE  798                      1077   -279     1033
  SINCE JUL 1   4195                      5396  -1201     4472

 COOLING
  YESTERDAY        0                         0      0        0
  MONTH TO DATE    0                         0      0        0
  SINCE JAN 1      0                         0      0        0
..................................................................


WIND (MPH)
  HIGHEST WIND SPEED    26   HIGHEST WIND DIRECTION    NW (320)
  HIGHEST GUST SPEED    34   HIGHEST GUST DIRECTION    NW (310)
  AVERAGE WIND SPEED    14.8


SKY COVER
  POSSIBLE SUNSHINE  MM
  AVERAGE SKY COVER 0.4


WEATHER CONDITIONS
 THE FOLLOWING WEATHER WAS RECORDED YESTERDAY.
  LIGHT SNOW


RELATIVE HUMIDITY (PERCENT)
 HIGHEST    77           200 AM
 LOWEST     46           300 PM
 AVERAGE    62

..........................................................


THE LA CROSSE WI CLIMATE NORMALS FOR TODAY
                         NORMAL    RECORD    YEAR
 MAXIMUM TEMPERATURE (F)   35        61      1976
 MINIMUM TEMPERATURE (F)   18       -11      1994
                                             1963
                                             1879


SUNRISE AND SUNSET
FEBRUARY 26 2017......SUNRISE   646 AM CST   SUNSET   550 PM CST
FEBRUARY 27 2017......SUNRISE   645 AM CST   SUNSET   551 PM CST


-  INDICATES NEGATIVE NUMBERS.
R  INDICATES RECORD WAS SET OR TIED.
MM INDICATES DATA IS MISSING.
T  INDICATES TRACE AMOUNT.




$$
