000
CDUS43 KARX 240638
CLILSE


CLIMATE REPORT
NATIONAL WEATHER SERVICE LA CROSSE WI
137 AM CDT THU AUG 24 2017


...................................

...THE LA CROSSE WI CLIMATE SUMMARY FOR AUGUST 23 2017...

CLIMATE NORMAL PERIOD 1981 TO 2010
CLIMATE RECORD PERIOD 1873 TO 2017


WEATHER ITEM   OBSERVED TIME   RECORD YEAR NORMAL DEPARTURE LAST
                VALUE   (LST)  VALUE       VALUE  FROM      YEAR
                                                  NORMAL
..................................................................
TEMPERATURE (F)
 YESTERDAY
  MAXIMUM         78    411 PM 101    1948  81     -3       85
  MINIMUM         54    440 AM  43    1891  61     -7       67
                                      1890
  AVERAGE         66                        71     -5       76

PRECIPITATION (IN)
  YESTERDAY        0.00          1.73 1895   0.13  -0.13     0.54
  MONTH TO DATE    1.04                      3.26  -2.22     5.93
  SINCE JUN 1     14.05                     11.86   2.19    17.81
  SINCE JAN 1     31.74                     22.93   8.81    28.29

SNOWFALL (IN)
  YESTERDAY        0.0           0.0  2002   0.0    0.0      0.0
                                      2001
  MONTH TO DATE    0.0                       0.0    0.0      0.0
  SINCE JUL 1      0.0                       0.0    0.0      0.0
  SNOW DEPTH       0

DEGREE DAYS
 HEATING
  YESTERDAY        0                         1     -1        0
  MONTH TO DATE    0                         3     -3        0
  SINCE JUL 1      0                         8     -8        0

 COOLING
  YESTERDAY        1                         6     -5       11
  MONTH TO DATE  161                       170     -9      237
  SINCE JAN 1    784                       657    127      853
..................................................................


WIND (MPH)
  HIGHEST WIND SPEED    16   HIGHEST WIND DIRECTION    NW (300)
  HIGHEST GUST SPEED    19   HIGHEST GUST DIRECTION     W (290)
  AVERAGE WIND SPEED     5.5


SKY COVER
  POSSIBLE SUNSHINE  MM
  AVERAGE SKY COVER 0.1


WEATHER CONDITIONS
 THE FOLLOWING WEATHER WAS RECORDED YESTERDAY.
  NO SIGNIFICANT WEATHER WAS OBSERVED.


RELATIVE HUMIDITY (PERCENT)
 HIGHEST    93           400 AM
 LOWEST     39           200 PM
 AVERAGE    66

..........................................................


THE LA CROSSE WI CLIMATE NORMALS FOR TODAY
                         NORMAL    RECORD    YEAR
 MAXIMUM TEMPERATURE (F)   81       102      1948
 MINIMUM TEMPERATURE (F)   61        41      1934
                                             1891


SUNRISE AND SUNSET
AUGUST 24 2017........SUNRISE   620 AM CDT   SUNSET   754 PM CDT
AUGUST 25 2017........SUNRISE   621 AM CDT   SUNSET   752 PM CDT


-  INDICATES NEGATIVE NUMBERS.
R  INDICATES RECORD WAS SET OR TIED.
MM INDICATES DATA IS MISSING.
T  INDICATES TRACE AMOUNT.




$$
