000
CDUS46 KMTR 240827
CLILVK


CLIMATE REPORT
NATIONAL WEATHER SERVICE SAN FRANCISCO BAY AREA
1227 AM PST FRI NOV 24 2017


...................................

...THE LIVERMORE AIRPORT CLIMATE SUMMARY FOR NOVEMBER 23 2017...

CLIMATE NORMAL PERIOD 1981 TO 2010
CLIMATE RECORD PERIOD 1930 TO 2017


WEATHER ITEM   OBSERVED TIME   RECORD YEAR NORMAL DEPARTURE LAST
                VALUE   (LST)  VALUE       VALUE  FROM      YEAR
                                                  NORMAL
..................................................................
TEMPERATURE (F)
 YESTERDAY
  MAXIMUM         73   1228 PM  78    1959  61     12       61
  MINIMUM         51    722 AM  25    1947  41     10       37
  AVERAGE         62                        51     11       49

PRECIPITATION (IN)
  YESTERDAY        0.00          0.88 1988   0.06  -0.06     0.03
  MONTH TO DATE    1.50                      1.54  -0.04     0.54
  SINCE OCT 1      1.63                      2.46  -0.83     3.80
  SINCE JAN 1     20.69                     12.59   8.10    14.18

DEGREE DAYS
 HEATING
  YESTERDAY        3                        14    -11       16
  MONTH TO DATE  207                       238    -31      167
  SINCE SEP 1    295                       359    -64      252
  SINCE JUL 1    295                       366    -71      252

 COOLING
  YESTERDAY        0                         0      0        0
  MONTH TO DATE    0                         0      0        0
  SINCE SEP 1    288                       204     84      189
  SINCE JAN 1   1149                       829    320      955
..................................................................


WIND (MPH)
  RESULTANT WIND SPEED   1   RESULTANT WIND DIRECTION  SW (220)
  HIGHEST WIND SPEED     8   HIGHEST WIND DIRECTION     W (270)
  HIGHEST GUST SPEED     9   HIGHEST GUST DIRECTION     W (270)
  AVERAGE WIND SPEED     1.4


SKY COVER
  POSSIBLE SUNSHINE  MM
  AVERAGE SKY COVER 0.0


WEATHER CONDITIONS
 THE FOLLOWING WEATHER WAS RECORDED YESTERDAY.
  FOG


RELATIVE HUMIDITY (PERCENT)
 HIGHEST   100           200 AM
 LOWEST     57           100 PM
 AVERAGE    79

..........................................................


THE LIVERMORE AIRPORT CLIMATE NORMALS FOR TODAY
                         NORMAL    RECORD    YEAR
 MAXIMUM TEMPERATURE (F)   61        76      1959
 MINIMUM TEMPERATURE (F)   41        28      1947


SUNRISE AND SUNSET
NOVEMBER 24 2017......SUNRISE   657 AM PST   SUNSET   451 PM PST
NOVEMBER 25 2017......SUNRISE   658 AM PST   SUNSET   450 PM PST


-  INDICATES NEGATIVE NUMBERS.
R  INDICATES RECORD WAS SET OR TIED.
MM INDICATES DATA IS MISSING.
T  INDICATES TRACE AMOUNT.




$$
