000
CDUS46 KMTR 230829
CLILVK


CLIMATE REPORT
NATIONAL WEATHER SERVICE SAN FRANCISCO BAY AREA
1229 AM PST SUN NOV 23 2014


...................................

...THE LIVERMORE AIRPORT CLIMATE SUMMARY FOR NOVEMBER 22 2014...

CLIMATE NORMAL PERIOD 1981 TO 2010
CLIMATE RECORD PERIOD 1930 TO 2014


WEATHER ITEM   OBSERVED TIME   RECORD YEAR NORMAL DEPARTURE LAST
                VALUE   (LST)  VALUE       VALUE  FROM      YEAR
                                                  NORMAL
..................................................................
TEMPERATURE (F)
 YESTERDAY
  MAXIMUM         69    233 PM  76    1936  62      7       70
  MINIMUM         49   1158 PM  27    1975  41      8       46
  AVERAGE         59                        51      8       58

PRECIPITATION (IN)
  YESTERDAY        0.05          0.48 1978   0.07  -0.02     0.00
  MONTH TO DATE    0.84                      1.48  -0.64     1.52
  SINCE JUL 1      1.24                      2.63  -1.39     1.99
  SINCE JAN 1      6.12                     12.53  -6.41     4.11

DEGREE DAYS
 HEATING
  YESTERDAY        6                        14     -8        7
  MONTH TO DATE  125                       224    -99      144
  SINCE SEP 1    155                       345   -190      223
  SINCE JUL 1    155                       352   -197      223

 COOLING
  YESTERDAY        0                         0      0        0
  MONTH TO DATE    0                         0      0        0
  SINCE SEP 1    354                       204    150      215
  SINCE JAN 1   1268                       829    439     1039
..................................................................


WIND (MPH)
  RESULTANT WIND SPEED   4   RESULTANT WIND DIRECTION   W (250)
  HIGHEST WIND SPEED    16   HIGHEST WIND DIRECTION     W (260)
  HIGHEST GUST SPEED    20   HIGHEST GUST DIRECTION     W (260)
  AVERAGE WIND SPEED     5.2


SKY COVER
  POSSIBLE SUNSHINE  MM
  AVERAGE SKY COVER 0.6


WEATHER CONDITIONS
 THE FOLLOWING WEATHER WAS RECORDED YESTERDAY.
  LIGHT RAIN
  FOG


RELATIVE HUMIDITY (PERCENT)
 HIGHEST    90           900 AM
 LOWEST     58           400 PM
 AVERAGE    74

..........................................................


THE LIVERMORE AIRPORT CLIMATE NORMALS FOR TODAY
                         NORMAL    RECORD    YEAR
 MAXIMUM TEMPERATURE (F)   61        78      1959
 MINIMUM TEMPERATURE (F)   41        25      1947


SUNRISE AND SUNSET
NOVEMBER 23 2014......SUNRISE   656 AM PST   SUNSET   451 PM PST
NOVEMBER 24 2014......SUNRISE   657 AM PST   SUNSET   451 PM PST


-  INDICATES NEGATIVE NUMBERS.
R  INDICATES RECORD WAS SET OR TIED.
MM INDICATES DATA IS MISSING.
T  INDICATES TRACE AMOUNT.




$$
