000
CDUS45 KBYZ 051036
CLILVM


CLIMATE REPORT
NATIONAL WEATHER SERVICE BILLINGS MT
335 AM MST MON DEC 5 2016


...................................

...THE LIVINGSTON MT CLIMATE SUMMARY FOR DECEMBER 4 2016...

CLIMATE NORMAL PERIOD 1981 TO 2010
CLIMATE RECORD PERIOD 1948 TO 2016


WEATHER ITEM   OBSERVED TIME   RECORD YEAR NORMAL DEPARTURE LAST
                VALUE   (LST)  VALUE       VALUE  FROM      YEAR
                                                  NORMAL
..................................................................
TEMPERATURE (F)
 YESTERDAY
  MAXIMUM         38    648 PM  60    1987  36      2       50
  MINIMUM         29   1159 PM -18    1972  18     11       36
  AVERAGE         34                        27      7       43

PRECIPITATION (IN)
  YESTERDAY        0.04          1.15 1998   0.02   0.02     0.00
  MONTH TO DATE    0.04                      0.08  -0.04     0.00
  SINCE OCT 1      3.61                      1.93   1.68     2.73
  SINCE JAN 1     13.60                     14.37  -0.77    14.08

DEGREE DAYS
 HEATING
  YESTERDAY       31                        38     -7       22
  MONTH TO DATE  132                       150    -18      122
  SINCE DEC 1    132                       150    -18      122
  SINCE JUL 1   1630                      2109   -479     1799

 COOLING
  YESTERDAY        0                         0      0        0
  MONTH TO DATE    0                         0      0        0
  SINCE DEC 1      0                         0      0        0
  SINCE JAN 1    330                       230    100      393
..................................................................


WIND (MPH)
  HIGHEST WIND SPEED    46   HIGHEST WIND DIRECTION    SW (220)
  HIGHEST GUST SPEED    53   HIGHEST GUST DIRECTION    SW (220)
  AVERAGE WIND SPEED    22.4


SKY COVER
  POSSIBLE SUNSHINE  MM
  AVERAGE SKY COVER 0.9


WEATHER CONDITIONS
 THE FOLLOWING WEATHER WAS RECORDED YESTERDAY.
  LIGHT SNOW
  FOG
  HAZE


RELATIVE HUMIDITY (PERCENT)
 HIGHEST    78           900 PM
 LOWEST     41          1200 AM
 AVERAGE    60

..........................................................


THE LIVINGSTON MT CLIMATE NORMALS FOR TODAY
                         NORMAL    RECORD    YEAR
 MAXIMUM TEMPERATURE (F)   36        59      2012
 MINIMUM TEMPERATURE (F)   18       -18      1972


SUNRISE AND SUNSET
DECEMBER  5 2016......SUNRISE   747 AM MST   SUNSET   438 PM MST
DECEMBER  6 2016......SUNRISE   748 AM MST   SUNSET   438 PM MST


-  INDICATES NEGATIVE NUMBERS.
R  INDICATES RECORD WAS SET OR TIED.
MM INDICATES DATA IS MISSING.
T  INDICATES TRACE AMOUNT.





&&

THIS IS AN AUTOMATED...UNATTENDED WEATHER STATION AND MAY
UNDERESTIMATE WINTER PRECIPITATION.

$$
