000
CDUS45 KBYZ 061035
CLILVM


CLIMATE REPORT
NATIONAL WEATHER SERVICE BILLINGS MT
334 AM MST SAT FEB 6 2016


...................................

...THE LIVINGSTON MT CLIMATE SUMMARY FOR FEBRUARY 5 2016...

CLIMATE NORMAL PERIOD 1981 TO 2010
CLIMATE RECORD PERIOD 1948 TO 2016


WEATHER ITEM   OBSERVED TIME   RECORD YEAR NORMAL DEPARTURE LAST
                VALUE   (LST)  VALUE       VALUE  FROM      YEAR
                                                  NORMAL
..................................................................
TEMPERATURE (F)
 YESTERDAY
  MAXIMUM         46    249 PM  60    1963  38      8       56
  MINIMUM         27    351 AM -29    1989  18      9       42
  AVERAGE         37                        28      9       49

PRECIPITATION (IN)
  YESTERDAY        0.00          0.13 2001   0.02  -0.02     0.00
  MONTH TO DATE    T                         0.08  -0.08     0.08
  SINCE OCT 1      3.85                      2.94   0.91     2.41
  SINCE JAN 1      0.15                      0.57  -0.42     0.62

DEGREE DAYS
 HEATING
  YESTERDAY       28                        37     -9       16
  MONTH TO DATE  190                       186      4      150
  SINCE DEC 1   2392                      2568   -176     2193
  SINCE JUL 1   4069                      4527   -458     3931

 COOLING
  YESTERDAY        0                         0      0        0
  MONTH TO DATE    0                         0      0        0
  SINCE DEC 1      0                         0      0        0
  SINCE JAN 1      0                         0      0        0
..................................................................


WIND (MPH)
  HIGHEST WIND SPEED    56   HIGHEST WIND DIRECTION    SW (210)
  HIGHEST GUST SPEED    68   HIGHEST GUST DIRECTION    SW (210)
  AVERAGE WIND SPEED    29.1


SKY COVER
  POSSIBLE SUNSHINE  MM
  AVERAGE SKY COVER 0.1


WEATHER CONDITIONS
 THE FOLLOWING WEATHER WAS RECORDED YESTERDAY.
  NO SIGNIFICANT WEATHER WAS OBSERVED.


RELATIVE HUMIDITY (PERCENT)
 HIGHEST    59          1200 AM
 LOWEST     30           100 PM
 AVERAGE    45

..........................................................


THE LIVINGSTON MT CLIMATE NORMALS FOR TODAY
                         NORMAL    RECORD    YEAR
 MAXIMUM TEMPERATURE (F)   38        65      2015
 MINIMUM TEMPERATURE (F)   18       -30      2014


SUNRISE AND SUNSET
FEBRUARY  6 2016......SUNRISE   737 AM MST   SUNSET   535 PM MST
FEBRUARY  7 2016......SUNRISE   736 AM MST   SUNSET   536 PM MST


-  INDICATES NEGATIVE NUMBERS.
R  INDICATES RECORD WAS SET OR TIED.
MM INDICATES DATA IS MISSING.
T  INDICATES TRACE AMOUNT.





&&

THIS IS AN AUTOMATED...UNATTENDED WEATHER STATION AND MAY
UNDERESTIMATE WINTER PRECIPITATION.

$$
