000
CDUS45 KBYZ 200938
CLILVM


CLIMATE REPORT
NATIONAL WEATHER SERVICE BILLINGS MT
337 AM MDT MON OCT 20 2014


...................................

...THE LIVINGSTON MT CLIMATE SUMMARY FOR OCTOBER 19 2014...

CLIMATE NORMAL PERIOD 1981 TO 2010
CLIMATE RECORD PERIOD 1948 TO 2014


WEATHER ITEM   OBSERVED TIME   RECORD YEAR NORMAL DEPARTURE LAST
                VALUE   (LST)  VALUE       VALUE  FROM      YEAR
                                                  NORMAL
..................................................................
TEMPERATURE (F)
 YESTERDAY
  MAXIMUM         74    354 PM  80    2003  57     17       63
  MINIMUM         34    635 AM  14    1949  31      3       40
  AVERAGE         54                        44     10       52

PRECIPITATION (IN)
  YESTERDAY        0.00          0.41 2001   0.04  -0.04     0.00
  MONTH TO DATE    0.23                      0.88  -0.65     1.14
  SINCE OCT 1      0.23                      0.88  -0.65     1.14
  SINCE JAN 1     13.90                     13.32   0.58    10.93

SNOWFALL (IN)
  YESTERDAY       MM             1.4  1996  MM     MM       MM
  MONTH TO DATE   MM                        MM     MM       MM
  SINCE SEP 1     MM                        MM     MM       MM
  SINCE JUL 1     MM                        MM     MM       MM
  SNOW DEPTH      MM

DEGREE DAYS
 HEATING
  YESTERDAY       11                        21    -10       13
  MONTH TO DATE  217                       342   -125      425
  SINCE SEP 1    461                       633   -172      598
  SINCE JUL 1    530                       751   -221      598

 COOLING
  YESTERDAY        0                         0      0        0
  MONTH TO DATE    0                         0      0        0
  SINCE SEP 1     18                        14      4       56
  SINCE JAN 1    321                       229     92      495
..................................................................


WIND (MPH)
  HIGHEST WIND SPEED    20   HIGHEST WIND DIRECTION     W (250)
  HIGHEST GUST SPEED    25   HIGHEST GUST DIRECTION     W (280)
  AVERAGE WIND SPEED     8.5


SKY COVER
  POSSIBLE SUNSHINE  MM
  AVERAGE SKY COVER 0.0


WEATHER CONDITIONS
 THE FOLLOWING WEATHER WAS RECORDED YESTERDAY.
  NO SIGNIFICANT WEATHER WAS OBSERVED.


RELATIVE HUMIDITY (PERCENT)
 HIGHEST    82           700 AM
 LOWEST     20           300 PM
 AVERAGE    51

..........................................................


THE LIVINGSTON MT CLIMATE NORMALS FOR TODAY
                         NORMAL    RECORD    YEAR
 MAXIMUM TEMPERATURE (F)   57        78      2003
                                             1974
 MINIMUM TEMPERATURE (F)   31        16      1987


SUNRISE AND SUNSET
OCTOBER 20 2014.......SUNRISE   745 AM MDT   SUNSET   627 PM MDT
OCTOBER 21 2014.......SUNRISE   746 AM MDT   SUNSET   626 PM MDT


-  INDICATES NEGATIVE NUMBERS.
R  INDICATES RECORD WAS SET OR TIED.
MM INDICATES DATA IS MISSING.
T  INDICATES TRACE AMOUNT.





&&

THIS IS AN AUTOMATED...UNATTENDED WEATHER STATION AND MAY
UNDERESTIMATE WINTER PRECIPITATION.

$$
