000
CDUS45 KBYZ 020932
CLILVM


CLIMATE REPORT
NATIONAL WEATHER SERVICE BILLINGS MT
331 AM MDT TUE SEP 2 2014


...................................

...THE LIVINGSTON MT CLIMATE SUMMARY FOR SEPTEMBER 1 2014...

CLIMATE NORMAL PERIOD 1981 TO 2010
CLIMATE RECORD PERIOD 1948 TO 2014


WEATHER ITEM   OBSERVED TIME   RECORD YEAR NORMAL DEPARTURE LAST
                VALUE   (LST)  VALUE       VALUE  FROM      YEAR
                                                  NORMAL
..................................................................
TEMPERATURE (F)
 YESTERDAY
  MAXIMUM         71    450 PM  95    1983  79     -8       92
  MINIMUM         48    649 AM  33    2006  44      4       43
  AVERAGE         60                        61     -1       68

PRECIPITATION (IN)
  YESTERDAY        0.03          0.91 1973   0.04  -0.01     0.00
  MONTH TO DATE    0.03                      0.04  -0.01     0.00
  SINCE OCT 1     14.26                     13.64   0.62     9.78
  SINCE JAN 1     11.97                     11.27   0.70     7.48

DEGREE DAYS
 HEATING
  YESTERDAY        5                         5      0        0
  MONTH TO DATE    5                         5      0        0
  SINCE SEP 1      5                         5      0        0
  SINCE JUL 1     74                       123    -49        0

 COOLING
  YESTERDAY        0                         1     -1        3
  MONTH TO DATE    0                         1     -1        3
  SINCE SEP 1      0                         1     -1        3
  SINCE JAN 1    303                       216     87      442
..................................................................


WIND (MPH)
  HIGHEST WIND SPEED    25   HIGHEST WIND DIRECTION     W (290)
  HIGHEST GUST SPEED    32   HIGHEST GUST DIRECTION     W (270)
  AVERAGE WIND SPEED    11.8


SKY COVER
  POSSIBLE SUNSHINE  MM
  AVERAGE SKY COVER 0.3


WEATHER CONDITIONS
 THE FOLLOWING WEATHER WAS RECORDED YESTERDAY.
  LIGHT RAIN


RELATIVE HUMIDITY (PERCENT)
 HIGHEST    86          1200 AM
 LOWEST     27           400 PM
 AVERAGE    57

..........................................................


THE LIVINGSTON MT CLIMATE NORMALS FOR TODAY
                         NORMAL    RECORD    YEAR
 MAXIMUM TEMPERATURE (F)   78        95      2007
                                             1998
 MINIMUM TEMPERATURE (F)   43        29      2006


SUNRISE AND SUNSET
SEPTEMBER  2 2014.....SUNRISE   644 AM MDT   SUNSET   758 PM MDT
SEPTEMBER  3 2014.....SUNRISE   645 AM MDT   SUNSET   756 PM MDT


-  INDICATES NEGATIVE NUMBERS.
R  INDICATES RECORD WAS SET OR TIED.
MM INDICATES DATA IS MISSING.
T  INDICATES TRACE AMOUNT.





&&

THIS IS AN AUTOMATED...UNATTENDED WEATHER STATION AND MAY
UNDERESTIMATE WINTER PRECIPITATION.

$$
