000
CDUS45 KBYZ 232226
CLILVM


CLIMATE REPORT
NATIONAL WEATHER SERVICE BILLINGS MT
425 PM MDT SAT MAY 23 2015


...................................

...THE LIVINGSTON MT CLIMATE SUMMARY FOR MAY 23 2015...
VALID TODAY AS OF 0400 PM LOCAL TIME.

CLIMATE NORMAL PERIOD 1981 TO 2010
CLIMATE RECORD PERIOD 1948 TO 2015


WEATHER ITEM   OBSERVED TIME   RECORD YEAR NORMAL DEPARTURE LAST
                VALUE   (LST)  VALUE       VALUE  FROM      YEAR
                                                  NORMAL
..................................................................
TEMPERATURE (F)
 TODAY
  MAXIMUM         55    230 PM  89    1956  67    -12       82
  MINIMUM         49    501 AM  25    1995  39     10       43
  AVERAGE         52                        53     -1       63

PRECIPITATION (IN)
  TODAY            0.22          0.97        0.09   0.13     0.00
  MONTH TO DATE    3.05                      1.88   1.17     1.49
  SINCE OCT 1      7.53                      7.85  -0.32     8.50
  SINCE JAN 1      5.74                      5.48   0.26     6.21

DEGREE DAYS
 HEATING
  TODAY           13                        12      1        2
  MONTH TO DATE  384                       356     28      343
  SINCE MAR 1   1612                      1956   -344     1876
  SINCE JUL 1   6226                      7304  -1078     7119

 COOLING
  TODAY            0                         0      0        0
  MONTH TO DATE    0                         0      0        0
  SINCE MAR 1      0                         0      0        0
  SINCE JAN 1      0                         0      0        0
..................................................................


WIND (MPH)
  HIGHEST WIND SPEED    20   HIGHEST WIND DIRECTION     E (80)
  HIGHEST GUST SPEED    25   HIGHEST GUST DIRECTION     E (80)
  AVERAGE WIND SPEED     7.9


SKY COVER
  POSSIBLE SUNSHINE  MM
  AVERAGE SKY COVER 1.0


WEATHER CONDITIONS
 THE FOLLOWING WEATHER WAS RECORDED TODAY.
  RAIN
  LIGHT RAIN
  FOG


RELATIVE HUMIDITY (PERCENT)
 HIGHEST    89           700 AM
 LOWEST     83           600 AM
 AVERAGE    86

..........................................................


THE LIVINGSTON MT CLIMATE NORMALS FOR TOMORROW
                         NORMAL    RECORD    YEAR
 MAXIMUM TEMPERATURE (F)   67        86      1988
 MINIMUM TEMPERATURE (F)   39        27      2007


SUNRISE AND SUNSET
MAY 23 2015...........SUNRISE   543 AM MDT   SUNSET   855 PM MDT
MAY 24 2015...........SUNRISE   542 AM MDT   SUNSET   856 PM MDT


-  INDICATES NEGATIVE NUMBERS.
R  INDICATES RECORD WAS SET OR TIED.
MM INDICATES DATA IS MISSING.
T  INDICATES TRACE AMOUNT.





&&

THIS IS AN AUTOMATED...UNATTENDED WEATHER STATION AND MAY
UNDERESTIMATE WINTER PRECIPITATION.

$$
