000
CDUS45 KBYZ 230723
CLILVM


CLIMATE REPORT
NATIONAL WEATHER SERVICE BILLINGS MT
1223 AM MST THU NOV 23 2017


...................................

...THE LIVINGSTON MT CLIMATE SUMMARY FOR NOVEMBER 22 2017...

CLIMATE NORMAL PERIOD 1981 TO 2010
CLIMATE RECORD PERIOD 1948 TO 2017


WEATHER ITEM   OBSERVED TIME   RECORD YEAR NORMAL DEPARTURE LAST
                VALUE   (LST)  VALUE       VALUE  FROM      YEAR
                                                  NORMAL
..................................................................
TEMPERATURE (F)
 YESTERDAY
  MAXIMUM         64   1254 PM  72    2002  41     23       47
  MINIMUM         51   1230 AM -21    1985  22     29       24
  AVERAGE         58                        31     27       36

PRECIPITATION (IN)
  YESTERDAY        0.00          0.27 1962   0.02  -0.02     0.00
  MONTH TO DATE    1.59                      0.43   1.16     0.19
  SINCE OCT 1      1.83                      1.69   0.14     3.51
  SINCE JAN 1     15.73                     14.13   1.60    13.50

DEGREE DAYS
 HEATING
  YESTERDAY        7                        34    -27       29
  MONTH TO DATE  734                       648     86      404
  SINCE SEP 1   1641                      1558     83     1166
  SINCE JUL 1   1664                      1676    -12     1254

 COOLING
  YESTERDAY        0                         0      0        0
  MONTH TO DATE    0                         0      0        0
  SINCE SEP 1     53                        15     38       18
  SINCE JAN 1    397                       230    167      330
..................................................................


WIND (MPH)
  HIGHEST WIND SPEED    48   HIGHEST WIND DIRECTION    SW (220)
  HIGHEST GUST SPEED    59   HIGHEST GUST DIRECTION    SW (220)
  AVERAGE WIND SPEED    25.9


SKY COVER
  POSSIBLE SUNSHINE  MM
  AVERAGE SKY COVER 0.3


WEATHER CONDITIONS
 THE FOLLOWING WEATHER WAS RECORDED YESTERDAY.
  NO SIGNIFICANT WEATHER WAS OBSERVED.


RELATIVE HUMIDITY (PERCENT)
 HIGHEST    59          1200 AM
 LOWEST     40           100 PM
 AVERAGE    50

..........................................................


THE LIVINGSTON MT CLIMATE NORMALS FOR TODAY
                         NORMAL    RECORD    YEAR
 MAXIMUM TEMPERATURE (F)   40        58      2005
                                             1995
 MINIMUM TEMPERATURE (F)   22       -15      1985


SUNRISE AND SUNSET
NOVEMBER 23 2017......SUNRISE   733 AM MST   SUNSET   444 PM MST
NOVEMBER 24 2017......SUNRISE   734 AM MST   SUNSET   443 PM MST


-  INDICATES NEGATIVE NUMBERS.
R  INDICATES RECORD WAS SET OR TIED.
MM INDICATES DATA IS MISSING.
T  INDICATES TRACE AMOUNT.




$$
