000
CDUS45 KBYZ 302223
CLILVM


CLIMATE REPORT
NATIONAL WEATHER SERVICE BILLINGS MT
421 PM MDT THU MAR 30 2017


...................................

...THE LIVINGSTON MT CLIMATE SUMMARY FOR MARCH 30 2017...
VALID TODAY AS OF 0400 PM LOCAL TIME.

CLIMATE NORMAL PERIOD 1981 TO 2010
CLIMATE RECORD PERIOD 1948 TO 2017


WEATHER ITEM   OBSERVED TIME   RECORD YEAR NORMAL DEPARTURE LAST
                VALUE   (LST)  VALUE       VALUE  FROM      YEAR
                                                  NORMAL
..................................................................
TEMPERATURE (F)
 TODAY
  MAXIMUM         53    228 PM  74    2004  51      2       50
                                      1978
  MINIMUM         37    715 AM  -5    1954  27     10       35
  AVERAGE         45                        38      7       43

PRECIPITATION (IN)
  TODAY            0.02          0.45 1980   0.04  -0.02     0.01
  MONTH TO DATE    0.71                      0.80  -0.09     1.06
  SINCE OCT 1      5.96                      4.16   1.80     5.08
  SINCE JAN 1      2.03                      1.79   0.24     1.38

DEGREE DAYS
 HEATING
  TODAY           20                        26     -6       22
  MONTH TO DATE  698                       885   -187      754
  SINCE MAR 1    698                       885   -187      754
  SINCE JUL 1   5924                      6233   -309     5357

 COOLING
  TODAY            0                         0      0        0
  MONTH TO DATE    0                         0      0        0
  SINCE MAR 1      0                         0      0        0
  SINCE JAN 1      0                         0      0        0
..................................................................


WIND (MPH)
  HIGHEST WIND SPEED    18   HIGHEST WIND DIRECTION    NE (60)
  HIGHEST GUST SPEED    23   HIGHEST GUST DIRECTION     E (70)
  AVERAGE WIND SPEED    10.6


SKY COVER
  POSSIBLE SUNSHINE  MM
  AVERAGE SKY COVER 0.9


WEATHER CONDITIONS
 THE FOLLOWING WEATHER WAS RECORDED TODAY.
  RAIN
  LIGHT RAIN
  FOG


RELATIVE HUMIDITY (PERCENT)
 HIGHEST    85           700 AM
 LOWEST     54           200 PM
 AVERAGE    70

..........................................................


THE LIVINGSTON MT CLIMATE NORMALS FOR TOMORROW
                         NORMAL    RECORD    YEAR
 MAXIMUM TEMPERATURE (F)   51        75      2004
 MINIMUM TEMPERATURE (F)   27         8      2008


SUNRISE AND SUNSET
MARCH 30 2017.........SUNRISE   705 AM MDT   SUNSET   748 PM MDT
MARCH 31 2017.........SUNRISE   703 AM MDT   SUNSET   749 PM MDT


-  INDICATES NEGATIVE NUMBERS.
R  INDICATES RECORD WAS SET OR TIED.
MM INDICATES DATA IS MISSING.
T  INDICATES TRACE AMOUNT.





&&

THIS IS AN AUTOMATED...UNATTENDED WEATHER STATION AND MAY
UNDERESTIMATE WINTER PRECIPITATION.

$$
