000
CDUS45 KBYZ 200723
CLILVM


CLIMATE REPORT
NATIONAL WEATHER SERVICE BILLINGS MT
123 AM MDT THU JUL 20 2017


...................................

...THE LIVINGSTON MT CLIMATE SUMMARY FOR JULY 19 2017...

CLIMATE NORMAL PERIOD 1981 TO 2010
CLIMATE RECORD PERIOD 1948 TO 2017


WEATHER ITEM   OBSERVED TIME   RECORD YEAR NORMAL DEPARTURE LAST
                VALUE   (LST)  VALUE       VALUE  FROM      YEAR
                                                  NORMAL
..................................................................
TEMPERATURE (F)
 YESTERDAY
  MAXIMUM         94    345 PM 102    2007  86      8       96
  MINIMUM         54    103 AM  37    1972  50      4       53
  AVERAGE         74                        68      6       75

PRECIPITATION (IN)
  YESTERDAY        0.00          0.53 1972   0.05  -0.05     0.00
  MONTH TO DATE    0.42                      0.99  -0.57     1.16
  SINCE OCT 1     14.10                     12.01   2.09    10.66
  SINCE JAN 1     10.17                      9.64   0.53     6.96

DEGREE DAYS
 HEATING
  YESTERDAY        0                         1     -1        0
  MONTH TO DATE    0                        38    -38       33
  SINCE JUN 1    158                       245    -87      111
  SINCE JUL 1      0                        38    -38       33

 COOLING
  YESTERDAY        9                         4      5       10
  MONTH TO DATE  148                        58     90       61
  SINCE JUN 1    171                        77     94      131
  SINCE JAN 1    171                        78     93      131
..................................................................


WIND (MPH)
  HIGHEST WIND SPEED    18   HIGHEST WIND DIRECTION     S (160)
  HIGHEST GUST SPEED    22   HIGHEST GUST DIRECTION     S (160)
  AVERAGE WIND SPEED     9.1


SKY COVER
  POSSIBLE SUNSHINE  MM
  AVERAGE SKY COVER 0.0


WEATHER CONDITIONS
 THE FOLLOWING WEATHER WAS RECORDED YESTERDAY.
  NO SIGNIFICANT WEATHER WAS OBSERVED.


RELATIVE HUMIDITY (PERCENT)
 HIGHEST    67           200 AM
 LOWEST     13           400 PM
 AVERAGE    40

..........................................................


THE LIVINGSTON MT CLIMATE NORMALS FOR TODAY
                         NORMAL    RECORD    YEAR
 MAXIMUM TEMPERATURE (F)   86       101      2007
 MINIMUM TEMPERATURE (F)   50        41      1962


SUNRISE AND SUNSET
JULY 20 2017..........SUNRISE   552 AM MDT   SUNSET   904 PM MDT
JULY 21 2017..........SUNRISE   553 AM MDT   SUNSET   903 PM MDT


-  INDICATES NEGATIVE NUMBERS.
R  INDICATES RECORD WAS SET OR TIED.
MM INDICATES DATA IS MISSING.
T  INDICATES TRACE AMOUNT.




$$
