538
CDUS45 KBYZ 280935
CLILVM


CLIMATE REPORT
NATIONAL WEATHER SERVICE BILLINGS MT
333 AM MDT WED SEP 28 2016


...................................

...THE LIVINGSTON MT CLIMATE SUMMARY FOR SEPTEMBER 27 2016...

CLIMATE NORMAL PERIOD 1981 TO 2010
CLIMATE RECORD PERIOD 1948 TO 2016


WEATHER ITEM   OBSERVED TIME   RECORD YEAR NORMAL DEPARTURE LAST
                VALUE   (LST)  VALUE       VALUE  FROM      YEAR
                                                  NORMAL
..................................................................
TEMPERATURE (F)
 YESTERDAY
  MAXIMUM         83    237 PM  88    2011  67     16       77
  MINIMUM         44   1059 PM  19    1961  36      8       38
  AVERAGE         64                        51     13       58

PRECIPITATION (IN)
  YESTERDAY        0.00          0.74 1982   0.04  -0.04     0.05
  MONTH TO DATE    1.64                      1.08   0.56     1.24
  SINCE OCT 1     13.69                     14.68  -0.99    13.14
  SINCE JAN 1      9.99                     12.31  -2.32    11.35

DEGREE DAYS
 HEATING
  YESTERDAY        1                        14    -13        7
  MONTH TO DATE  247                       247      0      134
  SINCE SEP 1    247                       247      0      134
  SINCE JUL 1    335                       365    -30      201

 COOLING
  YESTERDAY        0                         0      0        0
  MONTH TO DATE   17                        13      4       42
  SINCE SEP 1     17                        13      4       42
  SINCE JAN 1    329                       228    101      384
..................................................................


WIND (MPH)
  HIGHEST WIND SPEED    24   HIGHEST WIND DIRECTION     W (260)
  HIGHEST GUST SPEED    31   HIGHEST GUST DIRECTION    NW (310)
  AVERAGE WIND SPEED    10.3


SKY COVER
  POSSIBLE SUNSHINE  MM
  AVERAGE SKY COVER 0.0


WEATHER CONDITIONS
 THE FOLLOWING WEATHER WAS RECORDED YESTERDAY.
  NO SIGNIFICANT WEATHER WAS OBSERVED.


RELATIVE HUMIDITY (PERCENT)
 HIGHEST    83          1100 PM
 LOWEST     15           300 PM
 AVERAGE    49

..........................................................


THE LIVINGSTON MT CLIMATE NORMALS FOR TODAY
                         NORMAL    RECORD    YEAR
 MAXIMUM TEMPERATURE (F)   66        89      2010
 MINIMUM TEMPERATURE (F)   36        21      1985


SUNRISE AND SUNSET
SEPTEMBER 28 2016.....SUNRISE   717 AM MDT   SUNSET   707 PM MDT
SEPTEMBER 29 2016.....SUNRISE   718 AM MDT   SUNSET   705 PM MDT


-  INDICATES NEGATIVE NUMBERS.
R  INDICATES RECORD WAS SET OR TIED.
MM INDICATES DATA IS MISSING.
T  INDICATES TRACE AMOUNT.





&&

THIS IS AN AUTOMATED...UNATTENDED WEATHER STATION AND MAY
UNDERESTIMATE WINTER PRECIPITATION.

$$
