000
CDUS45 KBYZ 282233
CLILVM


CLIMATE REPORT
NATIONAL WEATHER SERVICE BILLINGS MT
432 PM MDT SUN AUG 28 2016


...................................

...THE LIVINGSTON MT CLIMATE SUMMARY FOR AUGUST 28 2016...
VALID TODAY AS OF 0400 PM LOCAL TIME.

CLIMATE NORMAL PERIOD 1981 TO 2010
CLIMATE RECORD PERIOD 1948 TO 2016


WEATHER ITEM   OBSERVED TIME   RECORD YEAR NORMAL DEPARTURE LAST
                VALUE   (LST)  VALUE       VALUE  FROM      YEAR
                                                  NORMAL
..................................................................
TEMPERATURE (F)
 TODAY
  MAXIMUM         90    144 PM 100    2012  81      9       90
  MINIMUM         56    523 AM  36    1964  45     11       52
  AVERAGE         73                        62     11       71

PRECIPITATION (IN)
  TODAY            0.00          0.67 1999   0.03  -0.03     0.00
  MONTH TO DATE    1.16                      1.00   0.16     1.21
  SINCE OCT 1     12.05                     13.49  -1.44    11.86
  SINCE JAN 1      8.35                     11.12  -2.77    10.07

DEGREE DAYS
 HEATING
  TODAY            0                         4     -4        0
  MONTH TO DATE   55                        54      1       57
  SINCE JUN 1    166                       311   -145      121
  SINCE JUL 1     88                       104    -16       67

 COOLING
  TODAY            8                         1      7        6
  MONTH TO DATE   77                        84     -7      114
  SINCE JUN 1    299                       212     87      328
  SINCE JAN 1    299                       213     86      329
..................................................................


WIND (MPH)
  HIGHEST WIND SPEED    28   HIGHEST WIND DIRECTION    SW (220)
  HIGHEST GUST SPEED    36   HIGHEST GUST DIRECTION    SW (220)
  AVERAGE WIND SPEED    15.2


SKY COVER
  POSSIBLE SUNSHINE  MM
  AVERAGE SKY COVER 0.0


WEATHER CONDITIONS
 THE FOLLOWING WEATHER WAS RECORDED TODAY.
  NO SIGNIFICANT WEATHER WAS OBSERVED.


RELATIVE HUMIDITY (PERCENT)
 HIGHEST    36           500 AM
 LOWEST     15           100 PM
 AVERAGE    26

..........................................................


THE LIVINGSTON MT CLIMATE NORMALS FOR TOMORROW
                         NORMAL    RECORD    YEAR
 MAXIMUM TEMPERATURE (F)   80        95      2005
                                             1998
 MINIMUM TEMPERATURE (F)   44        35      1992


SUNRISE AND SUNSET
AUGUST 28 2016........SUNRISE   639 AM MDT   SUNSET   806 PM MDT
AUGUST 29 2016........SUNRISE   640 AM MDT   SUNSET   804 PM MDT


-  INDICATES NEGATIVE NUMBERS.
R  INDICATES RECORD WAS SET OR TIED.
MM INDICATES DATA IS MISSING.
T  INDICATES TRACE AMOUNT.





&&

THIS IS AN AUTOMATED...UNATTENDED WEATHER STATION AND MAY
UNDERESTIMATE WINTER PRECIPITATION.

$$
