000
CDUS45 KBYZ 231033
CLILVM


CLIMATE REPORT
NATIONAL WEATHER SERVICE BILLINGS MT
332 AM MST MON JAN 23 2017


...................................

...THE LIVINGSTON MT CLIMATE SUMMARY FOR JANUARY 22 2017...

CLIMATE NORMAL PERIOD 1981 TO 2010
CLIMATE RECORD PERIOD 1948 TO 2017


WEATHER ITEM   OBSERVED TIME   RECORD YEAR NORMAL DEPARTURE LAST
                VALUE   (LST)  VALUE       VALUE  FROM      YEAR
                                                  NORMAL
..................................................................
TEMPERATURE (F)
 YESTERDAY
  MAXIMUM         44    203 PM  67    1981  37      7       50
  MINIMUM         23    359 AM -24    1957  18      5       30
  AVERAGE         34                        27      7       40

PRECIPITATION (IN)
  YESTERDAY        0.00          0.63 1989   0.02  -0.02     0.00
  MONTH TO DATE    0.18                      0.35  -0.17     0.11
  SINCE OCT 1      4.11                      2.72   1.39     3.81
  SINCE JAN 1      0.18                      0.35  -0.17     0.11

DEGREE DAYS
 HEATING
  YESTERDAY       31                        38     -7       25
  MONTH TO DATE 1021                       840    181      808
  SINCE DEC 1   2450                      2046    404     1939
  SINCE JUL 1   3948                      4005    -57     3616

 COOLING
  YESTERDAY        0                         0      0        0
  MONTH TO DATE    0                         0      0        0
  SINCE DEC 1      0                         0      0        0
  SINCE JAN 1      0                         0      0        0
..................................................................


WIND (MPH)
  HIGHEST WIND SPEED    29   HIGHEST WIND DIRECTION    SW (220)
  HIGHEST GUST SPEED    40   HIGHEST GUST DIRECTION    SW (230)
  AVERAGE WIND SPEED    13.8


SKY COVER
  POSSIBLE SUNSHINE  MM
  AVERAGE SKY COVER 0.5


WEATHER CONDITIONS
 THE FOLLOWING WEATHER WAS RECORDED YESTERDAY.
  NO SIGNIFICANT WEATHER WAS OBSERVED.


RELATIVE HUMIDITY (PERCENT)
 HIGHEST    68           300 AM
 LOWEST     33           100 PM
 AVERAGE    51

..........................................................


THE LIVINGSTON MT CLIMATE NORMALS FOR TODAY
                         NORMAL    RECORD    YEAR
 MAXIMUM TEMPERATURE (F)   37        64      1981
 MINIMUM TEMPERATURE (F)   18       -26      1963


SUNRISE AND SUNSET
JANUARY 23 2017.......SUNRISE   752 AM MST   SUNSET   516 PM MST
JANUARY 24 2017.......SUNRISE   751 AM MST   SUNSET   517 PM MST


-  INDICATES NEGATIVE NUMBERS.
R  INDICATES RECORD WAS SET OR TIED.
MM INDICATES DATA IS MISSING.
T  INDICATES TRACE AMOUNT.





&&

THIS IS AN AUTOMATED...UNATTENDED WEATHER STATION AND MAY
UNDERESTIMATE WINTER PRECIPITATION.

$$
