000
CDUS45 KBYZ 210718
CLILVM


CLIMATE REPORT
NATIONAL WEATHER SERVICE BILLINGS MT
1218 AM MST WED FEB 21 2018


...................................

...THE LIVINGSTON MT CLIMATE SUMMARY FOR FEBRUARY 20 2018...

CLIMATE NORMAL PERIOD 1981 TO 2010
CLIMATE RECORD PERIOD 1948 TO 2018


WEATHER ITEM   OBSERVED TIME   RECORD YEAR NORMAL DEPARTURE LAST
                VALUE   (LST)  VALUE       VALUE  FROM      YEAR
                                                  NORMAL
..................................................................
TEMPERATURE (F)
 YESTERDAY
  MAXIMUM         11    537 PM  70    1995  41    -30       53
  MINIMUM        -14R   400 AM -10    1949  19    -33       34
  AVERAGE         -1                        30    -31       44

PRECIPITATION (IN)
  YESTERDAY        0.00          0.20 2011   0.02  -0.02     0.00
  MONTH TO DATE    0.31                      0.34  -0.03     0.79
  SINCE OCT 1      4.35                      3.20   1.15     5.13
  SINCE JAN 1      1.31                      0.83   0.48     1.20

DEGREE DAYS
 HEATING
  YESTERDAY       66                        35     31       21
  MONTH TO DATE  883                       731    152      677
  SINCE DEC 1   3133                      3113     20     3439
  SINCE JUL 1   4956                      5072   -116     4937

 COOLING
  YESTERDAY        0                         0      0        0
  MONTH TO DATE    0                         0      0        0
  SINCE DEC 1      0                         0      0        0
  SINCE JAN 1      0                         0      0        0
..................................................................


WIND (MPH)
  HIGHEST WIND SPEED    17   HIGHEST WIND DIRECTION    NW (320)
  HIGHEST GUST SPEED    20   HIGHEST GUST DIRECTION    NW (320)
  AVERAGE WIND SPEED    10.2


SKY COVER
  POSSIBLE SUNSHINE  MM
  AVERAGE SKY COVER 0.6


WEATHER CONDITIONS
 THE FOLLOWING WEATHER WAS RECORDED YESTERDAY.
  NO SIGNIFICANT WEATHER WAS OBSERVED.


RELATIVE HUMIDITY (PERCENT)
 HIGHEST    81           400 AM
 LOWEST     58           400 PM
 AVERAGE    70

..........................................................


THE LIVINGSTON MT CLIMATE NORMALS FOR TODAY
                         NORMAL    RECORD    YEAR
 MAXIMUM TEMPERATURE (F)   41        63      1995
 MINIMUM TEMPERATURE (F)   19       -10      1957


SUNRISE AND SUNSET
FEBRUARY 21 2018......SUNRISE   714 AM MST   SUNSET   557 PM MST
FEBRUARY 22 2018......SUNRISE   712 AM MST   SUNSET   559 PM MST


-  INDICATES NEGATIVE NUMBERS.
R  INDICATES RECORD WAS SET OR TIED.
MM INDICATES DATA IS MISSING.
T  INDICATES TRACE AMOUNT.




$$
