000
CDUS45 KBYZ 010934
CLILVM


CLIMATE REPORT
NATIONAL WEATHER SERVICE BILLINGS MT
330 AM MDT SAT NOV 1 2014


...................................

...THE LIVINGSTON MT CLIMATE SUMMARY FOR OCTOBER 31 2014...

CLIMATE NORMAL PERIOD 1981 TO 2010
CLIMATE RECORD PERIOD 1948 TO 2014


WEATHER ITEM   OBSERVED TIME   RECORD YEAR NORMAL DEPARTURE LAST
                VALUE   (LST)  VALUE       VALUE  FROM      YEAR
                                                  NORMAL
..................................................................
TEMPERATURE (F)
 YESTERDAY
  MAXIMUM         74R   150 PM  70    2012  52     22       52
  MINIMUM         29    711 AM  -7    2003  28      1       36
  AVERAGE         52                        40     12       44

PRECIPITATION (IN)
  YESTERDAY        0.00          0.83 1974   0.03  -0.03     0.00
  MONTH TO DATE    0.29                      1.26  -0.97     1.15
  SINCE OCT 1      0.29                      1.26  -0.97     1.15
  SINCE JAN 1     13.96                     13.70   0.26    10.94

SNOWFALL (IN)
  YESTERDAY       MM             6.6  1973  MM     MM       MM
  MONTH TO DATE   MM                        MM     MM       MM
  SINCE SEP 1     MM                        MM     MM       MM
  SINCE JUL 1     MM                        MM     MM       MM
  SNOW DEPTH      MM

DEGREE DAYS
 HEATING
  YESTERDAY       13                        25    -12       21
  MONTH TO DATE  405                       618   -213      679
  SINCE SEP 1    649                       910   -261      852
  SINCE JUL 1    718                      1028   -310      852

 COOLING
  YESTERDAY        0                         0      0        0
  MONTH TO DATE    0                         1     -1        0
  SINCE SEP 1     18                        15      3       56
  SINCE JAN 1    321                       230     91      495
..................................................................


WIND (MPH)
  HIGHEST WIND SPEED    26   HIGHEST WIND DIRECTION    SW (220)
  HIGHEST GUST SPEED    35   HIGHEST GUST DIRECTION    SW (240)
  AVERAGE WIND SPEED     6.7


SKY COVER
  POSSIBLE SUNSHINE  MM
  AVERAGE SKY COVER 0.0


WEATHER CONDITIONS
 THE FOLLOWING WEATHER WAS RECORDED YESTERDAY.
  NO SIGNIFICANT WEATHER WAS OBSERVED.


RELATIVE HUMIDITY (PERCENT)
 HIGHEST    85           400 AM
 LOWEST     15           300 PM
 AVERAGE    50

..........................................................


THE LIVINGSTON MT CLIMATE NORMALS FOR TODAY
                         NORMAL    RECORD    YEAR
 MAXIMUM TEMPERATURE (F)   51        73      1965
 MINIMUM TEMPERATURE (F)   28        -5      2002
                                             1951


SUNRISE AND SUNSET
NOVEMBER  1 2014......SUNRISE   802 AM MDT   SUNSET   608 PM MDT
NOVEMBER  2 2014......SUNRISE   703 AM MST   SUNSET   507 PM MST


-  INDICATES NEGATIVE NUMBERS.
R  INDICATES RECORD WAS SET OR TIED.
MM INDICATES DATA IS MISSING.
T  INDICATES TRACE AMOUNT.





&&

THIS IS AN AUTOMATED...UNATTENDED WEATHER STATION AND MAY
UNDERESTIMATE WINTER PRECIPITATION.

$$
