000
CDUS45 KBYZ 070932
CLILVM


CLIMATE REPORT
NATIONAL WEATHER SERVICE BILLINGS MT
331 AM MDT TUE JUL 7 2015


...................................

...THE LIVINGSTON MT CLIMATE SUMMARY FOR JULY 6 2015...

CLIMATE NORMAL PERIOD 1981 TO 2010
CLIMATE RECORD PERIOD 1948 TO 2015


WEATHER ITEM   OBSERVED TIME   RECORD YEAR NORMAL DEPARTURE LAST
                VALUE   (LST)  VALUE       VALUE  FROM      YEAR
                                                  NORMAL
..................................................................
TEMPERATURE (F)
 YESTERDAY
  MAXIMUM         78    406 PM 102    2007  82     -4       94
  MINIMUM         52    553 AM  38    1986  48      4       51
  AVERAGE         65                        65      0       73

PRECIPITATION (IN)
  YESTERDAY        0.00          2.04 1994   0.05  -0.05     0.00
  MONTH TO DATE    0.02                      0.33  -0.31      T
  SINCE OCT 1      9.50                     11.35  -1.85    11.09
  SINCE JAN 1      7.71                      8.98  -1.27     8.80

DEGREE DAYS
 HEATING
  YESTERDAY        0                         2     -2        0
  MONTH TO DATE    1                        17    -16        9
  SINCE JUN 1     55                       224   -169      204
  SINCE JUL 1      1                        17    -16        9

 COOLING
  YESTERDAY        0                         2     -2        8
  MONTH TO DATE   34                        12     22       30
  SINCE JUN 1    133                        31    102       32
  SINCE JAN 1    134                        32    102       37
..................................................................


WIND (MPH)
  HIGHEST WIND SPEED    21   HIGHEST WIND DIRECTION     E (70)
  HIGHEST GUST SPEED    26   HIGHEST GUST DIRECTION     E (70)
  AVERAGE WIND SPEED    10.6


SKY COVER
  POSSIBLE SUNSHINE  MM
  AVERAGE SKY COVER 0.5


WEATHER CONDITIONS
 THE FOLLOWING WEATHER WAS RECORDED YESTERDAY.
  FOG
  HAZE


RELATIVE HUMIDITY (PERCENT)
 HIGHEST    83          1200 AM
 LOWEST     36           400 PM
 AVERAGE    60

..........................................................


THE LIVINGSTON MT CLIMATE NORMALS FOR TODAY
                         NORMAL    RECORD    YEAR
 MAXIMUM TEMPERATURE (F)   82        99      1985
 MINIMUM TEMPERATURE (F)   48        35      2010
                                             1952


SUNRISE AND SUNSET
JULY  7 2015..........SUNRISE   540 AM MDT   SUNSET   913 PM MDT
JULY  8 2015..........SUNRISE   541 AM MDT   SUNSET   913 PM MDT


-  INDICATES NEGATIVE NUMBERS.
R  INDICATES RECORD WAS SET OR TIED.
MM INDICATES DATA IS MISSING.
T  INDICATES TRACE AMOUNT.





&&

THIS IS AN AUTOMATED...UNATTENDED WEATHER STATION AND MAY
UNDERESTIMATE WINTER PRECIPITATION.

$$
