000
CDUS41 KRNK 160916
CLILWB


CLIMATE REPORT
NATIONAL WEATHER SERVICE BLACKSBURG VA
513 AM EDT TUE SEP 16 2014


...................................

...THE LEWISBURG WV CLIMATE SUMMARY FOR SEPTEMBER 15 2014...

CLIMATE NORMAL PERIOD 1981 TO 2010
CLIMATE RECORD PERIOD 1973 TO 2014


WEATHER ITEM   OBSERVED TIME   RECORD YEAR NORMAL DEPARTURE
                VALUE   (LST)  VALUE       VALUE  FROM
                                                  NORMAL
...............................................................
TEMPERATURE (F)
 YESTERDAY
  MAXIMUM         73    415 PM  88    1998  75     -2
  MINIMUM         52    215 AM  35    1985  50      2
  AVERAGE         63                        62      1

PRECIPITATION (IN)
  YESTERDAY        0.00                      0.12  -0.12
  MONTH TO DATE    0.96                      1.60  -0.64
  SINCE SEP 1      0.96                      1.60  -0.64
  SINCE JAN 1     19.65                     29.70 -10.05

SNOWFALL (IN)
  YESTERDAY        0.0
  MONTH TO DATE    0.0
  SINCE SEP 1      0.0
  SINCE JUL 1      0.0
  SNOW DEPTH       0

DEGREE DAYS
 HEATING
  YESTERDAY        2                               -2
  MONTH TO DATE   20                              -15
  SINCE SEP 1     20                              -15
  SINCE JUL 1     42                              -21

 COOLING
  YESTERDAY        0                               -1
  MONTH TO DATE   89                               58
  SINCE SEP 1     89                               58
  SINCE JAN 1    606                              125
...............................................................


WIND (MPH)
  HIGHEST WIND SPEED     5   HIGHEST WIND DIRECTION    SW (210)
  HIGHEST GUST SPEED    MM   HIGHEST GUST DIRECTION    MM
  AVERAGE WIND SPEED     0.8




RELATIVE HUMIDITY (PERCENT)
 HIGHEST    96
 LOWEST     57
 AVERAGE    77

..........................................................


THE LEWISBURG WV CLIMATE NORMALS FOR TODAY
                         NORMAL    RECORD    YEAR
 MAXIMUM TEMPERATURE (F)   75        87      1991
 MINIMUM TEMPERATURE (F)   49        34      2011


SUNRISE AND SUNSET
SEPTEMBER 16 2014.....SUNRISE   704 AM EDT   SUNSET   728 PM EDT
SEPTEMBER 17 2014.....SUNRISE   705 AM EDT   SUNSET   726 PM EDT


-  INDICATES NEGATIVE NUMBERS.
R  INDICATES RECORD WAS SET OR TIED.
MM INDICATES DATA IS MISSING.
T  INDICATES TRACE AMOUNT.


REMARKS:
DUE TO MISSING PRECIPITATION DATA ON JANUARY 25...THE ANNUAL
TOTAL AND DEPARTURE FROM NORMAL FOR PRECIPITATION WILL BE
CALCULATED WITHOUT DATA FROM THAT DATE.


$$
