000
CDUS41 KRNK 282128
CLILWB


CLIMATE REPORT
NATIONAL WEATHER SERVICE BLACKSBURG VA
524 PM EDT MON JUL 28 2014


...................................

...THE LEWISBURG WV CLIMATE SUMMARY FOR JULY 28 2014...
VALID TODAY AS OF 0500 PM LOCAL TIME.

CLIMATE NORMAL PERIOD 1981 TO 2010
CLIMATE RECORD PERIOD 1973 TO 2014


WEATHER ITEM   OBSERVED TIME   RECORD YEAR NORMAL DEPARTURE
                VALUE   (LST)  VALUE       VALUE  FROM
                                                  NORMAL
...............................................................
TEMPERATURE (F)
 TODAY
  MAXIMUM         72    135 PM  92    1993  82    -10
  MINIMUM         67    555 AM  54    2004  59      8
  AVERAGE         70                        70      0

PRECIPITATION (IN)
  TODAY            0.00                      0.13  -0.13
  MONTH TO DATE    1.54                      3.61  -2.07
  SINCE JUN 1      4.97                      7.34  -2.37
  SINCE JAN 1     15.90                     24.52  -8.62

SNOWFALL (IN)
  TODAY            0.0
  MONTH TO DATE    0.0
  SINCE JUN 1      0.0
  SINCE JUL 1      0.0
  SNOW DEPTH       0

DEGREE DAYS
 HEATING
  TODAY            0                                0
  MONTH TO DATE   10                               10
  SINCE JUN 1     23                              -27
  SINCE JUL 1     10                               10

 COOLING
  TODAY            5                               -1
  MONTH TO DATE  178                               14
  SINCE JUN 1    342                               74
  SINCE JAN 1    375                               81
...............................................................


WIND (MPH)
  HIGHEST WIND SPEED    13   HIGHEST WIND DIRECTION     W (270)
  HIGHEST GUST SPEED    22   HIGHEST GUST DIRECTION     W (290)
  AVERAGE WIND SPEED     7.3




RELATIVE HUMIDITY (PERCENT)
 HIGHEST    84
 LOWEST     57
 AVERAGE    71

..........................................................


THE LEWISBURG WV CLIMATE NORMALS FOR TOMORROW
                         NORMAL    RECORD    YEAR
 MAXIMUM TEMPERATURE (F)   82        91      2011
 MINIMUM TEMPERATURE (F)   59        46      2013


SUNRISE AND SUNSET
JULY 28 2014..........SUNRISE   622 AM EDT   SUNSET   834 PM EDT
JULY 29 2014..........SUNRISE   622 AM EDT   SUNSET   833 PM EDT


-  INDICATES NEGATIVE NUMBERS.
R  INDICATES RECORD WAS SET OR TIED.
MM INDICATES DATA IS MISSING.
T  INDICATES TRACE AMOUNT.


REMARKS:
DUE TO MISSING PRECIPITATION ON JANUARY 25...THE ANNUAL TOTAL
AND DEPARTURE FROM NORMAL FOR PRECIPITATION WILL BE CALCULATED
WITHOUT DATA FROM THAT DATE.


$$
