000
CDUS41 KRNK 210923
CLILWB


CLIMATE REPORT
NATIONAL WEATHER SERVICE BLACKSBURG VA
522 AM EDT THU AUG 21 2014


...................................

...THE LEWISBURG WV CLIMATE SUMMARY FOR AUGUST 20 2014...

CLIMATE NORMAL PERIOD 1981 TO 2010
CLIMATE RECORD PERIOD 1973 TO 2014


WEATHER ITEM   OBSERVED TIME   RECORD YEAR NORMAL DEPARTURE
                VALUE   (LST)  VALUE       VALUE  FROM
                                                  NORMAL
...............................................................
TEMPERATURE (F)
 YESTERDAY
  MAXIMUM         85        MM  95    2005  81      4
  MINIMUM         66        MM  45    1981  57      9
  AVERAGE         76                        69      7

PRECIPITATION (IN)
  YESTERDAY        T             0.01 2012   0.09  -0.09
  MONTH TO DATE    2.32                      2.13   0.19
  SINCE JUN 1      7.33                      9.88  -2.55
  SINCE JAN 1     18.26                     27.06  -8.80

SNOWFALL (IN)
  YESTERDAY        0.0
  MONTH TO DATE    0.0
  SINCE JUN 1      0.0
  SINCE JUL 1      0.0
  SNOW DEPTH       0

DEGREE DAYS
 HEATING
  YESTERDAY        0                                0
  MONTH TO DATE    5                               -2
  SINCE JUN 1     35                              -33
  SINCE JUL 1     22                                4

 COOLING
  YESTERDAY       11                                7
  MONTH TO DATE   75                              -26
  SINCE JUN 1    415                               34
  SINCE JAN 1    448                               41
...............................................................


WIND (MPH)
  HIGHEST WIND SPEED     9   HIGHEST WIND DIRECTION    SW (240)
  HIGHEST GUST SPEED    17   HIGHEST GUST DIRECTION    SW (240)
  AVERAGE WIND SPEED     3.1




RELATIVE HUMIDITY (PERCENT)
 HIGHEST    93
 LOWEST     44
 AVERAGE    69

..........................................................


THE LEWISBURG WV CLIMATE NORMALS FOR TODAY
                         NORMAL    RECORD    YEAR
 MAXIMUM TEMPERATURE (F)   81        94      1983
 MINIMUM TEMPERATURE (F)   57        44      1981


SUNRISE AND SUNSET
AUGUST 21 2014........SUNRISE   642 AM EDT   SUNSET   807 PM EDT
AUGUST 22 2014........SUNRISE   643 AM EDT   SUNSET   805 PM EDT


-  INDICATES NEGATIVE NUMBERS.
R  INDICATES RECORD WAS SET OR TIED.
MM INDICATES DATA IS MISSING.
T  INDICATES TRACE AMOUNT.

REMARKS

DUE TO MISSING PRECIPITATION DATA ON JANUARY 25...THE ANNUAL
TOTAL AND DEPARTURE FROM NORMAL FOR PRECIPITATION WILL BE
CALCULATED WITHOUT DATA FROM THAT DATE.

$$

MBS
