000
CDUS41 KRNK 020918
CLILWB


CLIMATE REPORT
NATIONAL WEATHER SERVICE BLACKSBURG VA
515 AM EDT THU OCT 2 2014


...................................

...THE LEWISBURG WV CLIMATE SUMMARY FOR OCTOBER 1 2014...

CLIMATE NORMAL PERIOD 1981 TO 2010
CLIMATE RECORD PERIOD 1973 TO 2014


WEATHER ITEM   OBSERVED TIME   RECORD YEAR NORMAL DEPARTURE
                VALUE   (LST)  VALUE       VALUE  FROM
                                                  NORMAL
...............................................................
TEMPERATURE (F)
 YESTERDAY
  MAXIMUM         78    155 PM  80    1986  69      9
  MINIMUM         49    655 AM  27    1993  43      6
  AVERAGE         64                        56      8

PRECIPITATION (IN)
  YESTERDAY        0.00                      0.09  -0.09
  MONTH TO DATE    0.00                      0.09  -0.09
  SINCE SEP 1      0.98                      3.37  -2.39
  SINCE JAN 1     19.67                     31.47 -11.80

SNOWFALL (IN)
  YESTERDAY        0.0
  MONTH TO DATE    0.0
  SINCE SEP 1      0.0
  SINCE JUL 1      0.0
  SNOW DEPTH       0

DEGREE DAYS
 HEATING
  YESTERDAY        1                               -8
  MONTH TO DATE    1                               -8
  SINCE SEP 1     73                              -70
  SINCE JUL 1     95                              -76

 COOLING
  YESTERDAY        0                                0
  MONTH TO DATE    0                                0
  SINCE SEP 1     97                               54
  SINCE JAN 1    614                              121
...............................................................


WIND (MPH)
  HIGHEST WIND SPEED    14   HIGHEST WIND DIRECTION    SW (230)
  HIGHEST GUST SPEED    17   HIGHEST GUST DIRECTION    SW (230)
  AVERAGE WIND SPEED     2.2




RELATIVE HUMIDITY (PERCENT)
 HIGHEST    93
 LOWEST     32
 AVERAGE    63

..........................................................


THE LEWISBURG WV CLIMATE NORMALS FOR TODAY
                         NORMAL    RECORD    YEAR
 MAXIMUM TEMPERATURE (F)   69        79      2005
 MINIMUM TEMPERATURE (F)   43        27      2003


SUNRISE AND SUNSET
OCTOBER  2 2014.......SUNRISE   718 AM EDT   SUNSET   703 PM EDT
OCTOBER  3 2014.......SUNRISE   719 AM EDT   SUNSET   702 PM EDT


-  INDICATES NEGATIVE NUMBERS.
R  INDICATES RECORD WAS SET OR TIED.
MM INDICATES DATA IS MISSING.
T  INDICATES TRACE AMOUNT.


REMARKS:
DUE TO MISSING PRECIPITATION DATA ON JANUARY 25...THE ANNUAL
TOTAL AND DEPARTURE FROM NORMAL FOR PRECIPITATION WILL BE
CALCULATED WITHOUT DATA FROM THAT DATE.


$$
