000
CDUS41 KRNK 280755
CLILWB


CLIMATE REPORT
NATIONAL WEATHER SERVICE BLACKSBURG VA
252 AM EST SUN DEC 28 2014


...................................

...THE LEWISBURG WV CLIMATE SUMMARY FOR DECEMBER 27 2014...

CLIMATE NORMAL PERIOD 1981 TO 2010
CLIMATE RECORD PERIOD 1973 TO 2014


WEATHER ITEM   OBSERVED TIME   RECORD YEAR NORMAL DEPARTURE
                VALUE   (LST)  VALUE       VALUE  FROM
                                                  NORMAL
...............................................................
TEMPERATURE (F)
 YESTERDAY
  MAXIMUM         58    315 PM  66    2008  38     20
  MINIMUM         30    815 AM  -3    1989  20     10
  AVERAGE         44                        29     15

PRECIPITATION (IN)
  YESTERDAY        0.00          0.37 2011   0.10  -0.10
  MONTH TO DATE    1.51                      2.82  -1.31
  SINCE DEC 1      1.51                      2.82  -1.31
  SINCE JAN 1     25.91                     39.64 -13.73

SNOWFALL (IN)
  YESTERDAY        0.0
  MONTH TO DATE    T
  SINCE DEC 1      T
  SINCE JUL 1      2.0
  SNOW DEPTH       0

DEGREE DAYS
 HEATING
  YESTERDAY       21                              -15
  MONTH TO DATE  697                             -204
  SINCE DEC 1    697                             -204
  SINCE JUL 1   1909                             -309

 COOLING
  YESTERDAY        0                                0
  MONTH TO DATE    0                                0
  SINCE DEC 1      0                                0
  SINCE JAN 1    619                              120
...............................................................


WIND (MPH)
  HIGHEST WIND SPEED     7   HIGHEST WIND DIRECTION    SW (210)
  HIGHEST GUST SPEED    MM   HIGHEST GUST DIRECTION    MM
  AVERAGE WIND SPEED     1.7




RELATIVE HUMIDITY (PERCENT)
 HIGHEST    92
 LOWEST     23
 AVERAGE    58

..........................................................


THE LEWISBURG WV CLIMATE NORMALS FOR TODAY
                         NORMAL    RECORD    YEAR
 MAXIMUM TEMPERATURE (F)   38        68      1984
 MINIMUM TEMPERATURE (F)   20         9      2004


SUNRISE AND SUNSET
DECEMBER 28 2014......SUNRISE   736 AM EST   SUNSET   510 PM EST
DECEMBER 29 2014......SUNRISE   737 AM EST   SUNSET   511 PM EST


-  INDICATES NEGATIVE NUMBERS.
R  INDICATES RECORD WAS SET OR TIED.
MM INDICATES DATA IS MISSING.
T  INDICATES TRACE AMOUNT.

REMARKS:
DUE TO MISSING PRECIPITATION DATA ON JANUARY 25...THE ANNUAL
TOTAL AND DEPARTURE FROM NORMAL FOR PRECIPITATION WILL BE
CALCULATED WITHOUT DATA FROM THAT DATE.

$$
