000
CDUS43 KTOP 300632
CLILWC


CLIMATE REPORT
NATIONAL WEATHER SERVICE TOPEKA KS
131 AM CDT THU JUL 30 2015


...................................

...THE LAWRENCE KS CLIMATE SUMMARY FOR JULY 29 2015...

CLIMATE NORMAL PERIOD 1981 TO 2010
CLIMATE RECORD PERIOD 9999 TO 9999


WEATHER ITEM   OBSERVED NORMAL DEPARTURE LAST
                VALUE   VALUE  FROM      YEAR
                               NORMAL
...............................................
TEMPERATURE (F)
 YESTERDAY
  MAXIMUM         86     90     -4       86
  MINIMUM         67     68     -1       55
  AVERAGE         77     79     -2       71

PRECIPITATION (IN)
  YESTERDAY        0.74   0.11   0.63     0.00
  MONTH TO DATE    8.41   3.90   4.51     1.80
  SINCE JUN 1     12.72   9.36   3.36    10.96
  SINCE JAN 1     27.00  23.25   3.75    18.62

DEGREE DAYS
 HEATING
  YESTERDAY        0      0      0        0
  MONTH TO DATE    1      0      1        1
  SINCE JUN 1      4      8     -4        1
  SINCE JUL 1      1      0      1        1

 COOLING
  YESTERDAY       12     14     -2        6
  MONTH TO DATE  399    387     12      305
  SINCE JUN 1    739    662     77      623
  SINCE JAN 1    815    781     34      816
...............................................


WIND (MPH)
  HIGHEST WIND SPEED    17   HIGHEST WIND DIRECTION    NE (50)
  HIGHEST GUST SPEED    27   HIGHEST GUST DIRECTION     N (10)
  AVERAGE WIND SPEED     5.7


SKY COVER
  AVERAGE SKY COVER 0.5


WEATHER CONDITIONS
 THE FOLLOWING WEATHER WAS RECORDED YESTERDAY.
  THUNDERSTORM
  HEAVY RAIN
  RAIN
  LIGHT RAIN
  FOG


RELATIVE HUMIDITY (PERCENT)
 HIGHEST    97
 LOWEST     51
 AVERAGE    74

..........................................................


THE LAWRENCE KS CLIMATE NORMALS FOR TODAY
                         NORMAL
 MAXIMUM TEMPERATURE (F)   90
 MINIMUM TEMPERATURE (F)   68


SUNRISE AND SUNSET
JULY 30 2015..........SUNRISE   620 AM CDT   SUNSET   834 PM CDT
JULY 31 2015..........SUNRISE   620 AM CDT   SUNSET   833 PM CDT


-  INDICATES NEGATIVE NUMBERS.
R  INDICATES RECORD WAS SET OR TIED.
MM INDICATES DATA IS MISSING.
T  INDICATES TRACE AMOUNT.




$$
