000
CDUS43 KTOP 072142
CLILWC


CLIMATE REPORT
NATIONAL WEATHER SERVICE TOPEKA KS
440 PM CDT TUE JUL 7 2015


...................................

...THE LAWRENCE KS CLIMATE SUMMARY FOR JULY 7 2015...
VALID TODAY AS OF 430 PM LOCAL TIME.

CLIMATE NORMAL PERIOD 1981 TO 2010
CLIMATE RECORD PERIOD 9999 TO 9999


WEATHER ITEM   OBSERVED NORMAL DEPARTURE LAST
                VALUE   VALUE  FROM      YEAR
                               NORMAL
...............................................
TEMPERATURE (F)
 TODAY
  MAXIMUM         73     89    -16       94
  MINIMUM         62     67     -5       70
  AVERAGE         68     78    -10       82

PRECIPITATION (IN)
  TODAY            0.97   0.15   0.82     1.32
  MONTH TO DATE    4.85   1.15   3.70     1.32
  SINCE JUN 1      9.16   6.61   2.55    10.48
  SINCE JAN 1     23.44  20.50   2.94    18.14

DEGREE DAYS
 HEATING
  TODAY            0      0      0        0
  MONTH TO DATE    0      0      0        1
  SINCE JUN 1      3      8     -5        1
  SINCE JUL 1      0      0      0        1

 COOLING
  TODAY            3     13    -10       17
  MONTH TO DATE   68     87    -19       65
  SINCE JUN 1    408    362     46      383
  SINCE JAN 1    484    481      3      576
...............................................


WIND (MPH)
  HIGHEST WIND SPEED    14   HIGHEST WIND DIRECTION     N (20)
  HIGHEST GUST SPEED    23   HIGHEST GUST DIRECTION    NE (30)
  AVERAGE WIND SPEED    10.1



WEATHER CONDITIONS
 THE FOLLOWING WEATHER WAS RECORDED TODAY.
  HEAVY RAIN
  RAIN
  LIGHT RAIN
  FOG
  HAZE


RELATIVE HUMIDITY (PERCENT)
 HIGHEST    93
 LOWEST     61
 AVERAGE    77

..........................................................


THE LAWRENCE KS CLIMATE NORMALS FOR TOMORROW
                         NORMAL
 MAXIMUM TEMPERATURE (F)   89
 MINIMUM TEMPERATURE (F)   67


SUNRISE AND SUNSET
JULY  7 2015..........SUNRISE   602 AM CDT   SUNSET   849 PM CDT
JULY  8 2015..........SUNRISE   603 AM CDT   SUNSET   849 PM CDT


-  INDICATES NEGATIVE NUMBERS.
R  INDICATES RECORD WAS SET OR TIED.
MM INDICATES DATA IS MISSING.
T  INDICATES TRACE AMOUNT.




$$
