000
CDUS43 KTOP 220643
CLILWC


CLIMATE REPORT
NATIONAL WEATHER SERVICE TOPEKA KS
1241 AM CST MON DEC 22 2014


...................................

...THE LAWRENCE KS CLIMATE SUMMARY FOR DECEMBER 21 2014...

CLIMATE NORMAL PERIOD 1981 TO 2010
CLIMATE RECORD PERIOD 9999 TO 9999


WEATHER ITEM   OBSERVED NORMAL DEPARTURE LAST
                VALUE   VALUE  FROM      YEAR
                               NORMAL
...............................................
TEMPERATURE (F)
 YESTERDAY
  MAXIMUM         45     40      5       30
  MINIMUM         33     20     13       23
  AVERAGE         39     30      9       27

PRECIPITATION (IN)
  YESTERDAY        0.00   0.06  -0.06     0.34
  MONTH TO DATE    1.69   0.96   0.73     0.44
  SINCE DEC 1      1.69   0.96   0.73     0.44
  SINCE JAN 1     36.70  38.04  -1.34    28.39

DEGREE DAYS
 HEATING
  YESTERDAY       26     35     -9       38
  MONTH TO DATE  588    679    -91      727
  SINCE DEC 1    588    679    -91      727
  SINCE JUL 1   1768   1687     81     1757

 COOLING
  YESTERDAY        0      0      0        0
  MONTH TO DATE    0      0      0        0
  SINCE DEC 1      0      0      0        0
  SINCE JAN 1   1426   1371     55     1492
...............................................


WIND (MPH)
  HIGHEST WIND SPEED    20   HIGHEST WIND DIRECTION     S (170)
  HIGHEST GUST SPEED    24   HIGHEST GUST DIRECTION    SE (150)
  AVERAGE WIND SPEED    11.2


SKY COVER
  AVERAGE SKY COVER 0.9


WEATHER CONDITIONS
 THE FOLLOWING WEATHER WAS RECORDED YESTERDAY.
  FOG
  HAZE


RELATIVE HUMIDITY (PERCENT)
 HIGHEST    92
 LOWEST     82
 AVERAGE    87

..........................................................


THE LAWRENCE KS CLIMATE NORMALS FOR TODAY
                         NORMAL
 MAXIMUM TEMPERATURE (F)   40
 MINIMUM TEMPERATURE (F)   20


SUNRISE AND SUNSET
DECEMBER 22 2014......SUNRISE   737 AM CST   SUNSET   502 PM CST
DECEMBER 23 2014......SUNRISE   737 AM CST   SUNSET   503 PM CST


-  INDICATES NEGATIVE NUMBERS.
R  INDICATES RECORD WAS SET OR TIED.
MM INDICATES DATA IS MISSING.
T  INDICATES TRACE AMOUNT.




$$
