000
CDUS43 KTOP 250642
CLILWC


CLIMATE REPORT
NATIONAL WEATHER SERVICE TOPEKA KS
141 AM CDT WED MAY 25 2016


...................................

...THE LAWRENCE KS CLIMATE SUMMARY FOR MAY 24 2016...

CLIMATE NORMAL PERIOD 1981 TO 2010
CLIMATE RECORD PERIOD 9999 TO 9999


WEATHER ITEM   OBSERVED NORMAL DEPARTURE LAST
                VALUE   VALUE  FROM      YEAR
                               NORMAL
...............................................
TEMPERATURE (F)
 YESTERDAY
  MAXIMUM         80     79      1       71
  MINIMUM         59     56      3       63
  AVERAGE         70     67      3       67

PRECIPITATION (IN)
  YESTERDAY        0.34   0.20   0.14     0.23
  MONTH TO DATE    3.20   3.93  -0.73     7.66
  SINCE MAR 1      9.34  10.32  -0.98    11.18
  SINCE JAN 1     10.46  12.63  -2.17    12.87

DEGREE DAYS
 HEATING
  YESTERDAY        0      2     -2        0
  MONTH TO DATE  143     96     47       88
  SINCE MAR 1    867   1060   -193      931
  SINCE JUL 1   4369   5075   -706     5220

 COOLING
  YESTERDAY        5      4      1        2
  MONTH TO DATE   24     60    -36       50
  SINCE MAR 1     42     83    -41       55
  SINCE JAN 1     42     83    -41       55
...............................................


WIND (MPH)
  HIGHEST WIND SPEED    22   HIGHEST WIND DIRECTION     S (160)
  HIGHEST GUST SPEED    27   HIGHEST GUST DIRECTION    SE (150)
  AVERAGE WIND SPEED     8.8


SKY COVER
  AVERAGE SKY COVER 0.3


WEATHER CONDITIONS
 THE FOLLOWING WEATHER WAS RECORDED YESTERDAY.
  THUNDERSTORM
  HEAVY RAIN
  RAIN
  LIGHT RAIN
  FOG


RELATIVE HUMIDITY (PERCENT)
 HIGHEST   100
 LOWEST     62
 AVERAGE    81

..........................................................


THE LAWRENCE KS CLIMATE NORMALS FOR TODAY
                         NORMAL
 MAXIMUM TEMPERATURE (F)   79
 MINIMUM TEMPERATURE (F)   56


SUNRISE AND SUNSET
MAY 25 2016...........SUNRISE   600 AM CDT   SUNSET   836 PM CDT
MAY 26 2016...........SUNRISE   600 AM CDT   SUNSET   837 PM CDT


-  INDICATES NEGATIVE NUMBERS.
R  INDICATES RECORD WAS SET OR TIED.
MM INDICATES DATA IS MISSING.
T  INDICATES TRACE AMOUNT.




$$
