000
CDUS43 KTOP 180638
CLILWC


CLIMATE REPORT
NATIONAL WEATHER SERVICE TOPEKA KS
138 AM CDT THU SEP 18 2014


...................................

...THE LAWRENCE KS CLIMATE SUMMARY FOR SEPTEMBER 17 2014...

CLIMATE NORMAL PERIOD 1981 TO 2010
CLIMATE RECORD PERIOD 9999 TO 9999


WEATHER ITEM   OBSERVED NORMAL DEPARTURE LAST
                VALUE   VALUE  FROM      YEAR
                               NORMAL
...............................................
TEMPERATURE (F)
 YESTERDAY
  MAXIMUM         76     81     -5       77
  MINIMUM         58     54      4       62
  AVERAGE         67     68     -1       70

PRECIPITATION (IN)
  YESTERDAY        0.38   0.11   0.27     0.90
  MONTH TO DATE    4.49   2.51   1.98     1.75
  SINCE SEP 1      4.49   2.51   1.98     1.75
  SINCE JAN 1     28.94  30.37  -1.43    22.03

DEGREE DAYS
 HEATING
  YESTERDAY        0      2     -2        0
  MONTH TO DATE   60     13     47        3
  SINCE SEP 1     60     13     47        3
  SINCE JUL 1     61     16     45        3

 COOLING
  YESTERDAY        2      4     -2        5
  MONTH TO DATE   69    112    -43      180
  SINCE SEP 1     69    112    -43      180
  SINCE JAN 1   1376   1303     73     1401
...............................................


WIND (MPH)
  HIGHEST WIND SPEED    13   HIGHEST WIND DIRECTION    SE (150)
  HIGHEST GUST SPEED    13   HIGHEST GUST DIRECTION    SE (150)
  AVERAGE WIND SPEED     4.5


SKY COVER
  AVERAGE SKY COVER 0.9


WEATHER CONDITIONS
 THE FOLLOWING WEATHER WAS RECORDED YESTERDAY.
  THUNDERSTORM
  HEAVY RAIN
  RAIN
  LIGHT RAIN
  FOG
  FOG W/VISIBILITY <= 1/4 MILE
  HAZE


RELATIVE HUMIDITY (PERCENT)
 HIGHEST   100
 LOWEST     69
 AVERAGE    85

..........................................................


THE LAWRENCE KS CLIMATE NORMALS FOR TODAY
                         NORMAL
 MAXIMUM TEMPERATURE (F)   80
 MINIMUM TEMPERATURE (F)   54


SUNRISE AND SUNSET
SEPTEMBER 18 2014.....SUNRISE   705 AM CDT   SUNSET   724 PM CDT
SEPTEMBER 19 2014.....SUNRISE   706 AM CDT   SUNSET   723 PM CDT


-  INDICATES NEGATIVE NUMBERS.
R  INDICATES RECORD WAS SET OR TIED.
MM INDICATES DATA IS MISSING.
T  INDICATES TRACE AMOUNT.




$$
