000
CDUS46 KOTX 230428
CLILWS


CLIMATE REPORT
NATIONAL WEATHER SERVICE SPOKANE, WA
926 PM PDT WED OCT 22 2014


...................................

...THE LEWISTON ID AIRPORT CLIMATE SUMMARY FOR OCTOBER 22 2014...
VALID TODAY AS OF 0800 PM LOCAL TIME.

CLIMATE NORMAL PERIOD 1981 TO 2010
CLIMATE RECORD PERIOD 1881 TO 2014


WEATHER ITEM   OBSERVED TIME   RECORD YEAR NORMAL DEPARTURE LAST
                VALUE   (LST)  VALUE       VALUE  FROM      YEAR
                                                  NORMAL
..................................................................
TEMPERATURE (F)
 TODAY
  MAXIMUM         69    422 PM  80    2003  59     10       68
  MINIMUM         43    624 AM  26    1984  39      4       40
  AVERAGE         56                        49      7       54

PRECIPITATION (IN)
  TODAY            0.00          0.98 1899   0.03  -0.03     0.00
  MONTH TO DATE    0.45                      0.63  -0.18     0.08
  SINCE OCT 1      0.45                      0.63  -0.18     0.08
  SINCE JAN 1      8.37                      9.83  -1.46     8.04

DEGREE DAYS
 HEATING
  TODAY            9                        16     -7       11
  MONTH TO DATE  127                       254   -127      317
  SINCE SEP 1    147                       353   -206      404
  SINCE JUL 1    147                       368   -221      404

 COOLING
  TODAY            0                         0      0        0
  MONTH TO DATE   14                         1     13        0
  SINCE SEP 1    125                        88     37      184
  SINCE JAN 1   1095                       805    290     1178
..................................................................


WIND (MPH)
  HIGHEST WIND SPEED    18   HIGHEST WIND DIRECTION     S (170)
  HIGHEST GUST SPEED    22   HIGHEST GUST DIRECTION     S (170)
  AVERAGE WIND SPEED     8.2


SKY COVER
  POSSIBLE SUNSHINE  MM
  AVERAGE SKY COVER 0.6


WEATHER CONDITIONS
 THE FOLLOWING WEATHER WAS RECORDED TODAY.
  NO SIGNIFICANT WEATHER WAS OBSERVED.


RELATIVE HUMIDITY (PERCENT)
 HIGHEST    89           200 AM
 LOWEST     28           400 PM
 AVERAGE    59

..........................................................


THE LEWISTON ID AIRPORT CLIMATE NORMALS FOR TOMORROW
                         NORMAL    RECORD    YEAR
 MAXIMUM TEMPERATURE (F)   59        78      1944
 MINIMUM TEMPERATURE (F)   39        25      1916


SUNRISE AND SUNSET
OCTOBER 22 2014.......SUNRISE   715 AM PDT   SUNSET   549 PM PDT
OCTOBER 23 2014.......SUNRISE   717 AM PDT   SUNSET   547 PM PDT


-  INDICATES NEGATIVE NUMBERS.
R  INDICATES RECORD WAS SET OR TIED.
MM INDICATES DATA IS MISSING.
T  INDICATES TRACE AMOUNT.




$$
