000
CDUS46 KOTX 052343
CLILWS


CLIMATE REPORT
NATIONAL WEATHER SERVICE SPOKANE, WA
443 PM PDT THU MAY 5 2016


...................................

...THE LEWISTON ID AIRPORT CLIMATE SUMMARY FOR MAY 5 2016...
VALID AS OF 0400 PM LOCAL TIME.

CLIMATE NORMAL PERIOD 1981 TO 2010
CLIMATE RECORD PERIOD 1881 TO 2016


WEATHER ITEM   OBSERVED TIME   RECORD YEAR NORMAL DEPARTURE LAST
                VALUE   (LST)  VALUE       VALUE  FROM      YEAR
                                                  NORMAL
..................................................................
TEMPERATURE (F)
 TODAY
  MAXIMUM         77    138 PM  96    1966  68      9       68
  MINIMUM         55    520 AM  32    1982  44     11       49
  AVERAGE         66                        56     10       59

PRECIPITATION (IN)
  TODAY            0.00          0.60 1900   0.05  -0.05     0.00
  MONTH TO DATE    0.00                      0.23  -0.23     0.00
  SINCE OCT 1      8.74                      7.67   1.07     7.95
  SINCE JAN 1      5.29                      4.56   0.73     3.76

SNOWFALL (IN)
  TODAY            0.0           T    1984   0.0    0.0      0.0
  MONTH TO DATE    0.0                       0.0    0.0      0.0
  SINCE MAR 1      0.0                       0.7   -0.7      0.0
  SINCE JUL 1      6.4                      10.5   -4.1      1.5
  SNOW DEPTH       0

DEGREE DAYS
 HEATING
  TODAY            0                        10    -10        6
  MONTH TO DATE    7                        51    -44       25
  SINCE MAR 1    787                      1076   -289      922
  SINCE JUL 1   4051                      4931   -880     4144

 COOLING
  TODAY            1                         1      0        0
  MONTH TO DATE    9                         2      7        0
  SINCE MAR 1     16                         4     12        1
  SINCE JAN 1     16                         4     12        1
..................................................................


WIND (MPH)
  HIGHEST WIND SPEED    15   HIGHEST WIND DIRECTION     W (290)
  HIGHEST GUST SPEED    20   HIGHEST GUST DIRECTION     W (290)
  AVERAGE WIND SPEED     5.3


SKY COVER
  POSSIBLE SUNSHINE  MM
  AVERAGE SKY COVER 0.3


WEATHER CONDITIONS
 THE FOLLOWING WEATHER WAS RECORDED TODAY.
  NO SIGNIFICANT WEATHER WAS OBSERVED.


RELATIVE HUMIDITY (PERCENT)
 HIGHEST    83
 LOWEST     43
 AVERAGE    63

..........................................................


THE LEWISTON ID AIRPORT CLIMATE NORMALS FOR TOMORROW
                         NORMAL    RECORD    YEAR
 MAXIMUM TEMPERATURE (F)   68        92      1947
 MINIMUM TEMPERATURE (F)   44        33      1959
                                             1950


SUNRISE AND SUNSET
MAY  5 2016...........SUNRISE   527 AM PDT   SUNSET   803 PM PDT
MAY  6 2016...........SUNRISE   526 AM PDT   SUNSET   804 PM PDT


-  INDICATES NEGATIVE NUMBERS.
R  INDICATES RECORD WAS SET OR TIED.
MM INDICATES DATA IS MISSING.
T  INDICATES TRACE AMOUNT.




$$
