000
CDUS46 KOTX 090828
CLILWS


CLIMATE REPORT
NATIONAL WEATHER SERVICE SPOKANE, WA
1228 AM PST FRI DEC 9 2016


...................................

...THE LEWISTON ID AIRPORT CLIMATE SUMMARY FOR DECEMBER 8 2016...

CLIMATE NORMAL PERIOD 1981 TO 2010
CLIMATE RECORD PERIOD 1881 TO 2016


WEATHER ITEM   OBSERVED TIME   RECORD YEAR NORMAL DEPARTURE LAST
                VALUE   (LST)  VALUE       VALUE  FROM      YEAR
                                                  NORMAL
..................................................................
TEMPERATURE (F)
 YESTERDAY
  MAXIMUM         24   1159 PM  62    2015  40    -16       62
  MINIMUM         11    702 AM  -9    1919  29    -18       46
  AVERAGE         18                        34    -16       54

PRECIPITATION (IN)
  YESTERDAY        0.07          0.42 1929   0.03   0.04     0.15
  MONTH TO DATE    0.32                      0.26   0.06     0.80
  SINCE OCT 1      3.61                      2.40   1.21     2.50
  SINCE JAN 1     13.80                     11.60   2.20     9.27

SNOWFALL (IN)
  YESTERDAY        1.0           2.0  1971   0.1    0.9      0.0
  MONTH TO DATE    2.6                       0.8    1.8       T
  SINCE DEC 1      2.6                       0.8    1.8       T
  SINCE JUL 1      2.6                       2.6    0.0       T
  SNOW DEPTH       1

DEGREE DAYS
 HEATING
  YESTERDAY       47                        31     16       11
  MONTH TO DATE  260                       238     22      190
  SINCE DEC 1    260                       238     22      190
  SINCE JUL 1   1209                      1478   -269     1193

 COOLING
  YESTERDAY        0                         0      0        0
  MONTH TO DATE    0                         0      0        0
  SINCE DEC 1      0                         0      0        0
  SINCE JAN 1    863                       807     56     1215
..................................................................


WIND (MPH)
  HIGHEST WIND SPEED    12   HIGHEST WIND DIRECTION    NE (60)
  HIGHEST GUST SPEED    14   HIGHEST GUST DIRECTION    NE (60)
  AVERAGE WIND SPEED     4.4


SKY COVER
  POSSIBLE SUNSHINE  MM
  AVERAGE SKY COVER 0.4


WEATHER CONDITIONS
 THE FOLLOWING WEATHER WAS RECORDED YESTERDAY.
  LIGHT SNOW
  FOG


RELATIVE HUMIDITY (PERCENT)
 HIGHEST    88           100 AM
 LOWEST     68          1100 AM
 AVERAGE    78

..........................................................


THE LEWISTON ID AIRPORT CLIMATE NORMALS FOR TODAY
                         NORMAL    RECORD    YEAR
 MAXIMUM TEMPERATURE (F)   40        64      2015
 MINIMUM TEMPERATURE (F)   28       -11      1919


SUNRISE AND SUNSET
DECEMBER  9 2016......SUNRISE   720 AM PST   SUNSET   401 PM PST
DECEMBER 10 2016......SUNRISE   721 AM PST   SUNSET   401 PM PST


-  INDICATES NEGATIVE NUMBERS.
R  INDICATES RECORD WAS SET OR TIED.
MM INDICATES DATA IS MISSING.
T  INDICATES TRACE AMOUNT.




$$
