000
CDUS46 KOTX 300832
CLILWS


CLIMATE REPORT
NATIONAL WEATHER SERVICE SPOKANE, WA
131 AM PDT WED JUL 30 2014


...................................

...THE LEWISTON ID AIRPORT CLIMATE SUMMARY FOR JULY 29 2014...

CLIMATE NORMAL PERIOD 1981 TO 2010
CLIMATE RECORD PERIOD 1881 TO 2014


WEATHER ITEM   OBSERVED TIME   RECORD YEAR NORMAL DEPARTURE LAST
                VALUE   (LST)  VALUE       VALUE  FROM      YEAR
                                                  NORMAL
..................................................................
TEMPERATURE (F)
 YESTERDAY
  MAXIMUM        106    327 PM 107    1939  92     14       93
  MINIMUM         70    521 AM  45    1959  61      9       57
  AVERAGE         88                        77     11       75

PRECIPITATION (IN)
  YESTERDAY        0.00          0.24 1975   0.02  -0.02     0.00
  MONTH TO DATE    0.26                      0.63  -0.37     0.09
  SINCE OCT 1      8.03                     10.92  -2.89    10.05
  SINCE JAN 1      6.50                      7.81  -1.31     5.89

SNOWFALL (IN)
  YESTERDAY        0.0           0.0  1995   0.0    0.0      0.0
  MONTH TO DATE    0.0                       0.0    0.0      0.0
  SINCE JUN 1      0.0                       0.0    0.0      0.0
  SINCE JUL 1      0.0                       0.0    0.0      0.0
  SNOW DEPTH       0

DEGREE DAYS
 HEATING
  YESTERDAY        0                         0      0        0
  MONTH TO DATE    0                         4     -4        0
  SINCE JUN 1     41                        74    -33       44
  SINCE JUL 1      0                         4     -4        0

 COOLING
  YESTERDAY       23                        12     11       10
  MONTH TO DATE  439                       276    163      402
  SINCE JUN 1    529                       374    155      522
  SINCE JAN 1    557                       406    151      579
..................................................................


WIND (MPH)
  HIGHEST WIND SPEED    13   HIGHEST WIND DIRECTION     W (290)
  HIGHEST GUST SPEED    18   HIGHEST GUST DIRECTION    NW (330)
  AVERAGE WIND SPEED     4.6


SKY COVER
  POSSIBLE SUNSHINE  MM
  AVERAGE SKY COVER 0.0


WEATHER CONDITIONS
 THE FOLLOWING WEATHER WAS RECORDED YESTERDAY.
  NO SIGNIFICANT WEATHER WAS OBSERVED.


RELATIVE HUMIDITY (PERCENT)
 HIGHEST    47           500 AM
 LOWEST      9           300 PM
 AVERAGE    28

..........................................................


THE LEWISTON ID AIRPORT CLIMATE NORMALS FOR TODAY
                         NORMAL    RECORD    YEAR
 MAXIMUM TEMPERATURE (F)   92       109      1929
 MINIMUM TEMPERATURE (F)   61        47      1950


SUNRISE AND SUNSET
JULY 30 2014..........SUNRISE   527 AM PDT   SUNSET   821 PM PDT
JULY 31 2014..........SUNRISE   528 AM PDT   SUNSET   820 PM PDT


-  INDICATES NEGATIVE NUMBERS.
R  INDICATES RECORD WAS SET OR TIED.
MM INDICATES DATA IS MISSING.
T  INDICATES TRACE AMOUNT.




$$
