000
CDUS45 KTFX 272230
CLILWT


CLIMATE REPORT
NATIONAL WEATHER SERVICE GREAT FALLS MT
430 PM MDT TUE JUN 27 2017


...................................

...THE LEWISTOWN MT CLIMATE SUMMARY FOR JUNE 27 2017...
VALID TODAY AS OF 0400 PM LOCAL TIME.

CLIMATE NORMAL PERIOD 1981 TO 2010
CLIMATE RECORD PERIOD 1896 TO 2017


WEATHER ITEM   OBSERVED TIME   RECORD YEAR NORMAL DEPARTURE LAST
                VALUE   (LST)  VALUE       VALUE  FROM      YEAR
                                                  NORMAL
..................................................................
TEMPERATURE (F)
 TODAY
  MAXIMUM         76   1042 AM  99    1936  75      1       82
  MINIMUM         58    425 AM  33    1902  47     11       44
  AVERAGE         67                        61      6       63

PRECIPITATION (IN)
  TODAY            0.05          1.47 1938   0.09  -0.04     0.00
  MONTH TO DATE    1.75                      2.84  -1.09     0.76
  SINCE OCT 1     11.96                     11.60   0.36    10.53
  SINCE JAN 1      7.56                      9.10  -1.54     8.45

DEGREE DAYS
 HEATING
  TODAY            0                         5     -5        2
  MONTH TO DATE  154                       212    -58       90
  SINCE JUN 1    154                       212    -58       90
  SINCE JUL 1   7931                      8186   -255     6812

 COOLING
  TODAY            2                         1      1        0
  MONTH TO DATE   26                        13     13       35
  SINCE JUN 1     26                        13     13       35
  SINCE JAN 1     27                        15     12       35
..................................................................


WIND (MPH)
  HIGHEST WIND SPEED    21   HIGHEST WIND DIRECTION     W (280)
  HIGHEST GUST SPEED    27   HIGHEST GUST DIRECTION     W (290)
  AVERAGE WIND SPEED     7.4


SKY COVER
  AVERAGE SKY COVER 0.4


WEATHER CONDITIONS
 THE FOLLOWING WEATHER WAS RECORDED TODAY.
  THUNDERSTORM
  LIGHT RAIN


RELATIVE HUMIDITY (PERCENT)
 HIGHEST    67
 LOWEST     38
 AVERAGE    53

..........................................................


THE LEWISTOWN MT CLIMATE NORMALS FOR TOMORROW
                         NORMAL    RECORD    YEAR
 MAXIMUM TEMPERATURE (F)   75        96      1919
 MINIMUM TEMPERATURE (F)   48        32      1911


SUNRISE AND SUNSET
JUNE 27 2017..........SUNRISE   525 AM MDT   SUNSET   917 PM MDT
JUNE 28 2017..........SUNRISE   525 AM MDT   SUNSET   917 PM MDT


-  INDICATES NEGATIVE NUMBERS.
R  INDICATES RECORD WAS SET OR TIED.
MM INDICATES DATA IS MISSING.
T  INDICATES TRACE AMOUNT.




$$
