191
CDUS45 KTFX 291007
CLILWT


CLIMATE REPORT
NATIONAL WEATHER SERVICE GREAT FALLS MT
406 AM MDT WED MAR 29 2017


...................................

...THE LEWISTOWN MT CLIMATE SUMMARY FOR MARCH 28 2017...

CLIMATE NORMAL PERIOD 1981 TO 2010
CLIMATE RECORD PERIOD 1896 TO 2017


WEATHER ITEM   OBSERVED TIME   RECORD YEAR NORMAL DEPARTURE LAST
                VALUE   (LST)  VALUE       VALUE  FROM      YEAR
                                                  NORMAL
..................................................................
TEMPERATURE (F)
 YESTERDAY
  MAXIMUM         52    447 PM  72    2015  48      4       43
                                      1953
  MINIMUM         31   1159 PM -11    1987  25      6       31
  AVERAGE         42                        36      6       37

PRECIPITATION (IN)
  YESTERDAY        0.02          0.50 1998   0.04  -0.02     0.16
  MONTH TO DATE    0.43                      0.86  -0.43     0.67
  SINCE OCT 1      5.86                      4.37   1.49     4.14
  SINCE JAN 1      1.46                      1.87  -0.41     2.06

SNOWFALL (IN)
  YESTERDAY       MM
  SNOW DEPTH       0

DEGREE DAYS
 HEATING
  YESTERDAY       23                        28     -5       28
  MONTH TO DATE  813                       911    -98      713
  SINCE MAR 1    813                       911    -98      713
  SINCE JUL 1   6624                      6715    -91     5671

 COOLING
  YESTERDAY        0                         0      0        0
  MONTH TO DATE    0                         0      0        0
  SINCE MAR 1      0                         0      0        0
  SINCE JAN 1      0                         0      0        0
..................................................................


WIND (MPH)
  HIGHEST WIND SPEED    16   HIGHEST WIND DIRECTION    SW (240)
  HIGHEST GUST SPEED    22   HIGHEST GUST DIRECTION    SW (240)
  AVERAGE WIND SPEED     7.1


SKY COVER
  AVERAGE SKY COVER 0.3


WEATHER CONDITIONS
 THE FOLLOWING WEATHER WAS RECORDED YESTERDAY.
  LIGHT RAIN


RELATIVE HUMIDITY (PERCENT)
 HIGHEST    85           300 AM
 LOWEST     26           500 PM
 AVERAGE    56

..........................................................


THE LEWISTOWN MT CLIMATE NORMALS FOR TODAY
                         NORMAL    RECORD    YEAR
 MAXIMUM TEMPERATURE (F)   48        70      1943
 MINIMUM TEMPERATURE (F)   26       -17      1987


SUNRISE AND SUNSET
MARCH 29 2017.........SUNRISE   702 AM MDT   SUNSET   744 PM MDT
MARCH 30 2017.........SUNRISE   700 AM MDT   SUNSET   745 PM MDT


-  INDICATES NEGATIVE NUMBERS.
R  INDICATES RECORD WAS SET OR TIED.
MM INDICATES DATA IS MISSING.
T  INDICATES TRACE AMOUNT.




$$
