000
CDUS45 KTFX 200957
CLILWT


CLIMATE REPORT
NATIONAL WEATHER SERVICE GREAT FALLS MT
351 AM MDT MON OCT 20 2014


...................................

...THE LEWISTOWN MT CLIMATE SUMMARY FOR OCTOBER 19 2014...

CLIMATE NORMAL PERIOD 1981 TO 2010
CLIMATE RECORD PERIOD 1896 TO 2014


WEATHER ITEM   OBSERVED TIME   RECORD YEAR NORMAL DEPARTURE LAST
                VALUE   (LST)  VALUE       VALUE  FROM      YEAR
                                                  NORMAL
..................................................................
TEMPERATURE (F)
 YESTERDAY
  MAXIMUM         73    315 PM  82    1927  56     17       57
  MINIMUM         37    656 AM  -4    1905  30      7       34
  AVERAGE         55                        43     12       46

PRECIPITATION (IN)
  YESTERDAY        0.00          0.99 1943   0.04  -0.04     0.07
  MONTH TO DATE    0.58                      0.77  -0.19     1.03
  SINCE OCT 1      0.58                      0.77  -0.19     1.03
  SINCE JAN 1     17.15                     15.12   2.03    21.44

SNOWFALL (IN)
  YESTERDAY       MM
  SNOW DEPTH       0

DEGREE DAYS
 HEATING
  YESTERDAY       10                        22    -12       19
  MONTH TO DATE  248                       366   -118      449
  SINCE SEP 1    522                       685   -163      673
  SINCE JUL 1    603                       843   -240      712

 COOLING
  YESTERDAY        0                         0      0        0
  MONTH TO DATE    0                         0      0        0
  SINCE SEP 1     14                        14      0       47
  SINCE JAN 1    295                       210     85      277
..................................................................


WIND (MPH)
  HIGHEST WIND SPEED    18   HIGHEST WIND DIRECTION    SW (230)
  HIGHEST GUST SPEED    22   HIGHEST GUST DIRECTION    SW (220)
  AVERAGE WIND SPEED     7.7


SKY COVER
  AVERAGE SKY COVER 0.0


WEATHER CONDITIONS
 THE FOLLOWING WEATHER WAS RECORDED YESTERDAY.
  NO SIGNIFICANT WEATHER WAS OBSERVED.


RELATIVE HUMIDITY (PERCENT)
 HIGHEST    82           300 AM
 LOWEST     25           300 PM
 AVERAGE    54

..........................................................


THE LEWISTOWN MT CLIMATE NORMALS FOR TODAY
                         NORMAL    RECORD    YEAR
 MAXIMUM TEMPERATURE (F)   55        84      1927
 MINIMUM TEMPERATURE (F)   30        10      1916


SUNRISE AND SUNSET
OCTOBER 20 2014.......SUNRISE   743 AM MDT   SUNSET   621 PM MDT
OCTOBER 21 2014.......SUNRISE   745 AM MDT   SUNSET   620 PM MDT


-  INDICATES NEGATIVE NUMBERS.
R  INDICATES RECORD WAS SET OR TIED.
MM INDICATES DATA IS MISSING.
T  INDICATES TRACE AMOUNT.




$$
