000
CDUS45 KTFX 270820
CLILWT


CLIMATE REPORT
NATIONAL WEATHER SERVICE GREAT FALLS MT
119 AM MST FRI FEB 27 2015


...................................

...THE LEWISTOWN MT CLIMATE SUMMARY FOR FEBRUARY 26 2015...

CLIMATE NORMAL PERIOD 1981 TO 2010
CLIMATE RECORD PERIOD 1896 TO 2015


WEATHER ITEM   OBSERVED TIME   RECORD YEAR NORMAL DEPARTURE LAST
                VALUE   (LST)  VALUE       VALUE  FROM      YEAR
                                                  NORMAL
..................................................................
TEMPERATURE (F)
 YESTERDAY
  MAXIMUM         13    420 PM  65    1921  39    -26       37
  MINIMUM         -7   1151 PM -19    1962  17    -24       -9
  AVERAGE          3                        28    -25       14

PRECIPITATION (IN)
  YESTERDAY        T             0.23 1954   0.02  -0.02     0.00
  MONTH TO DATE    0.69                      0.41   0.28     0.26
  SINCE OCT 1      3.81                      3.48   0.33     3.33
  SINCE JAN 1      1.50                      0.98   0.52     1.25

SNOWFALL (IN)
  YESTERDAY       MM
  SNOW DEPTH       4

DEGREE DAYS
 HEATING
  YESTERDAY       62                        37     25       51
  MONTH TO DATE  859                      1024   -165     1340
  SINCE DEC 1   3167                      3601   -434     3976
  SINCE JUL 1   5084                      5729   -645     5954

 COOLING
  YESTERDAY        0                         0      0        0
  MONTH TO DATE    0                         0      0        0
  SINCE DEC 1      0                         0      0        0
  SINCE JAN 1      0                         0      0        0
..................................................................


WIND (MPH)
  HIGHEST WIND SPEED    16   HIGHEST WIND DIRECTION     E (100)
  HIGHEST GUST SPEED    20   HIGHEST GUST DIRECTION     E (90)
  AVERAGE WIND SPEED     8.7


SKY COVER
  AVERAGE SKY COVER 0.5


WEATHER CONDITIONS
 THE FOLLOWING WEATHER WAS RECORDED YESTERDAY.
  LIGHT SNOW
  FOG


RELATIVE HUMIDITY (PERCENT)
 HIGHEST    87           300 AM
 LOWEST     61          1200 PM
 AVERAGE    74

..........................................................


THE LEWISTOWN MT CLIMATE NORMALS FOR TODAY
                         NORMAL    RECORD    YEAR
 MAXIMUM TEMPERATURE (F)   39        70      1932
 MINIMUM TEMPERATURE (F)   17       -24      1960


SUNRISE AND SUNSET
FEBRUARY 27 2015......SUNRISE   702 AM MST   SUNSET   600 PM MST
FEBRUARY 28 2015......SUNRISE   700 AM MST   SUNSET   602 PM MST


-  INDICATES NEGATIVE NUMBERS.
R  INDICATES RECORD WAS SET OR TIED.
MM INDICATES DATA IS MISSING.
T  INDICATES TRACE AMOUNT.




$$
