000
CDUS45 KTFX 232225
CLILWT


CLIMATE REPORT
NATIONAL WEATHER SERVICE GREAT FALLS MT
425 PM MDT TUE SEP 23 2014


...................................

...THE LEWISTOWN MT CLIMATE SUMMARY FOR SEPTEMBER 23 2014...
VALID TODAY AS OF 0400 PM LOCAL TIME.

CLIMATE NORMAL PERIOD 1981 TO 2010
CLIMATE RECORD PERIOD 1896 TO 2014


WEATHER ITEM   OBSERVED TIME   RECORD YEAR NORMAL DEPARTURE LAST
                VALUE   (LST)  VALUE       VALUE  FROM      YEAR
                                                  NORMAL
..................................................................
TEMPERATURE (F)
 TODAY
  MAXIMUM         80    259 PM  90    1966  66     14       64
  MINIMUM         48    638 AM  18    1926  38     10       40
                                      1926
  AVERAGE         64                        52     12       52

PRECIPITATION (IN)
  TODAY            0.00          0.65 1920   0.04  -0.04     0.00
  MONTH TO DATE    0.33                      1.05  -0.72     1.46
  SINCE OCT 1     17.49                     16.55   0.94    22.03
  SINCE JAN 1     15.41                     14.05   1.36    19.52

SNOWFALL (IN)
  TODAY           MM
  SNOW DEPTH       0

DEGREE DAYS
 HEATING
  TODAY            1                        13    -12       13
  MONTH TO DATE  216                       216      0       94
  SINCE SEP 1    216                       216      0       94
  SINCE JUL 1    297                       374    -77      133

 COOLING
  TODAY            0                         0      0        0
  MONTH TO DATE    4                        13     -9       47
  SINCE SEP 1      4                        13     -9       47
  SINCE JAN 1    285                       209     76      277
..................................................................


WIND (MPH)
  HIGHEST WIND SPEED    10   HIGHEST WIND DIRECTION    NW (330)
  HIGHEST GUST SPEED    14   HIGHEST GUST DIRECTION    NW (320)
  AVERAGE WIND SPEED     6.3


SKY COVER
  AVERAGE SKY COVER 0.0


WEATHER CONDITIONS
 THE FOLLOWING WEATHER WAS RECORDED TODAY.
  NO SIGNIFICANT WEATHER WAS OBSERVED.


RELATIVE HUMIDITY (PERCENT)
 HIGHEST    83
 LOWEST     28
 AVERAGE    56

..........................................................


THE LEWISTOWN MT CLIMATE NORMALS FOR TOMORROW
                         NORMAL    RECORD    YEAR
 MAXIMUM TEMPERATURE (F)   65        89      2009
                                             1938
 MINIMUM TEMPERATURE (F)   38         6      1926


SUNRISE AND SUNSET
SEPTEMBER 23 2014.....SUNRISE   706 AM MDT   SUNSET   713 PM MDT
SEPTEMBER 24 2014.....SUNRISE   707 AM MDT   SUNSET   711 PM MDT


-  INDICATES NEGATIVE NUMBERS.
R  INDICATES RECORD WAS SET OR TIED.
MM INDICATES DATA IS MISSING.
T  INDICATES TRACE AMOUNT.




$$
