000
CDUS45 KTFX 172330
CLILWT


CLIMATE REPORT
NATIONAL WEATHER SERVICE GREAT FALLS MT
430 PM MST SAT FEB 17 2018


...................................

...THE LEWISTOWN MT CLIMATE SUMMARY FOR FEBRUARY 17 2018...
VALID TODAY AS OF 0400 PM LOCAL TIME.

CLIMATE NORMAL PERIOD 1981 TO 2010
CLIMATE RECORD PERIOD 1896 TO 2018


WEATHER ITEM   OBSERVED TIME   RECORD YEAR NORMAL DEPARTURE LAST
                VALUE   (LST)  VALUE       VALUE  FROM      YEAR
                                                  NORMAL
..................................................................
TEMPERATURE (F)
 TODAY
  MAXIMUM         21   1251 PM  64    1943  37    -16       51
  MINIMUM          6    709 AM -42    1936  15     -9       28
  AVERAGE         14                        26    -12       40

PRECIPITATION (IN)
  TODAY            0.01          0.80 1908   0.01   0.00     0.00
  MONTH TO DATE    1.45                      0.26   1.19     0.22
  SINCE OCT 1      3.97                      3.33   0.64     4.97
  SINCE JAN 1      1.97                      0.83   1.14     0.57

DEGREE DAYS
 HEATING
  TODAY           51                        39     12       25
  MONTH TO DATE  897                       680    217      670
  SINCE DEC 1   3530                      3257    273     3688
  SINCE JUL 1   5504                      5385    119     5414

 COOLING
  TODAY            0                         0      0        0
  MONTH TO DATE    0                         0      0        0
  SINCE DEC 1      0                         0      0        0
  SINCE JAN 1      0                         0      0        0
..................................................................


WIND (MPH)
  HIGHEST WIND SPEED    16   HIGHEST WIND DIRECTION    NW (300)
  HIGHEST GUST SPEED    20   HIGHEST GUST DIRECTION     W (290)
  AVERAGE WIND SPEED     9.6


SKY COVER
  AVERAGE SKY COVER 0.9


WEATHER CONDITIONS
 THE FOLLOWING WEATHER WAS RECORDED TODAY.
  SNOW
  LIGHT SNOW
  FOG


RELATIVE HUMIDITY (PERCENT)
 HIGHEST   100
 LOWEST     77
 AVERAGE    89

..........................................................


THE LEWISTOWN MT CLIMATE NORMALS FOR TOMORROW
                         NORMAL    RECORD    YEAR
 MAXIMUM TEMPERATURE (F)   37        60      2016
 MINIMUM TEMPERATURE (F)   15       -33      1936


SUNRISE AND SUNSET
FEBRUARY 17 2018......SUNRISE   719 AM MST   SUNSET   545 PM MST
FEBRUARY 18 2018......SUNRISE   717 AM MST   SUNSET   547 PM MST


-  INDICATES NEGATIVE NUMBERS.
R  INDICATES RECORD WAS SET OR TIED.
MM INDICATES DATA IS MISSING.
T  INDICATES TRACE AMOUNT.




$$
