000
CDUS43 KILX 260633
CLILWV


CLIMATE REPORT
NATIONAL WEATHER SERVICE LINCOLN IL
132 AM CDT SAT JUL 26 2014


...................................

...THE LAWRENCEVILLE IL AIRPORT CLIMATE SUMMARY FOR JULY 25 2014...

CLIMATE NORMAL PERIOD 1981 TO 2010
CLIMATE RECORD PERIOD 9999 TO 9999


WEATHER ITEM   OBSERVED TIME   RECORD YEAR NORMAL DEPARTURE LAST
                VALUE   (LST)  VALUE       VALUE  FROM      YEAR
                                                  NORMAL
..................................................................
TEMPERATURE (F)
 YESTERDAY
  MAXIMUM         76   1247 PM  MM      MM  88    -12       79
  MINIMUM         56    459 AM  MM      MM  67    -11       59
  AVERAGE         66                        78    -12       69

PRECIPITATION (IN)
  YESTERDAY        T            MM      MM   0.13  -0.13     0.00
  MONTH TO DATE    3.92                      3.74   0.18     3.78
  SINCE JUN 1      7.86                      7.72   0.14    14.21
  SINCE JAN 1     23.47                     25.28  -1.81    39.24

DEGREE DAYS
 HEATING
  YESTERDAY        0                         0      0        0
  MONTH TO DATE    0                         0      0        0
  SINCE JUN 1      0                         7     -7        3
  SINCE JUL 1      0                         0      0        0

 COOLING
  YESTERDAY        1                        13    -12        4
  MONTH TO DATE  187                       325   -138      282
  SINCE JUN 1    510                       615   -105      538
  SINCE JAN 1    701                       754    -53      706
..................................................................


WIND (MPH)
  HIGHEST WIND SPEED    17   HIGHEST WIND DIRECTION     S (200)
  HIGHEST GUST SPEED    23   HIGHEST GUST DIRECTION     S (170)
  AVERAGE WIND SPEED     4.4


SKY COVER
  POSSIBLE SUNSHINE  MM
  AVERAGE SKY COVER 0.0


WEATHER CONDITIONS
 THE FOLLOWING WEATHER WAS RECORDED YESTERDAY.
  LIGHT RAIN
  FOG


RELATIVE HUMIDITY (PERCENT)
 HIGHEST   100           300 AM
 LOWEST     54          1100 AM
 AVERAGE    77

..........................................................


THE LAWRENCEVILLE IL AIRPORT CLIMATE NORMALS FOR TODAY
                         NORMAL    RECORD    YEAR
 MAXIMUM TEMPERATURE (F)   88        MM        MM
 MINIMUM TEMPERATURE (F)   67        MM        MM


SUNRISE AND SUNSET
JULY 26 2014..........SUNRISE   546 AM CDT   SUNSET   807 PM CDT
JULY 27 2014..........SUNRISE   547 AM CDT   SUNSET   806 PM CDT


-  INDICATES NEGATIVE NUMBERS.
R  INDICATES RECORD WAS SET OR TIED.
MM INDICATES DATA IS MISSING.
T  INDICATES TRACE AMOUNT.




$$
