000
CDUS43 KILX 290638
CLILWV


CLIMATE REPORT
NATIONAL WEATHER SERVICE LINCOLN IL
137 AM CDT SUN MAY 29 2016


...................................

...THE LAWRENCEVILLE IL AIRPORT CLIMATE SUMMARY FOR MAY 28 2016...

CLIMATE NORMAL PERIOD 1981 TO 2010
CLIMATE RECORD PERIOD 9999 TO 9999


WEATHER ITEM   OBSERVED TIME   RECORD YEAR NORMAL DEPARTURE LAST
                VALUE   (LST)  VALUE       VALUE  FROM      YEAR
                                                  NORMAL
..................................................................
TEMPERATURE (F)
 YESTERDAY
  MAXIMUM         87   1222 PM  MM      MM  80      7       87
  MINIMUM         70   1159 PM  MM      MM  59     11       59
  AVERAGE         79                        70      9       73

PRECIPITATION (IN)
  YESTERDAY        0.00         MM      MM   0.11  -0.11     0.00
  MONTH TO DATE    4.17                      5.19  -1.02     2.30
  SINCE MAR 1     13.43                     12.78   0.65    13.37
  SINCE JAN 1     17.67                     17.17   0.50    15.87

DEGREE DAYS
 HEATING
  YESTERDAY        0                         1     -1        0
  MONTH TO DATE  115                        79     36       61
  SINCE MAR 1    842                       995   -153     1041
  SINCE JUL 1   4069                      4670   -601     5315

 COOLING
  YESTERDAY       14                         6      8        8
  MONTH TO DATE   63                        94    -31      128
  SINCE MAR 1     84                       120    -36      135
  SINCE JAN 1     84                       120    -36      135
..................................................................


WIND (MPH)
  HIGHEST WIND SPEED    25   HIGHEST WIND DIRECTION     S (180)
  HIGHEST GUST SPEED    31   HIGHEST GUST DIRECTION     S (190)
  AVERAGE WIND SPEED    13.9


SKY COVER
  POSSIBLE SUNSHINE  MM
  AVERAGE SKY COVER 0.1


WEATHER CONDITIONS
 THE FOLLOWING WEATHER WAS RECORDED YESTERDAY.
  NO SIGNIFICANT WEATHER WAS OBSERVED.


RELATIVE HUMIDITY (PERCENT)
 HIGHEST    90          1100 PM
 LOWEST     47           100 PM
 AVERAGE    69

..........................................................


THE LAWRENCEVILLE IL AIRPORT CLIMATE NORMALS FOR TODAY
                         NORMAL    RECORD    YEAR
 MAXIMUM TEMPERATURE (F)   81        MM        MM
 MINIMUM TEMPERATURE (F)   59        MM        MM


SUNRISE AND SUNSET
MAY 29 2016...........SUNRISE   528 AM CDT   SUNSET   808 PM CDT
MAY 30 2016...........SUNRISE   528 AM CDT   SUNSET   808 PM CDT


-  INDICATES NEGATIVE NUMBERS.
R  INDICATES RECORD WAS SET OR TIED.
MM INDICATES DATA IS MISSING.
T  INDICATES TRACE AMOUNT.




$$
