138
CDUS43 KILX 270631
CLILWV


CLIMATE REPORT
NATIONAL WEATHER SERVICE LINCOLN IL
130 AM CDT TUE SEP 27 2016


...................................

...THE LAWRENCEVILLE IL AIRPORT CLIMATE SUMMARY FOR SEPTEMBER 26 2016...

CLIMATE NORMAL PERIOD 1981 TO 2010
CLIMATE RECORD PERIOD 9999 TO 9999


WEATHER ITEM   OBSERVED TIME   RECORD YEAR NORMAL DEPARTURE LAST
                VALUE   (LST)  VALUE       VALUE  FROM      YEAR
                                                  NORMAL
..................................................................
TEMPERATURE (F)
 YESTERDAY
  MAXIMUM         75    322 PM  MM      MM  78     -3       79
  MINIMUM         51   1146 PM  MM      MM  53     -2       61
  AVERAGE         63                        65     -2       70

PRECIPITATION (IN)
  YESTERDAY        0.29         MM      MM   0.10   0.19     0.00
  MONTH TO DATE    2.11                      2.67  -0.56     2.03
  SINCE SEP 1      2.11                      2.67  -0.56     2.03
  SINCE JAN 1     34.37                     32.02   2.35    33.97

DEGREE DAYS
 HEATING
  YESTERDAY        2                         3     -1        0
  MONTH TO DATE    2                        22    -20       11
  SINCE SEP 1      2                        22    -20       11
  SINCE JUL 1      2                        23    -21       11

 COOLING
  YESTERDAY        0                         3     -3        5
  MONTH TO DATE  241                       159     82      191
  SINCE SEP 1    241                       159     82      191
  SINCE JAN 1   1532                      1342    190     1294
..................................................................


WIND (MPH)
  HIGHEST WIND SPEED    24   HIGHEST WIND DIRECTION     N (340)
  HIGHEST GUST SPEED    30   HIGHEST GUST DIRECTION    NW (330)
  AVERAGE WIND SPEED     8.3


SKY COVER
  POSSIBLE SUNSHINE  MM
  AVERAGE SKY COVER 0.3


WEATHER CONDITIONS
 THE FOLLOWING WEATHER WAS RECORDED YESTERDAY.
  THUNDERSTORM
  HEAVY RAIN
  RAIN
  LIGHT RAIN
  FOG
  HAZE


RELATIVE HUMIDITY (PERCENT)
 HIGHEST    90           400 AM
 LOWEST     31           400 PM
 AVERAGE    61

..........................................................


THE LAWRENCEVILLE IL AIRPORT CLIMATE NORMALS FOR TODAY
                         NORMAL    RECORD    YEAR
 MAXIMUM TEMPERATURE (F)   77        MM        MM
 MINIMUM TEMPERATURE (F)   52        MM        MM


SUNRISE AND SUNSET
SEPTEMBER 27 2016.....SUNRISE   643 AM CDT   SUNSET   639 PM CDT
SEPTEMBER 28 2016.....SUNRISE   644 AM CDT   SUNSET   637 PM CDT


-  INDICATES NEGATIVE NUMBERS.
R  INDICATES RECORD WAS SET OR TIED.
MM INDICATES DATA IS MISSING.
T  INDICATES TRACE AMOUNT.




$$
