000
CDUS43 KILX 260639
CLILWV

CLIMATE REPORT
NATIONAL WEATHER SERVICE LINCOLN IL
136 AM CDT FRI MAY 26 2017

...................................

...THE LAWRENCEVILLE IL AIRPORT CLIMATE SUMMARY FOR MAY 25 2017...

CLIMATE NORMAL PERIOD 1981 TO 2010
CLIMATE RECORD PERIOD 9999 TO 9999


WEATHER ITEM   OBSERVED TIME   RECORD YEAR NORMAL DEPARTURE LAST
                VALUE   (LST)  VALUE       VALUE  FROM      YEAR
                                                  NORMAL
..................................................................
TEMPERATURE (F)
 YESTERDAY
  MAXIMUM         73    500 PM  MM      MM  79     -6       82
  MINIMUM         58   1159 PM  MM      MM  58      0       62
  AVERAGE         66                        69     -3       72

PRECIPITATION (IN)
  YESTERDAY        0.00         MM      MM   0.14  -0.14     0.00
  MONTH TO DATE    5.90                      4.82   1.08     3.89
  SINCE MAR 1     13.66                     12.41   1.25    13.15
  SINCE JAN 1     17.81                     16.80   1.01    17.39

DEGREE DAYS
 HEATING
  YESTERDAY        0                         1     -1        0
  MONTH TO DATE   92                        76     16      115
  SINCE MAR 1    826                       992   -166      842
  SINCE JUL 1   3881                      4667   -786     4069

 COOLING
  YESTERDAY        1                         5     -4        7
  MONTH TO DATE   86                        78      8       31
  SINCE MAR 1    133                       104     29       52
  SINCE JAN 1    133                       104     29       52
..................................................................


WIND (MPH)
  HIGHEST WIND SPEED    22   HIGHEST WIND DIRECTION    NW (300)
  HIGHEST GUST SPEED    27   HIGHEST GUST DIRECTION    NW (300)
  AVERAGE WIND SPEED    11.5


SKY COVER
  POSSIBLE SUNSHINE  MM
  AVERAGE SKY COVER 0.6


WEATHER CONDITIONS
 THE FOLLOWING WEATHER WAS RECORDED YESTERDAY.
  FOG


RELATIVE HUMIDITY (PERCENT)
 HIGHEST    97          1000 PM
 LOWEST     57           400 PM
 AVERAGE    77

..........................................................


THE LAWRENCEVILLE IL AIRPORT CLIMATE NORMALS FOR TODAY
                         NORMAL    RECORD    YEAR
 MAXIMUM TEMPERATURE (F)   80        MM        MM
 MINIMUM TEMPERATURE (F)   58        MM        MM


SUNRISE AND SUNSET
MAY 26 2017...........SUNRISE   530 AM CDT   SUNSET   805 PM CDT
MAY 27 2017...........SUNRISE   530 AM CDT   SUNSET   806 PM CDT


-  INDICATES NEGATIVE NUMBERS.
R  INDICATES RECORD WAS SET OR TIED.
MM INDICATES DATA IS MISSING.
T  INDICATES TRACE AMOUNT.


$$
