000
CDUS41 KRNK 302119
CLILYH


CLIMATE REPORT
NATIONAL WEATHER SERVICE BLACKSBURG VA
519 PM EDT SAT MAY 30 2015


...................................

...THE LYNCHBURG VA CLIMATE SUMMARY FOR MAY 30 2015...
VALID TODAY AS OF 0500 PM LOCAL TIME.

CLIMATE NORMAL PERIOD 1981 TO 2010
CLIMATE RECORD PERIOD 1893 TO 2015


WEATHER ITEM   OBSERVED TIME   RECORD YEAR NORMAL DEPARTURE LAST
                VALUE   (LST)  VALUE       VALUE  FROM      YEAR
                                                  NORMAL
..................................................................
TEMPERATURE (F)
 TODAY
  MAXIMUM         86    320 PM  95    1895  79      7       74
  MINIMUM         61    515 AM  44    2000  55      6       62
                                      1902
  AVERAGE         74                        67      7       68

PRECIPITATION (IN)
  TODAY            0.00          1.84 1975   0.13  -0.13     0.00
  MONTH TO DATE    1.66                      3.60  -1.94     5.39
  SINCE MAR 1      9.00                     10.49  -1.49    13.94
  SINCE JAN 1     13.38                     16.56  -3.18    21.02

SNOWFALL (IN)
  TODAY            0.0                                       0.0
  MONTH TO DATE    0.0                                       0.0
  SINCE MAR 1      2.5                                       9.4
  SINCE JUL 1     22.9                                      21.4
  SNOW DEPTH       0

DEGREE DAYS
 HEATING
  TODAY            0                         2     -2        0
  MONTH TO DATE   59                       120    -61       65
  SINCE MAR 1    938                      1019    -81      926
  SINCE JUL 1   4627                      4443    184     4440

 COOLING
  TODAY            9                         4      5        3
  MONTH TO DATE  130                        60     70       93
  SINCE MAR 1    138                        78     60      112
  SINCE JAN 1    138                        78     60      112
..................................................................


WIND (MPH)
  HIGHEST WIND SPEED    17   HIGHEST WIND DIRECTION     S (170)
  HIGHEST GUST SPEED    22   HIGHEST GUST DIRECTION     S (190)
  AVERAGE WIND SPEED     5.0


SKY COVER
  AVERAGE SKY COVER 0.3


WEATHER CONDITIONS
 THE FOLLOWING WEATHER WAS RECORDED TODAY.
  NO SIGNIFICANT WEATHER WAS OBSERVED.


RELATIVE HUMIDITY (PERCENT)
 HIGHEST   100           200 AM
 LOWEST     43           300 PM
 AVERAGE    72

..........................................................


THE LYNCHBURG VA CLIMATE NORMALS FOR TOMORROW
                         NORMAL    RECORD    YEAR
 MAXIMUM TEMPERATURE (F)   79        97      1895
 MINIMUM TEMPERATURE (F)   56        41      2000


SUNRISE AND SUNSET
MAY 30 2015...........SUNRISE   559 AM EDT   SUNSET   830 PM EDT
MAY 31 2015...........SUNRISE   558 AM EDT   SUNSET   831 PM EDT


-  INDICATES NEGATIVE NUMBERS.
R  INDICATES RECORD WAS SET OR TIED.
MM INDICATES DATA IS MISSING.
T  INDICATES TRACE AMOUNT.




$$
