000
CDUS41 KRNK 202211
CLILYH


CLIMATE REPORT
NATIONAL WEATHER SERVICE BLACKSBURG VA
510 PM EST TUE FEB 20 2018


...................................

...THE LYNCHBURG VA CLIMATE SUMMARY FOR FEBRUARY 20 2018...
VALID TODAY AS OF 0500 PM LOCAL TIME.

CLIMATE NORMAL PERIOD 1981 TO 2010
CLIMATE RECORD PERIOD 1893 TO 2018


WEATHER ITEM   OBSERVED TIME   RECORD YEAR NORMAL DEPARTURE LAST
                VALUE   (LST)  VALUE       VALUE  FROM      YEAR
                                                  NORMAL
..................................................................
TEMPERATURE (F)
 TODAY
  MAXIMUM         73    146 PM  76    1930  50     23       71
  MINIMUM         46   1214 AM -11    2015  28     18       35
  AVERAGE         60                        39     21       53

PRECIPITATION (IN)
  TODAY            0.00          0.78 1921   0.10  -0.10     0.00
  MONTH TO DATE    5.68                      2.09   3.59     0.33
  SINCE DEC 1      9.31                      8.47   0.84     7.21
  SINCE JAN 1      8.62                      5.23   3.39     4.11

SNOWFALL (IN)
  TODAY            0.0                                       0.0
  MONTH TO DATE    0.2                                       0.0
  SINCE DEC 1      5.7                                       5.9
  SINCE JUL 1      5.7                                       5.9
  SNOW DEPTH       0

DEGREE DAYS
 HEATING
  TODAY            5                        26    -21       12
  MONTH TO DATE  477                       553    -76      391
  SINCE DEC 1   2318                      2331    -13     1969
  SINCE JUL 1   3133                      3225    -92     2599

 COOLING
  TODAY            0                         0      0        0
  MONTH TO DATE    0                         0      0        1
  SINCE DEC 1      0                         0      0        1
  SINCE JAN 1      0                         0      0        1
..................................................................


WIND (MPH)
  HIGHEST WIND SPEED    25   HIGHEST WIND DIRECTION     S (200)
  HIGHEST GUST SPEED    32   HIGHEST GUST DIRECTION     S (180)
  AVERAGE WIND SPEED     8.5


SKY COVER
  AVERAGE SKY COVER 0.8


WEATHER CONDITIONS
 THE FOLLOWING WEATHER WAS RECORDED TODAY.
  FOG
  FOG W/VISIBILITY <= 1/4 MILE


RELATIVE HUMIDITY (PERCENT)
 HIGHEST   100           100 AM
 LOWEST     61           100 PM
 AVERAGE    81

..........................................................


THE LYNCHBURG VA CLIMATE NORMALS FOR TOMORROW
                         NORMAL    RECORD    YEAR
 MAXIMUM TEMPERATURE (F)   51        75      1930
 MINIMUM TEMPERATURE (F)   28         3      2015


SUNRISE AND SUNSET
FEBRUARY 20 2018......SUNRISE   700 AM EST   SUNSET   602 PM EST
FEBRUARY 21 2018......SUNRISE   659 AM EST   SUNSET   603 PM EST


-  INDICATES NEGATIVE NUMBERS.
R  INDICATES RECORD WAS SET OR TIED.
MM INDICATES DATA IS MISSING.
T  INDICATES TRACE AMOUNT.




$$
