000
CDUS41 KRNK 270548
CLILYH


CLIMATE REPORT
NATIONAL WEATHER SERVICE BLACKSBURG VA
145 AM EDT TUE JUN 27 2017


...................................

...THE LYNCHBURG VA CLIMATE SUMMARY FOR JUNE 26 2017...

CLIMATE NORMAL PERIOD 1981 TO 2010
CLIMATE RECORD PERIOD 1893 TO 2017


WEATHER ITEM   OBSERVED TIME   RECORD YEAR NORMAL DEPARTURE LAST
                VALUE   (LST)  VALUE       VALUE  FROM      YEAR
                                                  NORMAL
..................................................................
TEMPERATURE (F)
 YESTERDAY
  MAXIMUM         80    402 PM  98    1952  86     -6       83
  MINIMUM         51    342 AM  48    1979  63    -12       63
  AVERAGE         66                        74     -8       73

PRECIPITATION (IN)
  YESTERDAY        0.00          1.94 1933   0.12  -0.12     0.00
  MONTH TO DATE    2.09                      3.18  -1.09     5.36
  SINCE JUN 1      2.09                      3.18  -1.09     5.36
  SINCE JAN 1     21.19                     19.87   1.32    25.02

SNOWFALL (IN)
  YESTERDAY        0.0                                       0.0
  MONTH TO DATE    0.0                                       0.0
  SINCE JUN 1      0.0                                       0.0
  SINCE JUL 1      5.9                                      15.6
  SNOW DEPTH       0

DEGREE DAYS
 HEATING
  YESTERDAY        0                         0      0        0
  MONTH TO DATE    4                        13     -9        1
  SINCE JUN 1      4                        13     -9        1
  SINCE JUL 1   3506                      4458   -952     3766

 COOLING
  YESTERDAY        1                         9     -8        8
  MONTH TO DATE  190                       176     14      194
  SINCE JUN 1    190                       176     14      194
  SINCE JAN 1    326                       258     68      265
..................................................................


WIND (MPH)
  HIGHEST WIND SPEED    13   HIGHEST WIND DIRECTION    SW (210)
  HIGHEST GUST SPEED    18   HIGHEST GUST DIRECTION     W (280)
  AVERAGE WIND SPEED     2.9


SKY COVER
  AVERAGE SKY COVER 0.0


WEATHER CONDITIONS
 THE FOLLOWING WEATHER WAS RECORDED YESTERDAY.
  NO SIGNIFICANT WEATHER WAS OBSERVED.


RELATIVE HUMIDITY (PERCENT)
 HIGHEST    96           300 AM
 LOWEST     31          1200 PM
 AVERAGE    64

..........................................................


THE LYNCHBURG VA CLIMATE NORMALS FOR TODAY
                         NORMAL    RECORD    YEAR
 MAXIMUM TEMPERATURE (F)   86        99      1952
 MINIMUM TEMPERATURE (F)   63        50      2012


SUNRISE AND SUNSET
JUNE 27 2017..........SUNRISE   558 AM EDT   SUNSET   841 PM EDT
JUNE 28 2017..........SUNRISE   559 AM EDT   SUNSET   841 PM EDT


-  INDICATES NEGATIVE NUMBERS.
R  INDICATES RECORD WAS SET OR TIED.
MM INDICATES DATA IS MISSING.
T  INDICATES TRACE AMOUNT.

REMARKS:
DUE TO A POWER OUTAGE CAUSING A MISSING LOW TEMPERATURE ON FEBRUARY
23...THE SEASONAL HEATING DEGREE DAY TOTAL AND DEPARTURE FROM
NORMAL WILL BE CALCULATED WITHOUT DATA FROM THIS DATE.




$$
