000
CDUS41 KRNK 070823
CLILYH


CLIMATE REPORT
NATIONAL WEATHER SERVICE BLACKSBURG VA
422 AM EDT TUE JUL 7 2015


...................................

...THE LYNCHBURG VA CLIMATE SUMMARY FOR JULY 6 2015...

CLIMATE NORMAL PERIOD 1981 TO 2010
CLIMATE RECORD PERIOD 1893 TO 2015


WEATHER ITEM   OBSERVED TIME   RECORD YEAR NORMAL DEPARTURE LAST
                VALUE   (LST)  VALUE       VALUE  FROM      YEAR
                                                  NORMAL
..................................................................
TEMPERATURE (F)
 YESTERDAY
  MAXIMUM         80    506 PM  98    2010  87     -7       86
                                      1999
                                      1977
  MINIMUM         65   1159 PM  52    2014  64      1       52
                                      1979
  AVERAGE         73                        75     -2       69

PRECIPITATION (IN)
  YESTERDAY        0.84          1.31 1989   0.13   0.71     0.00
  MONTH TO DATE    1.76                      0.75   1.01     0.65
  SINCE JUN 1      7.35                      4.37   2.98     3.05
  SINCE JAN 1     20.73                     21.06  -0.33    24.07

SNOWFALL (IN)
  YESTERDAY        0.0                                       0.0
  MONTH TO DATE    0.0                                       0.0
  SINCE JUN 1      0.0                                       0.0
  SINCE JUL 1      0.0                                       0.0
  SNOW DEPTH       0

DEGREE DAYS
 HEATING
  YESTERDAY        0                         0      0        0
  MONTH TO DATE    0                         0      0        0
  SINCE JUN 1     13                        14     -1        1
  SINCE JUL 1      0                         0      0        0

 COOLING
  YESTERDAY        8                        10     -2        4
  MONTH TO DATE   45                        60    -15       61
  SINCE JUN 1    323                       274     49      316
  SINCE JAN 1    471                       356    115      430
..................................................................


WIND (MPH)
  HIGHEST WIND SPEED    24   HIGHEST WIND DIRECTION     S (200)
  HIGHEST GUST SPEED    28   HIGHEST GUST DIRECTION     S (200)
  AVERAGE WIND SPEED     4.4


SKY COVER
  AVERAGE SKY COVER 0.7


WEATHER CONDITIONS
 THE FOLLOWING WEATHER WAS RECORDED YESTERDAY.
  HEAVY RAIN
  RAIN
  LIGHT RAIN
  FOG
  FOG W/VISIBILITY <= 1/4 MILE


RELATIVE HUMIDITY (PERCENT)
 HIGHEST   100          1200 AM
 LOWEST     74           400 PM
 AVERAGE    87

..........................................................


THE LYNCHBURG VA CLIMATE NORMALS FOR TODAY
                         NORMAL    RECORD    YEAR
 MAXIMUM TEMPERATURE (F)   87       100      2012
 MINIMUM TEMPERATURE (F)   64        52      2001


SUNRISE AND SUNSET
JULY  7 2015..........SUNRISE   603 AM EDT   SUNSET   840 PM EDT
JULY  8 2015..........SUNRISE   603 AM EDT   SUNSET   840 PM EDT


-  INDICATES NEGATIVE NUMBERS.
R  INDICATES RECORD WAS SET OR TIED.
MM INDICATES DATA IS MISSING.
T  INDICATES TRACE AMOUNT.




$$
