000
CDUS41 KRNK 160924
CLILYH


CLIMATE REPORT
NATIONAL WEATHER SERVICE BLACKSBURG VA
521 AM EDT WED APR 16 2014


...................................

...THE LYNCHBURG VA CLIMATE SUMMARY FOR APRIL 15 2014...

CLIMATE NORMAL PERIOD 1981 TO 2010
CLIMATE RECORD PERIOD 1893 TO 2014


WEATHER ITEM   OBSERVED TIME   RECORD YEAR NORMAL DEPARTURE LAST
                VALUE   (LST)  VALUE       VALUE  FROM      YEAR
                                                  NORMAL
..................................................................
TEMPERATURE (F)
 YESTERDAY
  MAXIMUM         72   1124 AM  89    1941  68      4       65
                                      1936
  MINIMUM         38   1159 PM  28    1950  43     -5       54
  AVERAGE         55                        55      0       60

PRECIPITATION (IN)
  YESTERDAY        1.86          2.53 1987   0.11   1.75     0.30
  MONTH TO DATE    3.41                      1.68   1.73     1.95
  SINCE MAR 1      6.34                      5.26   1.08     5.26
  SINCE JAN 1     13.42                     11.33   2.09    12.89

SNOWFALL (IN)
  YESTERDAY        T
  MONTH TO DATE    T
  SINCE MAR 1      9.4
  SINCE JUL 1     21.4
  SNOW DEPTH       0

DEGREE DAYS
 HEATING
  YESTERDAY       10                        10      0        5
  MONTH TO DATE   77                       180   -103      145
  SINCE MAR 1    727                       775    -48      864
  SINCE JUL 1   4241                      4199     42     4039

 COOLING
  YESTERDAY        0                         1     -1        0
  MONTH TO DATE   19                         3     16       27
  SINCE MAR 1     19                         5     14       27
  SINCE JAN 1     19                         5     14       27
..................................................................


WIND (MPH)
  HIGHEST WIND SPEED    25   HIGHEST WIND DIRECTION     S (200)
  HIGHEST GUST SPEED    35   HIGHEST GUST DIRECTION     S (200)
  AVERAGE WIND SPEED     9.3


SKY COVER
  POSSIBLE SUNSHINE  MM
  AVERAGE SKY COVER 0.8


WEATHER CONDITIONS
 THE FOLLOWING WEATHER WAS RECORDED YESTERDAY.
  HEAVY RAIN
  RAIN
  LIGHT RAIN
  SLEET
  FOG


RELATIVE HUMIDITY (PERCENT)
 HIGHEST    87          1200 AM
 LOWEST     44          1100 PM
 AVERAGE    66

..........................................................


THE LYNCHBURG VA CLIMATE NORMALS FOR TODAY
                         NORMAL    RECORD    YEAR
 MAXIMUM TEMPERATURE (F)   69        91      2002
 MINIMUM TEMPERATURE (F)   43        27      1943


SUNRISE AND SUNSET
APRIL 16 2014.........SUNRISE   641 AM EDT   SUNSET   753 PM EDT
APRIL 17 2014.........SUNRISE   639 AM EDT   SUNSET   754 PM EDT


-  INDICATES NEGATIVE NUMBERS.
R  INDICATES RECORD WAS SET OR TIED.
MM INDICATES DATA IS MISSING.
T  INDICATES TRACE AMOUNT.



$$
