000
CDUS41 KRNK 280857
CLILYH


CLIMATE REPORT
NATIONAL WEATHER SERVICE BLACKSBURG VA
455 AM EDT SAT MAY 28 2016


...................................

...THE LYNCHBURG VA CLIMATE SUMMARY FOR MAY 27 2016...

CLIMATE NORMAL PERIOD 1981 TO 2010
CLIMATE RECORD PERIOD 1893 TO 2016


WEATHER ITEM   OBSERVED TIME   RECORD YEAR NORMAL DEPARTURE LAST
                VALUE   (LST)  VALUE       VALUE  FROM      YEAR
                                                  NORMAL
..................................................................
TEMPERATURE (F)
 YESTERDAY
  MAXIMUM         86    206 PM  95    1936  78      8       84
                                      1914
  MINIMUM         62    509 AM  40    1925  54      8       65
  AVERAGE         74                        66      8       75

PRECIPITATION (IN)
  YESTERDAY        0.00          2.38 1968   0.13  -0.13     0.00
  MONTH TO DATE    6.76                      3.20   3.56     1.56
  SINCE MAR 1     12.24                     10.09   2.15     8.90
  SINCE JAN 1     19.53                     16.16   3.37    13.28

SNOWFALL (IN)
  YESTERDAY        0.0                                       0.0
  MONTH TO DATE    0.0                                       0.0
  SINCE MAR 1      T                                         2.5
  SINCE JUL 1     15.6                                      22.9
  SNOW DEPTH       0

DEGREE DAYS
 HEATING
  YESTERDAY        0                         2     -2        0
  MONTH TO DATE  117                       114      3       59
  SINCE MAR 1    799                      1013   -214      938
  SINCE JUL 1   3765                      4437   -672     4627

 COOLING
  YESTERDAY        9                         3      6       10
  MONTH TO DATE   25                        49    -24      104
  SINCE MAR 1     42                        67    -25      112
  SINCE JAN 1     42                        67    -25      112
..................................................................


WIND (MPH)
  HIGHEST WIND SPEED    15   HIGHEST WIND DIRECTION     S (180)
  HIGHEST GUST SPEED    19   HIGHEST GUST DIRECTION     S (180)
  AVERAGE WIND SPEED     5.6


SKY COVER
  AVERAGE SKY COVER 0.2


WEATHER CONDITIONS
 THE FOLLOWING WEATHER WAS RECORDED YESTERDAY.
  NO SIGNIFICANT WEATHER WAS OBSERVED.


RELATIVE HUMIDITY (PERCENT)
 HIGHEST   100           300 AM
 LOWEST     51           100 PM
 AVERAGE    76

..........................................................


THE LYNCHBURG VA CLIMATE NORMALS FOR TODAY
                         NORMAL    RECORD    YEAR
 MAXIMUM TEMPERATURE (F)   78        97      1941
 MINIMUM TEMPERATURE (F)   55        39      1961


SUNRISE AND SUNSET
MAY 28 2016...........SUNRISE   559 AM EDT   SUNSET   829 PM EDT
MAY 29 2016...........SUNRISE   559 AM EDT   SUNSET   830 PM EDT


-  INDICATES NEGATIVE NUMBERS.
R  INDICATES RECORD WAS SET OR TIED.
MM INDICATES DATA IS MISSING.
T  INDICATES TRACE AMOUNT.

REMARKS:

DUE TO A SENSOR FAILURE CAUSING MISSING TEMPERATURES ON OCTOBER 22
AND 23...THE SEASONAL HEATING DEGREE DAY TOTAL AND DEPARTURE FROM
NORMAL WILL BE CALCULATED WITHOUT DATA FROM THESE DATES.

$$

RAB
