000
CDUS41 KRNK 042219
CLILYH


CLIMATE REPORT
NATIONAL WEATHER SERVICE BLACKSBURG VA
518 PM EST WED MAR 4 2015


...................................

...THE LYNCHBURG VA CLIMATE SUMMARY FOR MARCH 4 2015...
VALID TODAY AS OF 0500 PM LOCAL TIME.

CLIMATE NORMAL PERIOD 1981 TO 2010
CLIMATE RECORD PERIOD 1893 TO 2015


WEATHER ITEM   OBSERVED TIME   RECORD YEAR NORMAL DEPARTURE LAST
                VALUE   (LST)  VALUE       VALUE  FROM      YEAR
                                                  NORMAL
..................................................................
TEMPERATURE (F)
 TODAY
  MAXIMUM         58    228 PM  79    1976  54      4       33
  MINIMUM         37    153 AM   8    2009  30      7        9
  AVERAGE         48                        42      6       21

PRECIPITATION (IN)
  TODAY            0.07          1.83 1993   0.11  -0.04     0.00
  MONTH TO DATE    0.20                      0.42  -0.22     0.79
  SINCE MAR 1      0.20                      0.42  -0.22     0.79
  SINCE JAN 1      4.58                      6.49  -1.91     7.87

SNOWFALL (IN)
  TODAY            0.0
  MONTH TO DATE    0.0
  SINCE MAR 1      0.0
  SINCE JUL 1     20.4
  SNOW DEPTH       0

DEGREE DAYS
 HEATING
  TODAY           17                        23     -6       44
  MONTH TO DATE  111                        93     18      128
  SINCE MAR 1    111                        93     18      128
  SINCE JUL 1   3800                      3517    283     3642

 COOLING
  TODAY            0                         0      0        0
  MONTH TO DATE    0                         0      0        0
  SINCE MAR 1      0                         0      0        0
  SINCE JAN 1      0                         0      0        0
..................................................................


WIND (MPH)
  HIGHEST WIND SPEED    13   HIGHEST WIND DIRECTION     S (200)
  HIGHEST GUST SPEED    15   HIGHEST GUST DIRECTION    NW (300)
  AVERAGE WIND SPEED     5.0


SKY COVER
  POSSIBLE SUNSHINE  MM
  AVERAGE SKY COVER 1.0


WEATHER CONDITIONS
 THE FOLLOWING WEATHER WAS RECORDED TODAY.
  LIGHT RAIN
  FOG


RELATIVE HUMIDITY (PERCENT)
 HIGHEST   100          1200 AM
 LOWEST     77           300 PM
 AVERAGE    89

..........................................................


THE LYNCHBURG VA CLIMATE NORMALS FOR TOMORROW
                         NORMAL    RECORD    YEAR
 MAXIMUM TEMPERATURE (F)   54        80      1976
 MINIMUM TEMPERATURE (F)   31         8      1978


SUNRISE AND SUNSET
MARCH  4 2015.........SUNRISE   644 AM EST   SUNSET   613 PM EST
MARCH  5 2015.........SUNRISE   643 AM EST   SUNSET   614 PM EST


-  INDICATES NEGATIVE NUMBERS.
R  INDICATES RECORD WAS SET OR TIED.
MM INDICATES DATA IS MISSING.
T  INDICATES TRACE AMOUNT.




$$
