000
CDUS41 KRNK 130857
CLILYH


CLIMATE REPORT
NATIONAL WEATHER SERVICE BLACKSBURG VA
349 AM EST WED DEC 13 2017


...................................

...THE LYNCHBURG VA CLIMATE SUMMARY FOR DECEMBER 12 2017...

CLIMATE NORMAL PERIOD 1981 TO 2010
CLIMATE RECORD PERIOD 1893 TO 2017


WEATHER ITEM   OBSERVED TIME   RECORD YEAR NORMAL DEPARTURE LAST
                VALUE   (LST)  VALUE       VALUE  FROM      YEAR
                                                  NORMAL
..................................................................
TEMPERATURE (F)
 YESTERDAY
  MAXIMUM         49   1058 AM  76    2015  48      1       59
                                      2007
  MINIMUM         25   1159 PM   8    1962  28     -3       37
                                      1957
  AVERAGE         37                        38     -1       48

PRECIPITATION (IN)
  YESTERDAY        0.00          1.88 1983   0.11  -0.11     0.45
  MONTH TO DATE    0.45                      1.37  -0.92     2.07
  SINCE DEC 1      0.45                      1.37  -0.92     2.07
  SINCE JAN 1     32.68                     39.70  -7.02    41.47

SNOWFALL (IN)
  YESTERDAY        0.0                                       0.0
  MONTH TO DATE    1.5                                       0.0
  SINCE DEC 1      1.5                                       0.0
  SINCE JUL 1      1.5                                       0.0
  SNOW DEPTH       0

DEGREE DAYS
 HEATING
  YESTERDAY       28                        27      1       17
  MONTH TO DATE  296                       305     -9      313
  SINCE DEC 1    296                       305     -9      313
  SINCE JUL 1   1111                      1199    -88      943

 COOLING
  YESTERDAY        0                         0      0        0
  MONTH TO DATE    0                         0      0        0
  SINCE DEC 1      0                         0      0        0
  SINCE JAN 1   1174                      1032    142     1358
..................................................................


WIND (MPH)
  HIGHEST WIND SPEED    22   HIGHEST WIND DIRECTION    NW (310)
  HIGHEST GUST SPEED    33   HIGHEST GUST DIRECTION    NW (320)
  AVERAGE WIND SPEED     7.9


SKY COVER
  AVERAGE SKY COVER 0.4


WEATHER CONDITIONS
 THE FOLLOWING WEATHER WAS RECORDED YESTERDAY.
  NO SIGNIFICANT WEATHER WAS OBSERVED.


RELATIVE HUMIDITY (PERCENT)
 HIGHEST    82           600 AM
 LOWEST     33           900 PM
 AVERAGE    58

..........................................................


THE LYNCHBURG VA CLIMATE NORMALS FOR TODAY
                         NORMAL    RECORD    YEAR
 MAXIMUM TEMPERATURE (F)   48        75      1927
 MINIMUM TEMPERATURE (F)   28         3      1962


SUNRISE AND SUNSET
DECEMBER 13 2017......SUNRISE   722 AM EST   SUNSET   500 PM EST
DECEMBER 14 2017......SUNRISE   723 AM EST   SUNSET   500 PM EST


-  INDICATES NEGATIVE NUMBERS.
R  INDICATES RECORD WAS SET OR TIED.
MM INDICATES DATA IS MISSING.
T  INDICATES TRACE AMOUNT.

REMARKS:
DUE TO MISSING TEMPERATURES ON FEBRUARY 23 AND JULY 24-25...ALL
TEMPERATURE AND DEGREE DAY INFORMATION WILL BE CALCULATED WITHOUT
DATA FROM THESE DATES.


$$
