000
CDUS41 KRNK 010649
CLILYH


CLIMATE REPORT
NATIONAL WEATHER SERVICE BLACKSBURG VA
248 AM EDT SAT AUG 1 2015


...................................

...THE LYNCHBURG VA CLIMATE SUMMARY FOR JULY 31 2015...

CLIMATE NORMAL PERIOD 1981 TO 2010
CLIMATE RECORD PERIOD 1893 TO 2015


WEATHER ITEM   OBSERVED TIME   RECORD YEAR NORMAL DEPARTURE LAST
                VALUE   (LST)  VALUE       VALUE  FROM      YEAR
                                                  NORMAL
..................................................................
TEMPERATURE (F)
 YESTERDAY
  MAXIMUM         86    432 PM  99    1931  86      0       81
  MINIMUM         64   1159 PM  49    1997  64      0       56
  AVERAGE         75                        75      0       69

PRECIPITATION (IN)
  YESTERDAY        0.00          1.95 1925   0.15  -0.15     0.05
  MONTH TO DATE    3.79                      4.36  -0.57     5.79
  SINCE JUN 1      9.38                      7.98   1.40     8.19
  SINCE JAN 1     22.76                     24.67  -1.91    29.21

SNOWFALL (IN)
  YESTERDAY        0.0                                       0.0
  MONTH TO DATE    0.0                                       0.0
  SINCE JUN 1      0.0                                       0.0
  SINCE JUL 1      0.0                                       0.0
  SNOW DEPTH       0

DEGREE DAYS
 HEATING
  YESTERDAY        0                         0      0        0
  MONTH TO DATE    0                         0      0        0
  SINCE JUN 1     13                        15     -2        1
  SINCE JUL 1      0                         1     -1        0

 COOLING
  YESTERDAY       10                        10      0        4
  MONTH TO DATE  329                       318     11      290
  SINCE JUN 1    607                       532     75      545
  SINCE JAN 1    755                       614    141      659
..................................................................


WIND (MPH)
  HIGHEST WIND SPEED     9   HIGHEST WIND DIRECTION     N (10)
  HIGHEST GUST SPEED    13   HIGHEST GUST DIRECTION     N (10)
  AVERAGE WIND SPEED     3.5


SKY COVER
  AVERAGE SKY COVER 0.1


WEATHER CONDITIONS
 THE FOLLOWING WEATHER WAS RECORDED YESTERDAY.
  NO SIGNIFICANT WEATHER WAS OBSERVED.


RELATIVE HUMIDITY (PERCENT)
 HIGHEST    93          1100 PM
 LOWEST     34           200 PM
 AVERAGE    64

..........................................................


THE LYNCHBURG VA CLIMATE NORMALS FOR TODAY
                         NORMAL    RECORD    YEAR
 MAXIMUM TEMPERATURE (F)   86        98      1935
 MINIMUM TEMPERATURE (F)   64        51      1997


SUNRISE AND SUNSET
AUGUST  1 2015........SUNRISE   621 AM EDT   SUNSET   825 PM EDT
AUGUST  2 2015........SUNRISE   622 AM EDT   SUNSET   824 PM EDT


-  INDICATES NEGATIVE NUMBERS.
R  INDICATES RECORD WAS SET OR TIED.
MM INDICATES DATA IS MISSING.
T  INDICATES TRACE AMOUNT.




$$
