000
CDUS44 KLZK 242205
CLILZK


CLIMATE REPORT
NATIONAL WEATHER SERVICE LITTLE ROCK AR
404 PM CST FRI NOV 24 2017


...................................

...THE NORTH LITTLE ROCK CLIMATE SUMMARY FOR NOVEMBER 24 2017...
VALID TODAY AS OF 0400 PM LOCAL TIME.

CLIMATE NORMAL PERIOD 1981 TO 2010
CLIMATE RECORD PERIOD 1975 TO 2017


WEATHER ITEM   OBSERVED TIME   RECORD YEAR NORMAL DEPARTURE LAST
                VALUE   (LST)  VALUE       VALUE  FROM      YEAR
                                                  NORMAL
..................................................................
TEMPERATURE (F)
 TODAY
  MAXIMUM         68    200 PM  76    2010  58     10       52
  MINIMUM         41        MM  23    2013  41      0       44
  AVERAGE         55                        49      6       48

PRECIPITATION (IN)
  TODAY            0.00          2.83 2000   0.19  -0.19     0.00
  MONTH TO DATE    0.41                      4.24  -3.83     1.03
  SINCE SEP 1      2.06                     12.35 -10.29     3.65
  SINCE JAN 1     44.65                     43.87   0.78    47.84

SNOWFALL (IN)
  TODAY            0.0           T    2007   0.0    0.0      0.0
  MONTH TO DATE    0.0                       0.0    0.0      0.0
  SINCE SEP 1      T                         T      0.0      0.0
  SINCE JUL 1      T                         T      0.0       T
  SNOW DEPTH       0

DEGREE DAYS
 HEATING
  TODAY           10                        16     -6       17
  MONTH TO DATE  242                       274    -32      171
  SINCE SEP 1    364                       409    -45      196
  SINCE JUL 1    364                       409    -45      196

 COOLING
  TODAY            0                         0      0        0
  MONTH TO DATE   29                        10     19       28
  SINCE SEP 1    486                       391     95      579
  SINCE JAN 1   2083                      2168    -85     2374
..................................................................


WIND (MPH)
  HIGHEST WIND SPEED     9   HIGHEST WIND DIRECTION     S (200)
  HIGHEST GUST SPEED    MM   HIGHEST GUST DIRECTION    MM
  AVERAGE WIND SPEED     4.0


SKY COVER
  POSSIBLE SUNSHINE  MM
  AVERAGE SKY COVER 0.0


WEATHER CONDITIONS
 THE FOLLOWING WEATHER WAS RECORDED TODAY.
  NO SIGNIFICANT WEATHER WAS OBSERVED.


RELATIVE HUMIDITY (PERCENT)
 HIGHEST    67           600 AM
 LOWEST     30           200 PM
 AVERAGE    49

..........................................................


THE NORTH LITTLE ROCK CLIMATE NORMALS FOR TOMORROW
                         NORMAL    RECORD    YEAR
 MAXIMUM TEMPERATURE (F)   58        75      1998
 MINIMUM TEMPERATURE (F)   40        29      1980


SUNRISE AND SUNSET
NOVEMBER 24 2017......SUNRISE   652 AM CST   SUNSET   459 PM CST
NOVEMBER 25 2017......SUNRISE   653 AM CST   SUNSET   459 PM CST


-  INDICATES NEGATIVE NUMBERS.
R  INDICATES RECORD WAS SET OR TIED.
MM INDICATES DATA IS MISSING.
T  INDICATES TRACE AMOUNT.




$$
