000
CDUS44 KLZK 050901
CLILZK


CLIMATE REPORT
NATIONAL WEATHER SERVICE LITTLE ROCK AR
401 AM CDT SUN JUL 5 2015


...................................

...THE NORTH LITTLE ROCK CLIMATE SUMMARY FOR JULY 4 2015...

CLIMATE NORMAL PERIOD 1981 TO 2010
CLIMATE RECORD PERIOD 1975 TO 2015


WEATHER ITEM   OBSERVED TIME   RECORD YEAR NORMAL DEPARTURE LAST
                VALUE   (LST)  VALUE       VALUE  FROM      YEAR
                                                  NORMAL
..................................................................
TEMPERATURE (F)
 YESTERDAY
  MAXIMUM         84        MM 101    2012  91     -7       83
  MINIMUM         68        MM  64    2014  72     -4       64
                                      2013
                                      1995
  AVERAGE         76                        82     -6       74

PRECIPITATION (IN)
  YESTERDAY        T             1.15 1995   0.11  -0.11     0.00
  MONTH TO DATE    1.11                      0.45   0.66     0.06
  SINCE JUN 1      3.52                      3.76  -0.24     7.64
  SINCE JAN 1     34.58                     25.36   9.22    30.12

SNOWFALL (IN)
  YESTERDAY        0.0          MM      MM   0.0    0.0      0.0
  MONTH TO DATE    0.0                       0.0    0.0      0.0
  SINCE JUN 1      0.0                       0.0    0.0      0.0
  SINCE JUL 1      0.0                       0.0    0.0      0.0
  SNOW DEPTH       0

DEGREE DAYS
 HEATING
  YESTERDAY        0                         0      0        0
  MONTH TO DATE    0                         0      0        0
  SINCE JUN 1      0                         1     -1        0
  SINCE JUL 1      0                         0      0        0

 COOLING
  YESTERDAY       11                        17     -6        9
  MONTH TO DATE   54                        68    -14       45
  SINCE JUN 1    504                       481     23      437
  SINCE JAN 1    787                       777     10      701
..................................................................


WIND (MPH)
  HIGHEST WIND SPEED    10   HIGHEST WIND DIRECTION    SW (210)
  HIGHEST GUST SPEED    MM   HIGHEST GUST DIRECTION    MM
  AVERAGE WIND SPEED     5.6


SKY COVER
  POSSIBLE SUNSHINE  MM
  AVERAGE SKY COVER 0.4


WEATHER CONDITIONS
 THE FOLLOWING WEATHER WAS RECORDED YESTERDAY.
  LIGHT RAIN
  FOG


RELATIVE HUMIDITY (PERCENT)
 HIGHEST   100           100 AM
 LOWEST     70           500 PM
 AVERAGE    85

..........................................................


THE NORTH LITTLE ROCK CLIMATE NORMALS FOR TODAY
                         NORMAL    RECORD    YEAR
 MAXIMUM TEMPERATURE (F)   92       102      2012
 MINIMUM TEMPERATURE (F)   72        60      1997


SUNRISE AND SUNSET
JULY  5 2015..........SUNRISE   601 AM CDT   SUNSET   826 PM CDT
JULY  6 2015..........SUNRISE   601 AM CDT   SUNSET   826 PM CDT


-  INDICATES NEGATIVE NUMBERS.
R  INDICATES RECORD WAS SET OR TIED.
MM INDICATES DATA IS MISSING.
T  INDICATES TRACE AMOUNT.




$$
