000
CDUS44 KLZK 260651
CLILZK


CLIMATE REPORT
NATIONAL WEATHER SERVICE LITTLE ROCK AR
150 AM CDT SUN MAR 26 2017


...................................

...THE NORTH LITTLE ROCK CLIMATE SUMMARY FOR MARCH 25 2017...

CLIMATE NORMAL PERIOD 1981 TO 2010
CLIMATE RECORD PERIOD 1975 TO 2017


WEATHER ITEM   OBSERVED TIME   RECORD YEAR NORMAL DEPARTURE LAST
                VALUE   (LST)  VALUE       VALUE  FROM      YEAR
                                                  NORMAL
..................................................................
TEMPERATURE (F)
 YESTERDAY
  MAXIMUM         70        MM  82    1991  67      3       57
  MINIMUM         51   1100 PM  29    2013  47      4       37
  AVERAGE         61                        57      4       47

PRECIPITATION (IN)
  YESTERDAY        0.02          0.60 2002   0.16  -0.14     0.00
  MONTH TO DATE    3.16                      3.83  -0.67     7.30
  SINCE MAR 1      3.16                      3.83  -0.67     7.30
  SINCE JAN 1      8.44                     10.91  -2.47    12.36

SNOWFALL (IN)
  YESTERDAY        0.0          MM      MM   0.0    0.0      0.0
  MONTH TO DATE    T                         0.4   -0.4       T
  SINCE MAR 1      T                         0.4   -0.4       T
  SINCE JUL 1      0.8                       4.4   -3.6      7.2
  SNOW DEPTH       0

DEGREE DAYS
 HEATING
  YESTERDAY        4                         9     -5       18
  MONTH TO DATE  258                       311    -53      211
  SINCE MAR 1    258                       311    -53      211
  SINCE JUL 1   2089                      2797   -708     2172

 COOLING
  YESTERDAY        0                         1     -1        0
  MONTH TO DATE   19                        10      9       11
  SINCE MAR 1     19                        10      9       11
  SINCE JAN 1     36                        12     24       14
..................................................................


WIND (MPH)
  HIGHEST WIND SPEED    13   HIGHEST WIND DIRECTION    SW (220)
  HIGHEST GUST SPEED    21   HIGHEST GUST DIRECTION     W (250)
  AVERAGE WIND SPEED     7.0


SKY COVER
  POSSIBLE SUNSHINE  MM
  AVERAGE SKY COVER 0.0


WEATHER CONDITIONS
 THE FOLLOWING WEATHER WAS RECORDED YESTERDAY.
  NO SIGNIFICANT WEATHER WAS OBSERVED.


RELATIVE HUMIDITY (PERCENT)
 HIGHEST   100           300 AM
 LOWEST     53           200 PM
 AVERAGE    77

..........................................................


THE NORTH LITTLE ROCK CLIMATE NORMALS FOR TODAY
                         NORMAL    RECORD    YEAR
 MAXIMUM TEMPERATURE (F)   67        83      1991
 MINIMUM TEMPERATURE (F)   47        29      2013


SUNRISE AND SUNSET
MARCH 26 2017.........SUNRISE   704 AM CDT   SUNSET   726 PM CDT
MARCH 27 2017.........SUNRISE   703 AM CDT   SUNSET   727 PM CDT


-  INDICATES NEGATIVE NUMBERS.
R  INDICATES RECORD WAS SET OR TIED.
MM INDICATES DATA IS MISSING.
T  INDICATES TRACE AMOUNT.




$$
