000
CDUS46 KHNX 040823
CLIMAE


CLIMATE REPORT
NATIONAL WEATHER SERVICE SAN JOAQUIN VALLEY, CA
1222 AM PST SUN DEC 4 2016


...................................

...THE MADERA CA AIRPORT CLIMATE SUMMARY FOR DECEMBER 3 2016...

CLIMATE NORMAL PERIOD 1981 TO 2010
CLIMATE RECORD PERIOD 1998 TO 2016


WEATHER ITEM   OBSERVED TIME   RECORD YEAR NORMAL DEPARTURE
                VALUE   (LST)  VALUE       VALUE  FROM
                                                  NORMAL
...............................................................
TEMPERATURE (F)
 YESTERDAY
  MAXIMUM         58    332 PM  75    2014  57      1
  MINIMUM         34    710 AM  26    2011  37     -3
  AVERAGE         46                        47     -1

PRECIPITATION (IN)
  YESTERDAY        0.00          0.23 1998   0.04  -0.04
  MONTH TO DATE    0.00                      0.09  -0.09
  SINCE OCT 1      2.20                      2.12   0.08
  SINCE JAN 1     10.60                     10.41   0.19

SNOWFALL (IN)
  YESTERDAY        0.0
  MONTH TO DATE    0.0
  SINCE DEC 1      0.0
  SINCE JUL 1      0.0
  SNOW DEPTH       0

DEGREE DAYS
 HEATING
  YESTERDAY       19
  MONTH TO DATE   59
  SINCE DEC 1     59
  SINCE JUL 1    367

 COOLING
  YESTERDAY        0
  MONTH TO DATE    0
  SINCE DEC 1      0
  SINCE JAN 1   1819
...............................................................


WIND (MPH)
  HIGHEST WIND SPEED     7   HIGHEST WIND DIRECTION     E (70)
  HIGHEST GUST SPEED    10   HIGHEST GUST DIRECTION     S (190)
  AVERAGE WIND SPEED     2.0




RELATIVE HUMIDITY (PERCENT)
 HIGHEST    92
 LOWEST     47
 AVERAGE    70

..........................................................


THE MADERA CA AIRPORT CLIMATE NORMALS FOR TODAY
                         NORMAL    RECORD    YEAR
 MAXIMUM TEMPERATURE (F)   57        69      2014
 MINIMUM TEMPERATURE (F)   37        24      2013


SUNRISE AND SUNSET
DECEMBER  4 2016......SUNRISE   658 AM PST   SUNSET   444 PM PST
DECEMBER  5 2016......SUNRISE   659 AM PST   SUNSET   443 PM PST


-  INDICATES NEGATIVE NUMBERS.
R  INDICATES RECORD WAS SET OR TIED.
MM INDICATES DATA IS MISSING.
T  INDICATES TRACE AMOUNT.




$$
