000
CDUS46 KHNX 300821
CLIMAE


CLIMATE REPORT
NATIONAL WEATHER SERVICE SAN JOAQUIN VALLEY, CA
120 AM PDT TUE JUN 30 2015


...................................

...THE MADERA CA AIRPORT CLIMATE SUMMARY FOR JUNE 29 2015...

CLIMATE NORMAL PERIOD 1981 TO 2010
CLIMATE RECORD PERIOD 1998 TO 2015


WEATHER ITEM   OBSERVED TIME   RECORD YEAR NORMAL DEPARTURE
                VALUE   (LST)  VALUE       VALUE  FROM
                                                  NORMAL
...............................................................
TEMPERATURE (F)
 YESTERDAY
  MAXIMUM         98    513 PM 106    2013  95      3
  MINIMUM         66    341 AM  56    2011  60      6
                                      2005
  AVERAGE         82                        77      5

PRECIPITATION (IN)
  YESTERDAY        0.00          0.10 2011   0.00   0.00
  MONTH TO DATE    0.00                      0.19  -0.19
  SINCE OCT 1      5.71                     11.73  -6.02
  SINCE JAN 1      2.03                      8.00  -5.97

SNOWFALL (IN)
  YESTERDAY        0.0
  MONTH TO DATE    0.0
  SINCE JUN 1      0.0
  SINCE JUL 1      0.0
  SNOW DEPTH       0

DEGREE DAYS
 HEATING
  YESTERDAY        0
  MONTH TO DATE    0
  SINCE JUN 1      0
  SINCE JUL 1   1726

 COOLING
  YESTERDAY       17
  MONTH TO DATE  407
  SINCE JUN 1    407
  SINCE JAN 1    588
...............................................................


WIND (MPH)
  HIGHEST WIND SPEED    13   HIGHEST WIND DIRECTION     W (290)
  HIGHEST GUST SPEED    MM   HIGHEST GUST DIRECTION    MM
  AVERAGE WIND SPEED     7.9




RELATIVE HUMIDITY (PERCENT)
 HIGHEST    68
 LOWEST     22
 AVERAGE    45

..........................................................


THE MADERA CA AIRPORT CLIMATE NORMALS FOR TODAY
                         NORMAL    RECORD    YEAR
 MAXIMUM TEMPERATURE (F)   95       106      2013
 MINIMUM TEMPERATURE (F)   60        53      2011
                                             2003


SUNRISE AND SUNSET
JUNE 30 2015..........SUNRISE   544 AM PDT   SUNSET   824 PM PDT
JULY  1 2015..........SUNRISE   545 AM PDT   SUNSET   824 PM PDT


-  INDICATES NEGATIVE NUMBERS.
R  INDICATES RECORD WAS SET OR TIED.
MM INDICATES DATA IS MISSING.
T  INDICATES TRACE AMOUNT.




$$
