000
CDUS46 KHNX 220023
CLIMAE


CLIMATE REPORT
NATIONAL WEATHER SERVICE SAN JOAQUIN VALLEY, CA
422 PM PST TUE FEB 21 2017


...................................

...THE MADERA CA CLIMATE SUMMARY FOR FEBRUARY 21 2017...
VALID AS OF 0400 PM LOCAL TIME.

CLIMATE NORMAL PERIOD 1981 TO 2010
CLIMATE RECORD PERIOD 1998 TO 2017


WEATHER ITEM   OBSERVED TIME   RECORD YEAR NORMAL DEPARTURE LAST
                VALUE   (LST)  VALUE       VALUE  FROM      YEAR
                                                  NORMAL
..................................................................
TEMPERATURE (F)
 TODAY
  MAXIMUM         68    327 PM  70    2014  63      5       64
                                      2002
  MINIMUM         52    748 AM  31    2006  41     11       39
  AVERAGE         60                        52      8       52

PRECIPITATION (IN)
  TODAY            0.06          0.23 2008   0.09  -0.03     0.00
  MONTH TO DATE    3.83                      1.52   2.31     0.06
  SINCE OCT 1     13.07                      7.70   5.37     8.25
  SINCE JAN 1      9.00                      3.97   5.03     3.69

SNOWFALL (IN)
  TODAY            0.0
  MONTH TO DATE    0.0
  SINCE DEC 1      0.0
  SINCE JUL 1      0.0
  SNOW DEPTH       0

DEGREE DAYS
 HEATING
  TODAY            5                                        13
  MONTH TO DATE  178                                       244
  SINCE DEC 1   1241                                      1272
  SINCE JUL 1   1549                                      1683

 COOLING
  TODAY            0                                         0
  MONTH TO DATE    0                                         0
  SINCE DEC 1      0                                         0
  SINCE JAN 1      0                                         0
..................................................................


WIND (MPH)
  HIGHEST WIND SPEED    18   HIGHEST WIND DIRECTION     E (110)
  HIGHEST GUST SPEED    24   HIGHEST GUST DIRECTION    SE (150)
  AVERAGE WIND SPEED     8.0




RELATIVE HUMIDITY (PERCENT)
 HIGHEST    93
 LOWEST     42
 AVERAGE    68

..........................................................


THE MADERA CA CLIMATE NORMALS FOR TOMORROW
                         NORMAL    RECORD    YEAR
 MAXIMUM TEMPERATURE (F)   63        76      2002
 MINIMUM TEMPERATURE (F)   41        32      2006


SUNRISE AND SUNSET
FEBRUARY 21 2017......SUNRISE   641 AM PST   SUNSET   547 PM PST
FEBRUARY 22 2017......SUNRISE   640 AM PST   SUNSET   548 PM PST


-  INDICATES NEGATIVE NUMBERS.
R  INDICATES RECORD WAS SET OR TIED.
MM INDICATES DATA IS MISSING.
T  INDICATES TRACE AMOUNT.




$$
