000
CDUS46 KHNX 140823
CLIMAE


CLIMATE REPORT
NATIONAL WEATHER SERVICE SAN JOAQUIN VALLEY, CA
1222 AM PST THU DEC 14 2017


...................................

...THE MADERA CA AIRPORT CLIMATE SUMMARY FOR DECEMBER 13 2017...

CLIMATE NORMAL PERIOD 1981 TO 2010
CLIMATE RECORD PERIOD 1998 TO 2017


WEATHER ITEM   OBSERVED TIME   RECORD YEAR NORMAL DEPARTURE
                VALUE   (LST)  VALUE       VALUE  FROM
                                                  NORMAL
...............................................................
TEMPERATURE (F)
 YESTERDAY
  MAXIMUM         63    234 PM  65    2016  55      8
  MINIMUM         31    711 AM  26    2013  36     -5
  AVERAGE         47                        45      2

PRECIPITATION (IN)
  YESTERDAY        0.00          T    2003   0.05  -0.05
                                      2003
                                      2016
  MONTH TO DATE    T                         0.52  -0.52
  SINCE OCT 1      0.32                      2.55  -2.23
  SINCE JAN 1     10.51                     10.84  -0.33

SNOWFALL (IN)
  YESTERDAY        0.0
  MONTH TO DATE    0.0
  SINCE DEC 1      0.0
  SINCE JUL 1      0.0
  SNOW DEPTH       0

DEGREE DAYS
 HEATING
  YESTERDAY       18
  MONTH TO DATE  230
  SINCE DEC 1    230
  SINCE JUL 1    557

 COOLING
  YESTERDAY        0
  MONTH TO DATE    0
  SINCE DEC 1      0
  SINCE JAN 1   2026
...............................................................


WIND (MPH)
  HIGHEST WIND SPEED     8   HIGHEST WIND DIRECTION     E (80)
  HIGHEST GUST SPEED     8   HIGHEST GUST DIRECTION     E (80)
  AVERAGE WIND SPEED     1.7




RELATIVE HUMIDITY (PERCENT)
 HIGHEST    96
 LOWEST     39
 AVERAGE    68

..........................................................


THE MADERA CA AIRPORT CLIMATE NORMALS FOR TODAY
                         NORMAL    RECORD    YEAR
 MAXIMUM TEMPERATURE (F)   54        68      2016
 MINIMUM TEMPERATURE (F)   36        28      2011
                                             1999


SUNRISE AND SUNSET
DECEMBER 14 2017......SUNRISE   706 AM PST   SUNSET   445 PM PST
DECEMBER 15 2017......SUNRISE   707 AM PST   SUNSET   445 PM PST


-  INDICATES NEGATIVE NUMBERS.
R  INDICATES RECORD WAS SET OR TIED.
MM INDICATES DATA IS MISSING.
T  INDICATES TRACE AMOUNT.




$$
