000
CDUS46 KHNX 260022
CLIMAE


CLIMATE REPORT
NATIONAL WEATHER SERVICE SAN JOAQUIN VALLEY, CA
421 PM PST TUE NOV 25 2014


...................................

...THE MADERA CA CLIMATE SUMMARY FOR NOVEMBER 25 2014...
VALID AS OF 0400 PM LOCAL TIME.

CLIMATE NORMAL PERIOD 1981 TO 2010
CLIMATE RECORD PERIOD 1998 TO 2014


WEATHER ITEM   OBSERVED TIME   RECORD YEAR NORMAL DEPARTURE LAST
                VALUE   (LST)  VALUE       VALUE  FROM      YEAR
                                                  NORMAL
..................................................................
TEMPERATURE (F)
 TODAY
  MAXIMUM         65    335 PM  67    2009  60      5       65
                                      2005
  MINIMUM         36    723 AM  24    2003  38     -2       33
  AVERAGE         51                        49      2       49

PRECIPITATION (IN)
  TODAY            0.00          0.02 2005   0.04  -0.04     0.00
  MONTH TO DATE    0.42                      1.00  -0.58     0.39
  SINCE JUL 1      0.83                      2.17  -1.34     0.70
  SINCE JAN 1      4.44                     10.17  -5.73     4.22

SNOWFALL (IN)
  TODAY            0.0
  MONTH TO DATE    0.0
  SINCE SEP 1      0.0
  SINCE JUL 1      0.0
  SNOW DEPTH       0

DEGREE DAYS
 HEATING
  TODAY           14                                        16
  MONTH TO DATE  237                                       251
  SINCE SEP 1    269                                       358
  SINCE JUL 1    269                                       358

 COOLING
  TODAY            0                                         0
  MONTH TO DATE    0                                         0
  SINCE SEP 1    466                                       246
  SINCE JAN 1   2952                                      1688
..................................................................


WIND (MPH)
  HIGHEST WIND SPEED     7   HIGHEST WIND DIRECTION     W (270)
  HIGHEST GUST SPEED     9   HIGHEST GUST DIRECTION     W (280)
  AVERAGE WIND SPEED     2.7




RELATIVE HUMIDITY (PERCENT)
 HIGHEST    92
 LOWEST     44
 AVERAGE    68

..........................................................


THE MADERA CA CLIMATE NORMALS FOR TOMORROW
                         NORMAL    RECORD    YEAR
 MAXIMUM TEMPERATURE (F)   60        71      2009
 MINIMUM TEMPERATURE (F)   38        29      2010


SUNRISE AND SUNSET
NOVEMBER 25 2014......SUNRISE   649 AM PST   SUNSET   445 PM PST
NOVEMBER 26 2014......SUNRISE   650 AM PST   SUNSET   445 PM PST


-  INDICATES NEGATIVE NUMBERS.
R  INDICATES RECORD WAS SET OR TIED.
MM INDICATES DATA IS MISSING.
T  INDICATES TRACE AMOUNT.




$$
