000
CDUS46 KHNX 290023
CLIMAE


CLIMATE REPORT
NATIONAL WEATHER SERVICE SAN JOAQUIN VALLEY, CA
422 PM PST SUN DEC 28 2014


...................................

...THE MADERA CA CLIMATE SUMMARY FOR DECEMBER 28 2014...
VALID AS OF 0400 PM LOCAL TIME.

CLIMATE NORMAL PERIOD 1981 TO 2010
CLIMATE RECORD PERIOD 1998 TO 2014


WEATHER ITEM   OBSERVED TIME   RECORD YEAR NORMAL DEPARTURE LAST
                VALUE   (LST)  VALUE       VALUE  FROM      YEAR
                                                  NORMAL
..................................................................
TEMPERATURE (F)
 TODAY
  MAXIMUM         55    312 PM  65    1999  52      3       60
  MINIMUM         32    743 AM  27    2000  36     -4       28
  AVERAGE         44                        44      0       44

PRECIPITATION (IN)
  TODAY            0.00          0.83 2010   0.08  -0.08     0.00
  MONTH TO DATE    2.88                      1.50   1.38     0.27
  SINCE JUL 1      3.71                      3.82  -0.11     0.97
  SINCE JAN 1      7.32                     11.82  -4.50     4.49

SNOWFALL (IN)
  TODAY            0.0
  MONTH TO DATE    0.0
  SINCE DEC 1      0.0
  SINCE JUL 1      0.0
  SNOW DEPTH       0

DEGREE DAYS
 HEATING
  TODAY           21                                        21
  MONTH TO DATE  312                                       600
  SINCE DEC 1    312                                       600
  SINCE JUL 1    628                                      1018

 COOLING
  TODAY            0                                         0
  MONTH TO DATE    1                                         0
  SINCE DEC 1      1                                         0
  SINCE JAN 1   2953                                      1688
..................................................................


WIND (MPH)
  HIGHEST WIND SPEED     7   HIGHEST WIND DIRECTION    NW (300)
  HIGHEST GUST SPEED    11   HIGHEST GUST DIRECTION    NW (330)
  AVERAGE WIND SPEED     1.9




RELATIVE HUMIDITY (PERCENT)
 HIGHEST   100
 LOWEST     47
 AVERAGE    74

..........................................................


THE MADERA CA CLIMATE NORMALS FOR TOMORROW
                         NORMAL    RECORD    YEAR
 MAXIMUM TEMPERATURE (F)   52        63      2013
                                             1999
 MINIMUM TEMPERATURE (F)   36        28      1998


SUNRISE AND SUNSET
DECEMBER 28 2014......SUNRISE   713 AM PST   SUNSET   452 PM PST
DECEMBER 29 2014......SUNRISE   713 AM PST   SUNSET   452 PM PST


-  INDICATES NEGATIVE NUMBERS.
R  INDICATES RECORD WAS SET OR TIED.
MM INDICATES DATA IS MISSING.
T  INDICATES TRACE AMOUNT.




$$
