000
CDUS44 KMAF 270855
CLIMAF


CLIMATE REPORT
NATIONAL WEATHER SERVICE MIDLAND/ODESSA TX
255 AM CST FRI FEB 27 2015


...................................

...THE MIDLAND CLIMATE SUMMARY FOR FEBRUARY 26 2015...

CLIMATE NORMAL PERIOD 1981 TO 2010
CLIMATE RECORD PERIOD 1930 TO 2015


WEATHER ITEM   OBSERVED TIME   RECORD YEAR NORMAL DEPARTURE LAST
                VALUE   (LST)  VALUE       VALUE  FROM      YEAR
                                                  NORMAL
..................................................................
TEMPERATURE (F)
 YESTERDAY
  MAXIMUM         49    112 AM  90    2009  65    -16       44
  MINIMUM         27   1159 PM  14    1934  37    -10       27
  AVERAGE         38                        51    -13       36

PRECIPITATION (IN)
  YESTERDAY        0.00          0.60 1933   0.03  -0.03     0.02
  MONTH TO DATE    0.20                      0.66  -0.46     0.26
  SINCE DEC 1      2.85                      1.82   1.03     1.70
  SINCE JAN 1      2.63                      1.22   1.41     0.26

SNOWFALL (IN)
  YESTERDAY        0.0
  MONTH TO DATE    0.5
  SINCE DEC 1      3.0
  SINCE JUL 1      3.0
  SNOW DEPTH       0

DEGREE DAYS
 HEATING
  YESTERDAY       27                        14     13       29
  MONTH TO DATE  423                       437    -14      442
  SINCE DEC 1   1621                      1730   -109     1731
  SINCE JUL 1   2069                      2209   -140     2228
..................................................................


WIND (MPH)
  HIGHEST WIND SPEED    29   HIGHEST WIND DIRECTION    NE (40)
  HIGHEST GUST SPEED    37   HIGHEST GUST DIRECTION    NE (50)
  AVERAGE WIND SPEED    19.1


SKY COVER
  POSSIBLE SUNSHINE  MM
  AVERAGE SKY COVER 0.8


WEATHER CONDITIONS
 THE FOLLOWING WEATHER WAS RECORDED YESTERDAY.
  NO SIGNIFICANT WEATHER WAS OBSERVED.


RELATIVE HUMIDITY (PERCENT)
 HIGHEST    82           800 AM
 LOWEST     50          1200 AM
 AVERAGE    66

..........................................................


THE MIDLAND CLIMATE NORMALS FOR TODAY
                         NORMAL    RECORD    YEAR
 MAXIMUM TEMPERATURE (F)   66        84      2011
 MINIMUM TEMPERATURE (F)   37        17      1934


SUNRISE AND SUNSET
FEBRUARY 27 2015......SUNRISE   718 AM CST   SUNSET   645 PM CST
FEBRUARY 28 2015......SUNRISE   717 AM CST   SUNSET   646 PM CST


-  INDICATES NEGATIVE NUMBERS.
R  INDICATES RECORD WAS SET OR TIED.
MM INDICATES DATA IS MISSING.
T  INDICATES TRACE AMOUNT.




$$
