000
CDUS44 KMAF 260732
CLIMAF


CLIMATE REPORT
NATIONAL WEATHER SERVICE MIDLAND TX
232 AM CDT THU MAY 26 2016


...................................

...THE MIDLAND CLIMATE SUMMARY FOR MAY 25 2016...

CLIMATE NORMAL PERIOD 1981 TO 2010
CLIMATE RECORD PERIOD 1930 TO 2016


WEATHER ITEM   OBSERVED TIME   RECORD YEAR NORMAL DEPARTURE LAST
                VALUE   (LST)  VALUE       VALUE  FROM      YEAR
                                                  NORMAL
..................................................................
TEMPERATURE (F)
 YESTERDAY
  MAXIMUM        100    356 PM 105    1990  90     10       83
  MINIMUM         69    625 AM  50    1954  62      7       53
  AVERAGE         85                        76      9       68

PRECIPITATION (IN)
  YESTERDAY        T             2.02 1992   0.07  -0.07     0.30
  MONTH TO DATE    0.26                      1.29  -1.03     3.13
  SINCE MAR 1      2.05                      2.54  -0.49     6.08
  SINCE JAN 1      2.53                      3.81  -1.28     8.77

DEGREE DAYS
 COOLING
  YESTERDAY       20                        11      9        3
  MONTH TO DATE  232                       209     23      174
  SINCE MAR 1    390                       315     75      307
  SINCE JAN 1    405                       317     88      308
..................................................................


WIND (MPH)
  HIGHEST WIND SPEED    28   HIGHEST WIND DIRECTION     S (180)
  HIGHEST GUST SPEED    36   HIGHEST GUST DIRECTION     S (180)
  AVERAGE WIND SPEED    13.7


SKY COVER
  POSSIBLE SUNSHINE  MM
  AVERAGE SKY COVER 0.0


WEATHER CONDITIONS
 THE FOLLOWING WEATHER WAS RECORDED YESTERDAY.
  FOG
  HAZE


RELATIVE HUMIDITY (PERCENT)
 HIGHEST    90           600 AM
 LOWEST      7           300 PM
 AVERAGE    49

..........................................................


THE MIDLAND CLIMATE NORMALS FOR TODAY
                         NORMAL    RECORD    YEAR
 MAXIMUM TEMPERATURE (F)   90       100      1991
                                             1945
 MINIMUM TEMPERATURE (F)   63        48      1950
                                             1947


SUNRISE AND SUNSET
MAY 26 2016...........SUNRISE   645 AM CDT   SUNSET   847 PM CDT
MAY 27 2016...........SUNRISE   645 AM CDT   SUNSET   847 PM CDT


-  INDICATES NEGATIVE NUMBERS.
R  INDICATES RECORD WAS SET OR TIED.
MM INDICATES DATA IS MISSING.
T  INDICATES TRACE AMOUNT.




$$
