000
CDUS44 KMAF 270831
CLIMAF


CLIMATE REPORT
NATIONAL WEATHER SERVICE MIDLAND/ODESSA TX
231 AM CST THU NOV 27 2014


...................................

...THE MIDLAND CLIMATE SUMMARY FOR NOVEMBER 26 2014...

CLIMATE NORMAL PERIOD 1981 TO 2010
CLIMATE RECORD PERIOD 1930 TO 2014


WEATHER ITEM   OBSERVED TIME   RECORD YEAR NORMAL DEPARTURE LAST
                VALUE   (LST)  VALUE       VALUE  FROM      YEAR
                                                  NORMAL
..................................................................
TEMPERATURE (F)
 YESTERDAY
  MAXIMUM         62    418 PM  83    1995  63     -1       50
                                      1990
                                      1961
  MINIMUM         39    647 AM  13    1993  35      4       30
  AVERAGE         51                        49      2       40

PRECIPITATION (IN)
  YESTERDAY        0.00          1.17 1968   0.02  -0.02     0.00
  MONTH TO DATE    1.02                      0.60   0.42     0.57
  SINCE SEP 1      2.71                      4.19  -1.48     2.50
  SINCE JAN 1      7.45                     13.91  -6.46     7.07

SNOWFALL (IN)
  YESTERDAY        0.0
  MONTH TO DATE    T
  SINCE SEP 1      T
  SINCE JUL 1      T
  SNOW DEPTH       0

DEGREE DAYS
 HEATING
  YESTERDAY       14                        16     -2       25
  MONTH TO DATE  367                       301     66      337
  SINCE SEP 1    405                       410     -5      416
  SINCE JUL 1    405                       410     -5      416
..................................................................


WIND (MPH)
  HIGHEST WIND SPEED    23   HIGHEST WIND DIRECTION     N (340)
  HIGHEST GUST SPEED    29   HIGHEST GUST DIRECTION     N (340)
  AVERAGE WIND SPEED     9.9


SKY COVER
  POSSIBLE SUNSHINE  MM
  AVERAGE SKY COVER 0.0


WEATHER CONDITIONS
 THE FOLLOWING WEATHER WAS RECORDED YESTERDAY.
  NO SIGNIFICANT WEATHER WAS OBSERVED.


RELATIVE HUMIDITY (PERCENT)
 HIGHEST    58          1100 PM
 LOWEST     21          1000 AM
 AVERAGE    40

..........................................................


THE MIDLAND CLIMATE NORMALS FOR TODAY
                         NORMAL    RECORD    YEAR
 MAXIMUM TEMPERATURE (F)   62        85      1949
 MINIMUM TEMPERATURE (F)   34        16      1938


SUNRISE AND SUNSET
NOVEMBER 27 2014......SUNRISE   728 AM CST   SUNSET   545 PM CST
NOVEMBER 28 2014......SUNRISE   729 AM CST   SUNSET   545 PM CST


-  INDICATES NEGATIVE NUMBERS.
R  INDICATES RECORD WAS SET OR TIED.
MM INDICATES DATA IS MISSING.
T  INDICATES TRACE AMOUNT.




$$
