000
CDUS44 KMAF 250735
CLIMAF


CLIMATE REPORT
NATIONAL WEATHER SERVICE MIDLAND TX
235 AM CDT THU MAY 25 2017


...................................

...THE MIDLAND CLIMATE SUMMARY FOR MAY 24 2017...

CLIMATE NORMAL PERIOD 1981 TO 2010
CLIMATE RECORD PERIOD 1930 TO 2017


WEATHER ITEM   OBSERVED TIME   RECORD YEAR NORMAL DEPARTURE LAST
                VALUE   (LST)  VALUE       VALUE  FROM      YEAR
                                                  NORMAL
..................................................................
TEMPERATURE (F)
 YESTERDAY
  MAXIMUM         89    604 PM 108    2000  90     -1       99
                                      1989
  MINIMUM         50    608 AM  48    1940  62    -12       73
  AVERAGE         70                        76     -6       86

PRECIPITATION (IN)
  YESTERDAY        0.00          1.86 2003   0.07  -0.07     0.00
  MONTH TO DATE    0.58                      1.22  -0.64     0.26
  SINCE MAR 1      3.54                      2.47   1.07     2.05
  SINCE JAN 1      5.38                      3.74   1.64     2.53

DEGREE DAYS
 COOLING
  YESTERDAY        5                        11     -6       21
  MONTH TO DATE  186                       198    -12      212
  SINCE MAR 1    445                       304    141      370
  SINCE JAN 1    462                       306    156      385
..................................................................


WIND (MPH)
  HIGHEST WIND SPEED    21   HIGHEST WIND DIRECTION     S (180)
  HIGHEST GUST SPEED    26   HIGHEST GUST DIRECTION    SW (220)
  AVERAGE WIND SPEED    11.2


SKY COVER
  POSSIBLE SUNSHINE  MM
  AVERAGE SKY COVER 0.0


WEATHER CONDITIONS
 THE FOLLOWING WEATHER WAS RECORDED YESTERDAY.
  NO SIGNIFICANT WEATHER WAS OBSERVED.


RELATIVE HUMIDITY (PERCENT)
 HIGHEST    71           100 AM
 LOWEST     13           500 PM
 AVERAGE    42

..........................................................


THE MIDLAND CLIMATE NORMALS FOR TODAY
                         NORMAL    RECORD    YEAR
 MAXIMUM TEMPERATURE (F)   90       105      1990
 MINIMUM TEMPERATURE (F)   62        50      1954


SUNRISE AND SUNSET
MAY 25 2017...........SUNRISE   646 AM CDT   SUNSET   846 PM CDT
MAY 26 2017...........SUNRISE   645 AM CDT   SUNSET   846 PM CDT


-  INDICATES NEGATIVE NUMBERS.
R  INDICATES RECORD WAS SET OR TIED.
MM INDICATES DATA IS MISSING.
T  INDICATES TRACE AMOUNT.




$$
