000
CDUS44 KMAF 252113
CLIMAF


CLIMATE REPORT
NATIONAL WEATHER SERVICE MIDLAND TX
413 PM CDT MON JUL 25 2016


...................................

...THE MIDLAND CLIMATE SUMMARY FOR JULY 25 2016...
VALID TODAY AS OF 0400 PM LOCAL TIME.

CLIMATE NORMAL PERIOD 1981 TO 2010
CLIMATE RECORD PERIOD 1930 TO 2016


WEATHER ITEM   OBSERVED TIME   RECORD YEAR NORMAL DEPARTURE LAST
                VALUE   (LST)  VALUE       VALUE  FROM      YEAR
                                                  NORMAL
..................................................................
TEMPERATURE (F)
 TODAY
  MAXIMUM       102R    232 PM 105    2000  95      7      101
  MINIMUM         77    623 AM  62    2004  70      7       72
                                      1976
  AVERAGE         90                        82      8       87

PRECIPITATION (IN)
  TODAY            0.00          0.88 1975   0.05  -0.05     0.00
  MONTH TO DATE    0.02                      1.48  -1.46     0.52
  SINCE JUN 1      3.18                      3.28  -0.10     3.81
  SINCE JAN 1      6.92                      7.54  -0.62    12.80

DEGREE DAYS
 COOLING
  TODAY           25                        17      8       22
  MONTH TO DATE  603                       425    178      480
  SINCE JUN 1   1089                       886    203      929
  SINCE JAN 1   1569                      1275    294     1287
..................................................................


WIND (MPH)
  HIGHEST WIND SPEED    14   HIGHEST WIND DIRECTION     E (90)
  HIGHEST GUST SPEED    21   HIGHEST GUST DIRECTION     E (99)
  AVERAGE WIND SPEED     8.3


SKY COVER
  POSSIBLE SUNSHINE  MM
  AVERAGE SKY COVER 0.1


WEATHER CONDITIONS
 THE FOLLOWING WEATHER WAS RECORDED TODAY.
  NO SIGNIFICANT WEATHER WAS OBSERVED.


RELATIVE HUMIDITY (PERCENT)
 HIGHEST    54           600 AM
 LOWEST     23           300 PM
 AVERAGE    39

..........................................................


THE MIDLAND CLIMATE NORMALS FOR TOMORROW
                         NORMAL    RECORD    YEAR
 MAXIMUM TEMPERATURE (F)   95       105      1995
                                             1944
 MINIMUM TEMPERATURE (F)   70        61      2004
                                             1933


SUNRISE AND SUNSET
JULY 25 2016..........SUNRISE   700 AM CDT   SUNSET   850 PM CDT
JULY 26 2016..........SUNRISE   701 AM CDT   SUNSET   850 PM CDT


-  INDICATES NEGATIVE NUMBERS.
R  INDICATES RECORD WAS SET OR TIED.
MM INDICATES DATA IS MISSING.
T  INDICATES TRACE AMOUNT.




$$
