000
CDUS44 KMAF 280828
CLIMAF


CLIMATE REPORT
NATIONAL WEATHER SERVICE MIDLAND TX
328 AM CDT FRI AUG 28 2015


...................................

...THE MIDLAND CLIMATE SUMMARY FOR AUGUST 27 2015...

CLIMATE NORMAL PERIOD 1981 TO 2010
CLIMATE RECORD PERIOD 1930 TO 2015


WEATHER ITEM   OBSERVED TIME   RECORD YEAR NORMAL DEPARTURE LAST
                VALUE   (LST)  VALUE       VALUE  FROM      YEAR
                                                  NORMAL
..................................................................
TEMPERATURE (F)
 YESTERDAY
  MAXIMUM         96    533 PM 106    2002  92      4       96
  MINIMUM         70    628 AM  60    1992  68      2       73
  AVERAGE         83                        80      3       85

PRECIPITATION (IN)
  YESTERDAY        0.00          0.83 1944   0.07  -0.07     0.00
  MONTH TO DATE    0.99                      1.58  -0.59     0.77
  SINCE JUN 1      5.00                      5.20  -0.20     1.58
  SINCE JAN 1     13.99                      9.46   4.53     4.74

DEGREE DAYS
 COOLING
  YESTERDAY       18                        15      3       20
  MONTH TO DATE  559                       444    115      517
  SINCE JUN 1   1628                      1437    191     1632
  SINCE JAN 1   1986                      1826    160     2108
..................................................................


WIND (MPH)
  HIGHEST WIND SPEED    16   HIGHEST WIND DIRECTION     S (160)
  HIGHEST GUST SPEED    20   HIGHEST GUST DIRECTION     S (180)
  AVERAGE WIND SPEED     7.7


SKY COVER
  POSSIBLE SUNSHINE  MM
  AVERAGE SKY COVER 0.0


WEATHER CONDITIONS
 THE FOLLOWING WEATHER WAS RECORDED YESTERDAY.
  NO SIGNIFICANT WEATHER WAS OBSERVED.


RELATIVE HUMIDITY (PERCENT)
 HIGHEST    73           400 AM
 LOWEST     18           500 PM
 AVERAGE    46

..........................................................


THE MIDLAND CLIMATE NORMALS FOR TODAY
                         NORMAL    RECORD    YEAR
 MAXIMUM TEMPERATURE (F)   92       103      2011
                                             2002
 MINIMUM TEMPERATURE (F)   67        59      1992


SUNRISE AND SUNSET
AUGUST 28 2015........SUNRISE   721 AM CDT   SUNSET   818 PM CDT
AUGUST 29 2015........SUNRISE   722 AM CDT   SUNSET   817 PM CDT


-  INDICATES NEGATIVE NUMBERS.
R  INDICATES RECORD WAS SET OR TIED.
MM INDICATES DATA IS MISSING.
T  INDICATES TRACE AMOUNT.




$$
