000
CDUS44 KMAF 220832
CLIMAF


CLIMATE REPORT
NATIONAL WEATHER SERVICE MIDLAND/ODESSA TX
231 AM CST MON DEC 22 2014


...................................

...THE MIDLAND CLIMATE SUMMARY FOR DECEMBER 21 2014...

CLIMATE NORMAL PERIOD 1981 TO 2010
CLIMATE RECORD PERIOD 1930 TO 2014


WEATHER ITEM   OBSERVED TIME   RECORD YEAR NORMAL DEPARTURE LAST
                VALUE   (LST)  VALUE       VALUE  FROM      YEAR
                                                  NORMAL
..................................................................
TEMPERATURE (F)
 YESTERDAY
  MAXIMUM         68    450 PM  81    2010  57     11       55
                                      1981
  MINIMUM         40    728 AM   8    1989  30     10       42
  AVERAGE         54                        44     10       49

PRECIPITATION (IN)
  YESTERDAY        0.00          0.77 1942   0.02  -0.02     0.08
  MONTH TO DATE    0.01                      0.42  -0.41     1.44
  SINCE DEC 1      0.01                      0.42  -0.41     1.44
  SINCE JAN 1      7.46                     14.42  -6.96     8.51

SNOWFALL (IN)
  YESTERDAY        0.0
  MONTH TO DATE    0.0
  SINCE DEC 1      0.0
  SINCE JUL 1      T
  SNOW DEPTH       0

DEGREE DAYS
 HEATING
  YESTERDAY       11                        21    -10       16
  MONTH TO DATE  254                       420   -166      434
  SINCE DEC 1    254                       420   -166      434
  SINCE JUL 1    702                       899   -197      931
..................................................................


WIND (MPH)
  HIGHEST WIND SPEED    25   HIGHEST WIND DIRECTION    SW (240)
  HIGHEST GUST SPEED    32   HIGHEST GUST DIRECTION    SW (240)
  AVERAGE WIND SPEED    13.4


SKY COVER
  POSSIBLE SUNSHINE  MM
  AVERAGE SKY COVER 0.4


WEATHER CONDITIONS
 THE FOLLOWING WEATHER WAS RECORDED YESTERDAY.
  FOG
  FOG W/VISIBILITY <= 1/4 MILE


RELATIVE HUMIDITY (PERCENT)
 HIGHEST   100           400 AM
 LOWEST     22           500 PM
 AVERAGE    61

..........................................................


THE MIDLAND CLIMATE NORMALS FOR TODAY
                         NORMAL    RECORD    YEAR
 MAXIMUM TEMPERATURE (F)   57        79      1933
 MINIMUM TEMPERATURE (F)   30         4      1989


SUNRISE AND SUNSET
DECEMBER 22 2014......SUNRISE   746 AM CST   SUNSET   549 PM CST
DECEMBER 23 2014......SUNRISE   746 AM CST   SUNSET   550 PM CST


-  INDICATES NEGATIVE NUMBERS.
R  INDICATES RECORD WAS SET OR TIED.
MM INDICATES DATA IS MISSING.
T  INDICATES TRACE AMOUNT.




$$
