000
CDUS44 KMAF 290831
CLIMAF


CLIMATE REPORT
NATIONAL WEATHER SERVICE MIDLAND/ODESSA TX
230 AM CST THU JAN 29 2015


...................................

...THE MIDLAND CLIMATE SUMMARY FOR JANUARY 28 2015...

CLIMATE NORMAL PERIOD 1981 TO 2010
CLIMATE RECORD PERIOD 1930 TO 2015


WEATHER ITEM   OBSERVED TIME   RECORD YEAR NORMAL DEPARTURE LAST
                VALUE   (LST)  VALUE       VALUE  FROM      YEAR
                                                  NORMAL
..................................................................
TEMPERATURE (F)
 YESTERDAY
  MAXIMUM         79R   437 PM  79    2002  59     20       34
                                      1987
                                      1950
  MINIMUM         42    627 AM  10    1948  31     11       15
  AVERAGE         61                        45     16       25

PRECIPITATION (IN)
  YESTERDAY        0.00          1.45 2010   0.03  -0.03     0.00
  MONTH TO DATE    1.87                      0.49   1.38     0.00
  SINCE DEC 1      2.09                      1.09   0.00     1.44
  SINCE JAN 1      1.87                      0.49   1.38     0.00

SNOWFALL (IN)
  YESTERDAY        0.0
  MONTH TO DATE    2.4
  SINCE DEC 1      2.5
  SINCE JUL 1      2.5
  SNOW DEPTH       0

DEGREE DAYS
 HEATING
  YESTERDAY        4                        20    -16       40
  MONTH TO DATE  665                       598     67      578
  SINCE DEC 1   1150                      1235    -85     1243
  SINCE JUL 1   1598                      1714   -116     1740
..................................................................


WIND (MPH)
  HIGHEST WIND SPEED    22   HIGHEST WIND DIRECTION     W (270)
  HIGHEST GUST SPEED    24   HIGHEST GUST DIRECTION     W (270)
  AVERAGE WIND SPEED     7.3


SKY COVER
  POSSIBLE SUNSHINE  MM
  AVERAGE SKY COVER 0.0


WEATHER CONDITIONS
 THE FOLLOWING WEATHER WAS RECORDED YESTERDAY.
  NO SIGNIFICANT WEATHER WAS OBSERVED.


RELATIVE HUMIDITY (PERCENT)
 HIGHEST    77           800 AM
 LOWEST     28           300 PM
 AVERAGE    53

..........................................................


THE MIDLAND CLIMATE NORMALS FOR TODAY
                         NORMAL    RECORD    YEAR
 MAXIMUM TEMPERATURE (F)   59        78      1967
 MINIMUM TEMPERATURE (F)   31         2      1948


SUNRISE AND SUNSET
JANUARY 29 2015.......SUNRISE   744 AM CST   SUNSET   620 PM CST
JANUARY 30 2015.......SUNRISE   744 AM CST   SUNSET   621 PM CST


-  INDICATES NEGATIVE NUMBERS.
R  INDICATES RECORD WAS SET OR TIED.
MM INDICATES DATA IS MISSING.
T  INDICATES TRACE AMOUNT.




$$
