000
CDUS42 KTAE 280639
CLIMAI


CLIMATE REPORT
NATIONAL WEATHER SERVICE TALLAHASSEE FL
238 AM EDT THU MAY 28 2015


...................................

...THE MARIANNA CLIMATE SUMMARY FOR MAY 27 2015...

CLIMATE NORMAL PERIOD 1981 TO 2010
CLIMATE RECORD PERIOD 1950 TO 2015


WEATHER ITEM   OBSERVED NORMAL DEPARTURE LAST
                VALUE   VALUE  FROM      YEAR
                               NORMAL
...............................................
TEMPERATURE (F)
 YESTERDAY
  MAXIMUM         87     89     -2       88
  MINIMUM         68     67      1       70
  AVERAGE         78     78      0       79

PRECIPITATION (IN)
  YESTERDAY        0.77   0.14   0.63     0.68
  MONTH TO DATE    4.86   2.44   2.42     2.73
  SINCE MAR 1     18.35  11.69   6.66    24.34
  SINCE JAN 1     25.53  21.67   3.86    31.67

DEGREE DAYS
 HEATING
  YESTERDAY        0             0
  MONTH TO DATE    0             0
  SINCE MAR 1    107          -134
  SINCE JUL 1   1685            39

 COOLING
  YESTERDAY       13             0
  MONTH TO DATE  316            57
  SINCE MAR 1    620           218
  SINCE JAN 1    626           209
...............................................


WIND (MPH)
  HIGHEST WIND SPEED    29   HIGHEST WIND DIRECTION     E (70)
  HIGHEST GUST SPEED    48   HIGHEST GUST DIRECTION    NE (40)
  AVERAGE WIND SPEED     3.9




RELATIVE HUMIDITY (PERCENT)
 HIGHEST   100
 LOWEST     65
 AVERAGE    83

..........................................................




SUNRISE AND SUNSET
MAY 28 2015...........SUNRISE   539 AM CDT   SUNSET   737 PM CDT
MAY 29 2015...........SUNRISE   539 AM CDT   SUNSET   737 PM CDT


-  INDICATES NEGATIVE NUMBERS.
R  INDICATES RECORD WAS SET OR TIED.
MM INDICATES DATA IS MISSING.
T  INDICATES TRACE AMOUNT.




$$
