000
CDUS42 KTAE 270711
CLIMAI


CLIMATE REPORT
NATIONAL WEATHER SERVICE TALLAHASSEE FL
309 AM EDT FRI MAR 27 2015


...................................

...THE MARIANNA CLIMATE SUMMARY FOR MARCH 26 2015...

CLIMATE NORMAL PERIOD 1981 TO 2010
CLIMATE RECORD PERIOD 1950 TO 2015


WEATHER ITEM   OBSERVED NORMAL DEPARTURE LAST
                VALUE   VALUE  FROM      YEAR
                               NORMAL
...............................................
TEMPERATURE (F)
 YESTERDAY
  MAXIMUM         71     75     -4       58
  MINIMUM         59     50      9       34
  AVERAGE         65     62      3       46

PRECIPITATION (IN)
  YESTERDAY        0.21   0.20   0.01     0.00
  MONTH TO DATE    2.19   4.43  -2.24     5.83
  SINCE MAR 1      2.19   4.43  -2.24     5.83
  SINCE JAN 1      9.37  14.41  -5.04    13.16

DEGREE DAYS
 HEATING
  YESTERDAY        0            -4
  MONTH TO DATE   74           -86
  SINCE MAR 1     74           -86
  SINCE JUL 1   1652            87

 COOLING
  YESTERDAY        0            -1
  MONTH TO DATE   91            65
  SINCE MAR 1     91            65
  SINCE JAN 1     97            56
...............................................


WIND (MPH)
  HIGHEST WIND SPEED    13   HIGHEST WIND DIRECTION    SE (140)
  HIGHEST GUST SPEED    19   HIGHEST GUST DIRECTION    SE (140)
  AVERAGE WIND SPEED     3.9




RELATIVE HUMIDITY (PERCENT)
 HIGHEST   100
 LOWEST     68
 AVERAGE    84

..........................................................




SUNRISE AND SUNSET
MARCH 27 2015.........SUNRISE   636 AM CDT   SUNSET   657 PM CDT
MARCH 28 2015.........SUNRISE   635 AM CDT   SUNSET   657 PM CDT


-  INDICATES NEGATIVE NUMBERS.
R  INDICATES RECORD WAS SET OR TIED.
MM INDICATES DATA IS MISSING.
T  INDICATES TRACE AMOUNT.




$$
