000
CDUS42 KTAE 040620
CLIMAI


CLIMATE REPORT
NATIONAL WEATHER SERVICE TALLAHASSEE FL
218 AM EDT FRI SEP 4 2015

...................................

...THE MARIANNA CLIMATE SUMMARY FOR SEPTEMBER 3 2015...

CLIMATE NORMAL PERIOD 1981 TO 2010
CLIMATE RECORD PERIOD 1950 TO 2015


WEATHER ITEM   OBSERVED NORMAL DEPARTURE LAST
                VALUE   VALUE  FROM      YEAR
                               NORMAL
...............................................
TEMPERATURE (F)
 YESTERDAY
  MAXIMUM         93     90      3       88
  MINIMUM         72     71      1       72
  AVERAGE         83     80      3       80

PRECIPITATION (IN)
  YESTERDAY        0.60   0.12   0.48     0.45
  MONTH TO DATE    0.60   0.40   0.20     0.76
  SINCE SEP 1      0.60   0.40   0.20     0.76
  SINCE JAN 1     37.58  38.73  -1.15    43.70

DEGREE DAYS
 HEATING
  YESTERDAY        0             0
  MONTH TO DATE    0             0
  SINCE SEP 1      0             0
  SINCE JUL 1      0             0

 COOLING
  YESTERDAY       18             3
  MONTH TO DATE   56             9
  SINCE SEP 1     56             9
  SINCE JAN 1   2404           392
...............................................


WIND (MPH)
  HIGHEST WIND SPEED     8   HIGHEST WIND DIRECTION     S (180)
  HIGHEST GUST SPEED    MM   HIGHEST GUST DIRECTION    MM
  AVERAGE WIND SPEED     3.6




RELATIVE HUMIDITY (PERCENT)
 HIGHEST   100
 LOWEST     56
 AVERAGE    78

..........................................................



SUNRISE AND SUNSET
SEPTEMBER  4 2015.....SUNRISE   619 AM CDT   SUNSET   700 PM CDT
SEPTEMBER  5 2015.....SUNRISE   619 AM CDT   SUNSET   659 PM CDT


-  INDICATES NEGATIVE NUMBERS.
R  INDICATES RECORD WAS SET OR TIED.
MM INDICATES DATA IS MISSING.
T  INDICATES TRACE AMOUNT.

$$
