976
CDUS42 KTAE 220633
CLIMAI


CLIMATE REPORT
NATIONAL WEATHER SERVICE TALLAHASSEE FL
133 AM EST SUN JAN 22 2017


...................................

...THE MARIANNA CLIMATE SUMMARY FOR JANUARY 21 2017...

CLIMATE NORMAL PERIOD 1981 TO 2010
CLIMATE RECORD PERIOD 1950 TO 2017


WEATHER ITEM   OBSERVED NORMAL DEPARTURE LAST
                VALUE   VALUE  FROM      YEAR
                               NORMAL
...............................................
TEMPERATURE (F)
 YESTERDAY
  MAXIMUM         77     62     15       60
  MINIMUM         61     39     22       50
  AVERAGE         69     50     19       55

PRECIPITATION (IN)
  YESTERDAY        0.97   0.15   0.82     0.13
  MONTH TO DATE    5.84   3.16   2.68     3.75
  SINCE DEC 1     17.61   7.07  10.54    12.88
  SINCE JAN 1      5.84   3.16   2.68     3.75

DEGREE DAYS
 HEATING
  YESTERDAY        0           -15
  MONTH TO DATE  143          -177
  SINCE DEC 1    366          -355
  SINCE JUL 1    498          -461

 COOLING
  YESTERDAY        4             4
  MONTH TO DATE   25            25
  SINCE DEC 1     52            40
  SINCE JAN 1     25            25
...............................................


WIND (MPH)
  HIGHEST WIND SPEED    35   HIGHEST WIND DIRECTION     N (340)
  HIGHEST GUST SPEED    44   HIGHEST GUST DIRECTION     N (340)
  AVERAGE WIND SPEED     8.6




RELATIVE HUMIDITY (PERCENT)
 HIGHEST   100
 LOWEST     82
 AVERAGE    91

..........................................................




SUNRISE AND SUNSET
JANUARY 22 2017.......SUNRISE   637 AM CST   SUNSET   508 PM CST
JANUARY 23 2017.......SUNRISE   637 AM CST   SUNSET   509 PM CST


-  INDICATES NEGATIVE NUMBERS.
R  INDICATES RECORD WAS SET OR TIED.
MM INDICATES DATA IS MISSING.
T  INDICATES TRACE AMOUNT.




$$
