000
CDUS42 KTAE 270633
CLIMAI


CLIMATE REPORT
NATIONAL WEATHER SERVICE TALLAHASSEE FL
233 AM EDT TUE SEP 27 2016


...................................

...THE MARIANNA CLIMATE SUMMARY FOR SEPTEMBER 26 2016...

CLIMATE NORMAL PERIOD 1981 TO 2010
CLIMATE RECORD PERIOD 1950 TO 2016


WEATHER ITEM   OBSERVED NORMAL DEPARTURE LAST
                VALUE   VALUE  FROM      YEAR
                               NORMAL
...............................................
TEMPERATURE (F)
 YESTERDAY
  MAXIMUM         88     86      2       84
  MINIMUM         69     65      4       61
  AVERAGE         79     75      4       73

PRECIPITATION (IN)
  YESTERDAY        0.03   0.13  -0.10      T
  MONTH TO DATE    3.76   3.34   0.42     1.81
  SINCE SEP 1      3.76   3.34   0.42     1.81
  SINCE JAN 1     37.55  41.67  -4.12    38.79

DEGREE DAYS
 HEATING
  YESTERDAY        0             0
  MONTH TO DATE    0             0
  SINCE SEP 1      0             0
  SINCE JUL 1      0             0

 COOLING
  YESTERDAY       14             4
  MONTH TO DATE  436            86
  SINCE SEP 1    436            86
  SINCE JAN 1   2609           294
...............................................


WIND (MPH)
  HIGHEST WIND SPEED    20   HIGHEST WIND DIRECTION     E (70)
  HIGHEST GUST SPEED    27   HIGHEST GUST DIRECTION     E (70)
  AVERAGE WIND SPEED     3.0




RELATIVE HUMIDITY (PERCENT)
 HIGHEST   100
 LOWEST     57
 AVERAGE    79

..........................................................




SUNRISE AND SUNSET
SEPTEMBER 27 2016.....SUNRISE   632 AM CDT   SUNSET   630 PM CDT
SEPTEMBER 28 2016.....SUNRISE   633 AM CDT   SUNSET   629 PM CDT


-  INDICATES NEGATIVE NUMBERS.
R  INDICATES RECORD WAS SET OR TIED.
MM INDICATES DATA IS MISSING.
T  INDICATES TRACE AMOUNT.




$$
