000
CDUS42 KTAE 260634
CLIMAI


CLIMATE REPORT
NATIONAL WEATHER SERVICE TALLAHASSEE FL
232 AM EDT FRI AUG 26 2016

...................................

...THE MARIANNA CLIMATE SUMMARY FOR AUGUST 25 2016...

CLIMATE NORMAL PERIOD 1981 TO 2010
CLIMATE RECORD PERIOD 1950 TO 2016


WEATHER ITEM   OBSERVED NORMAL DEPARTURE LAST
                VALUE   VALUE  FROM      YEAR
                               NORMAL
...............................................
TEMPERATURE (F)
 YESTERDAY
  MAXIMUM         92     91      1       94
  MINIMUM         73     72      1       67
  AVERAGE         83     81      2       81

PRECIPITATION (IN)
  YESTERDAY        0.00   0.14  -0.14     0.00
  MONTH TO DATE    6.20   4.65   1.55     2.23
  SINCE JUN 1     11.56  15.33  -3.77    10.86
  SINCE JAN 1     33.74  37.55  -3.81    36.43

DEGREE DAYS
 HEATING
  YESTERDAY        0             0
  MONTH TO DATE    0             0
  SINCE JUN 1      0             0
  SINCE JUL 1      0             0

 COOLING
  YESTERDAY       18             2
  MONTH TO DATE  471            53
  SINCE JUN 1   1568           166
  SINCE JAN 1   2067           195
...............................................


WIND (MPH)
  HIGHEST WIND SPEED    17   HIGHEST WIND DIRECTION     E (70)
  HIGHEST GUST SPEED    22   HIGHEST GUST DIRECTION    NE (60)
  AVERAGE WIND SPEED     5.7




RELATIVE HUMIDITY (PERCENT)
 HIGHEST    94
 LOWEST     47
 AVERAGE    71

..........................................................



SUNRISE AND SUNSET
AUGUST 26 2016........SUNRISE   614 AM CDT   SUNSET   710 PM CDT
AUGUST 27 2016........SUNRISE   614 AM CDT   SUNSET   709 PM CDT


-  INDICATES NEGATIVE NUMBERS.
R  INDICATES RECORD WAS SET OR TIED.
MM INDICATES DATA IS MISSING.
T  INDICATES TRACE AMOUNT.

$$
