000
CDUS42 KTAE 300634
CLIMAI


CLIMATE REPORT
NATIONAL WEATHER SERVICE TALLAHASSEE FL
234 AM EDT THU JUL 30 2015


...................................

...THE MARIANNA CLIMATE SUMMARY FOR JULY 29 2015...

CLIMATE NORMAL PERIOD 1981 TO 2010
CLIMATE RECORD PERIOD 1950 TO 2015


WEATHER ITEM   OBSERVED NORMAL DEPARTURE LAST
                VALUE   VALUE  FROM      YEAR
                               NORMAL
...............................................
TEMPERATURE (F)
 YESTERDAY
  MAXIMUM         98     91      7       90
  MINIMUM         77     73      4       71
  AVERAGE         88     82      6       81

PRECIPITATION (IN)
  YESTERDAY        0.05   0.15  -0.10     0.00
  MONTH TO DATE    4.47   4.82  -0.35     4.83
  SINCE JUN 1      8.39  10.39  -2.00     7.50
  SINCE JAN 1     33.96  32.61   1.35    39.22

DEGREE DAYS
 HEATING
  YESTERDAY        0             0
  MONTH TO DATE    0             0
  SINCE JUN 1      0             0
  SINCE JUL 1      0             0

 COOLING
  YESTERDAY       23             6
  MONTH TO DATE  558            65
  SINCE JUN 1   1044            92
  SINCE JAN 1   1724           302
...............................................


WIND (MPH)
  HIGHEST WIND SPEED    20   HIGHEST WIND DIRECTION     N (350)
  HIGHEST GUST SPEED    25   HIGHEST GUST DIRECTION     N (360)
  AVERAGE WIND SPEED     4.8




RELATIVE HUMIDITY (PERCENT)
 HIGHEST   100
 LOWEST     48
 AVERAGE    74

..........................................................




SUNRISE AND SUNSET
JULY 30 2015..........SUNRISE   557 AM CDT   SUNSET   737 PM CDT
JULY 31 2015..........SUNRISE   557 AM CDT   SUNSET   736 PM CDT


-  INDICATES NEGATIVE NUMBERS.
R  INDICATES RECORD WAS SET OR TIED.
MM INDICATES DATA IS MISSING.
T  INDICATES TRACE AMOUNT.




$$
