000
CDUS43 KABR 211047
CLIMBG


CLIMATE REPORT
NATIONAL WEATHER SERVICE ABERDEEN SD
446 AM CST SAT JAN 21 2017


...................................

...THE MOBRIDGE SD CLIMATE SUMMARY FOR JANUARY 20 2017...

CLIMATE NORMAL PERIOD 1981 TO 2010
CLIMATE RECORD PERIOD 1911 TO 2017


WEATHER ITEM   OBSERVED TIME   RECORD YEAR NORMAL DEPARTURE LAST
                VALUE   (LST)  VALUE       VALUE  FROM      YEAR
                                                  NORMAL
..................................................................
TEMPERATURE (F)
 YESTERDAY
  MAXIMUM         32    808 PM  64    1964  26      6       28
  MINIMUM         23   1159 PM -30    1954   6     17       19
  AVERAGE         28                        16     12       24

PRECIPITATION (IN)
  YESTERDAY        0.00          0.40 1927   0.01  -0.01     0.00
  MONTH TO DATE    0.42                      0.19   0.23     0.06
  SINCE DEC 1      2.72                      0.63   2.09     0.39
  SINCE JAN 1      0.42                      0.19   0.23     0.06

SNOWFALL (IN)
  YESTERDAY        0.0
  MONTH TO DATE    7.7
  SINCE OCT 1     36.1
  SINCE JUL 1     36.1
  SNOW DEPTH      13

DEGREE DAYS
 HEATING
  YESTERDAY       37                        49    -12       41
  MONTH TO DATE 1196                       980    216      996
  SINCE DEC 1   2785                      2430    355     2231
  SINCE JUL 1   3936                      4196   -260     3525

 COOLING
  YESTERDAY        0                         0      0        0
  MONTH TO DATE    0                         0      0        0
  SINCE DEC 1      0                         0      0        0
  SINCE JAN 1      0                         0      0        0
..................................................................


WIND (MPH)
  HIGHEST WIND SPEED    13   HIGHEST WIND DIRECTION    SE (150)
  HIGHEST GUST SPEED    16   HIGHEST GUST DIRECTION    NE (60)
  AVERAGE WIND SPEED     4.6


SKY COVER
  POSSIBLE SUNSHINE  MM
  AVERAGE SKY COVER 1.0


WEATHER CONDITIONS
 THE FOLLOWING WEATHER WAS RECORDED YESTERDAY.
  FOG
  FOG W/VISIBILITY <= 1/4 MILE
  HAZE


RELATIVE HUMIDITY (PERCENT)
 HIGHEST    92           300 PM
 LOWEST     81           300 AM
 AVERAGE    87

..........................................................


THE MOBRIDGE SD CLIMATE NORMALS FOR TODAY
                         NORMAL    RECORD    YEAR
 MAXIMUM TEMPERATURE (F)   26        59      1942
 MINIMUM TEMPERATURE (F)    6       -33      1949


SUNRISE AND SUNSET
JANUARY 21 2017.......SUNRISE   814 AM CST   SUNSET   533 PM CST
JANUARY 22 2017.......SUNRISE   813 AM CST   SUNSET   534 PM CST


-  INDICATES NEGATIVE NUMBERS.
R  INDICATES RECORD WAS SET OR TIED.
MM INDICATES DATA IS MISSING.
T  INDICATES TRACE AMOUNT.




$$
