000
CDUS43 KABR 231200
CLIMBG


CLIMATE REPORT
NATIONAL WEATHER SERVICE ABERDEEN SD
700 AM CDT SUN JUL 23 2017


...................................

...THE MOBRIDGE SD CLIMATE SUMMARY FOR JULY 22 2017...

CLIMATE NORMAL PERIOD 1981 TO 2010
CLIMATE RECORD PERIOD 1911 TO 2017


WEATHER ITEM   OBSERVED TIME   RECORD YEAR NORMAL DEPARTURE LAST
                VALUE   (LST)  VALUE       VALUE  FROM      YEAR
                                                  NORMAL
..................................................................
TEMPERATURE (F)
 YESTERDAY
  MAXIMUM         91    436 PM 109    1941  87      4       93
  MINIMUM         63   1120 PM  47    1915  60      3       69
  AVERAGE         77                        74      3       81

PRECIPITATION (IN)
  YESTERDAY        0.00          1.05 1945   0.08  -0.08     0.38
  MONTH TO DATE    2.95                      1.95   1.00     1.07
  SINCE JUN 1      4.45                      5.11  -0.66     3.48
  SINCE JAN 1      6.98                     11.13  -4.15    13.86

DEGREE DAYS
 HEATING
  YESTERDAY        0                         0      0        0
  MONTH TO DATE    0                         5     -5        1
  SINCE JUN 1     29                        80    -51       13
  SINCE JUL 1      0                         5     -5        1

 COOLING
  YESTERDAY       12                         9      3       16
  MONTH TO DATE  294                       171    123      242
  SINCE JUN 1    473                       270    203      462
  SINCE JAN 1    493                       286    207      478
..................................................................


WIND (MPH)
  HIGHEST WIND SPEED    24   HIGHEST WIND DIRECTION    NW (320)
  HIGHEST GUST SPEED    30   HIGHEST GUST DIRECTION    NW (330)
  AVERAGE WIND SPEED     9.2


SKY COVER
  POSSIBLE SUNSHINE  MM
  AVERAGE SKY COVER 0.0


WEATHER CONDITIONS
 THE FOLLOWING WEATHER WAS RECORDED YESTERDAY.
  NO SIGNIFICANT WEATHER WAS OBSERVED.


RELATIVE HUMIDITY (PERCENT)
 HIGHEST    93           300 AM
 LOWEST     24           500 PM
 AVERAGE    59

..........................................................


THE MOBRIDGE SD CLIMATE NORMALS FOR TODAY
                         NORMAL    RECORD    YEAR
 MAXIMUM TEMPERATURE (F)   87       108      1940
 MINIMUM TEMPERATURE (F)   60        46      1952


SUNRISE AND SUNSET
JULY 23 2017..........SUNRISE   616 AM CDT   SUNSET   920 PM CDT
JULY 24 2017..........SUNRISE   617 AM CDT   SUNSET   919 PM CDT


-  INDICATES NEGATIVE NUMBERS.
R  INDICATES RECORD WAS SET OR TIED.
MM INDICATES DATA IS MISSING.
T  INDICATES TRACE AMOUNT.




$$
