000
CDUS43 KABR 231043
CLIMBG


CLIMATE REPORT
NATIONAL WEATHER SERVICE ABERDEEN SD
542 AM CDT SAT SEP 23 2017


...................................

...THE MOBRIDGE SD CLIMATE SUMMARY FOR SEPTEMBER 22 2017...

CLIMATE NORMAL PERIOD 1981 TO 2010
CLIMATE RECORD PERIOD 1911 TO 2017


WEATHER ITEM   OBSERVED TIME   RECORD YEAR NORMAL DEPARTURE LAST
                VALUE   (LST)  VALUE       VALUE  FROM      YEAR
                                                  NORMAL
..................................................................
TEMPERATURE (F)
 YESTERDAY
  MAXIMUM         65   1041 AM 101    1936  71     -6       65
  MINIMUM         51   1159 PM  25    1947  45      6       53
  AVERAGE         58                        58      0       59

PRECIPITATION (IN)
  YESTERDAY        0.00          0.74 2006   0.05  -0.05     0.00
  MONTH TO DATE    0.83                      1.13  -0.30     0.32
  SINCE SEP 1      0.83                      1.13  -0.30     0.32
  SINCE JAN 1     13.53                     15.04  -1.51    17.29

DEGREE DAYS
 HEATING
  YESTERDAY        7                         8     -1        6
  MONTH TO DATE   71                       108    -37       61
  SINCE SEP 1     71                       108    -37       61
  SINCE JUL 1     77                       141    -64       75

 COOLING
  YESTERDAY        0                         1     -1        0
  MONTH TO DATE   75                        56     19       65
  SINCE SEP 1     75                        56     19       65
  SINCE JAN 1    786                       637    149      943
..................................................................


WIND (MPH)
  HIGHEST WIND SPEED    24   HIGHEST WIND DIRECTION     N (340)
  HIGHEST GUST SPEED    33   HIGHEST GUST DIRECTION    NE (30)
  AVERAGE WIND SPEED    16.9


SKY COVER
  POSSIBLE SUNSHINE  MM
  AVERAGE SKY COVER 0.8


WEATHER CONDITIONS
 THE FOLLOWING WEATHER WAS RECORDED YESTERDAY.
  NO SIGNIFICANT WEATHER WAS OBSERVED.


RELATIVE HUMIDITY (PERCENT)
 HIGHEST    84          1100 AM
 LOWEST     63          1200 AM
 AVERAGE    74

..........................................................


THE MOBRIDGE SD CLIMATE NORMALS FOR TODAY
                         NORMAL    RECORD    YEAR
 MAXIMUM TEMPERATURE (F)   71        97      1958
 MINIMUM TEMPERATURE (F)   44        25      1942


SUNRISE AND SUNSET
SEPTEMBER 23 2017.....SUNRISE   730 AM CDT   SUNSET   737 PM CDT
SEPTEMBER 24 2017.....SUNRISE   731 AM CDT   SUNSET   735 PM CDT


-  INDICATES NEGATIVE NUMBERS.
R  INDICATES RECORD WAS SET OR TIED.
MM INDICATES DATA IS MISSING.
T  INDICATES TRACE AMOUNT.




$$
