000
CDUS43 KABR 282236
CLIMBG


CLIMATE REPORT
NATIONAL WEATHER SERVICE ABERDEEN SD
534 PM CDT SUN MAY 28 2017


...................................

...THE MOBRIDGE SD CLIMATE SUMMARY FOR MAY 28 2017...
VALID TODAY AS OF 0500 PM LOCAL TIME.

CLIMATE NORMAL PERIOD 1981 TO 2010
CLIMATE RECORD PERIOD 1911 TO 2017


WEATHER ITEM   OBSERVED TIME   RECORD YEAR NORMAL DEPARTURE LAST
                VALUE   (LST)  VALUE       VALUE  FROM      YEAR
                                                  NORMAL
..................................................................
TEMPERATURE (F)
 TODAY
  MAXIMUM         79    229 PM 108    1934  72      7       77
  MINIMUM         43    142 AM  28    1947  48     -5       52
  AVERAGE         61                        60      1       65

PRECIPITATION (IN)
  TODAY            T             1.57 1973   0.09  -0.09     0.23
  MONTH TO DATE    0.67                      2.52  -1.85     2.76
  SINCE MAR 1      1.77                      4.99  -3.22     8.17
  SINCE JAN 1      2.53                      5.72  -3.19     9.39

DEGREE DAYS
 HEATING
  TODAY            4                         6     -2        0
  MONTH TO DATE  202                       272    -70      190
  SINCE MAR 1   1662                      1892   -230     1420
  SINCE JUL 1   7099                      7867   -768     6295

 COOLING
  TODAY            0                         1     -1        0
  MONTH TO DATE   20                        10     10       13
  SINCE MAR 1     20                        11      9       15
  SINCE JAN 1     20                        11      9       15
..................................................................


WIND (MPH)
  HIGHEST WIND SPEED    31   HIGHEST WIND DIRECTION     W (280)
  HIGHEST GUST SPEED    44   HIGHEST GUST DIRECTION    NW (300)
  AVERAGE WIND SPEED    11.7


SKY COVER
  POSSIBLE SUNSHINE  MM
  AVERAGE SKY COVER 0.1


WEATHER CONDITIONS
 THE FOLLOWING WEATHER WAS RECORDED TODAY.
  LIGHT RAIN


RELATIVE HUMIDITY (PERCENT)
 HIGHEST    89           100 AM
 LOWEST     24           200 PM
 AVERAGE    57

..........................................................


THE MOBRIDGE SD CLIMATE NORMALS FOR TOMORROW
                         NORMAL    RECORD    YEAR
 MAXIMUM TEMPERATURE (F)   72       104      1934
 MINIMUM TEMPERATURE (F)   48        20      1947


SUNRISE AND SUNSET
MAY 28 2017...........SUNRISE   559 AM CDT   SUNSET   920 PM CDT
MAY 29 2017...........SUNRISE   558 AM CDT   SUNSET   921 PM CDT


-  INDICATES NEGATIVE NUMBERS.
R  INDICATES RECORD WAS SET OR TIED.
MM INDICATES DATA IS MISSING.
T  INDICATES TRACE AMOUNT.




$$
