000
CDUS43 KABR 242340
CLIMBG


CLIMATE REPORT
NATIONAL WEATHER SERVICE ABERDEEN SD
537 PM CST SAT FEB 24 2018


...................................

...THE MOBRIDGE SD CLIMATE SUMMARY FOR FEBRUARY 24 2018...
VALID TODAY AS OF 0500 PM LOCAL TIME.

CLIMATE NORMAL PERIOD 1981 TO 2010
CLIMATE RECORD PERIOD 1911 TO 2018


WEATHER ITEM   OBSERVED TIME   RECORD YEAR NORMAL DEPARTURE LAST
                VALUE   (LST)  VALUE       VALUE  FROM      YEAR
                                                  NORMAL
..................................................................
TEMPERATURE (F)
 TODAY
  MAXIMUM         23    432 PM  58    1976  34    -11       34
  MINIMUM         -7    215 AM -22    1955  13    -20       18
  AVERAGE          8                        23    -15       26

PRECIPITATION (IN)
  TODAY            0.20          1.50 1930   0.02   0.18     0.00
  MONTH TO DATE    0.95                      0.34   0.61     0.23
  SINCE DEC 1      1.55                      1.07   0.48     3.06
  SINCE JAN 1      1.01                      0.63   0.38     0.76

SNOWFALL (IN)
  TODAY           MM
  MONTH TO DATE   13.8
  SINCE OCT 1     24.1
  SINCE JUL 1     24.1
  SNOW DEPTH      MM

DEGREE DAYS
 HEATING
  TODAY           57                        42     15       39
  MONTH TO DATE 1389                      1080    309      935
  SINCE DEC 1   4192                      4047    145     4141
  SINCE JUL 1   5693                      5813   -120     5292

 COOLING
  TODAY            0                         0      0        0
  MONTH TO DATE    0                         0      0        0
  SINCE DEC 1      0                         0      0        0
  SINCE JAN 1      0                         0      0        0
..................................................................


WIND (MPH)
  HIGHEST WIND SPEED    17   HIGHEST WIND DIRECTION    SE (140)
  HIGHEST GUST SPEED    19   HIGHEST GUST DIRECTION    SE (140)
  AVERAGE WIND SPEED     6.6


SKY COVER
  POSSIBLE SUNSHINE  MM
  AVERAGE SKY COVER 0.6


WEATHER CONDITIONS
 THE FOLLOWING WEATHER WAS RECORDED TODAY.
  HEAVY SNOW
  SNOW
  LIGHT SNOW
  FOG
  FOG W/VISIBILITY <= 1/4 MILE
  HAZE


RELATIVE HUMIDITY (PERCENT)
 HIGHEST    87           600 AM
 LOWEST     77           200 PM
 AVERAGE    82

..........................................................


THE MOBRIDGE SD CLIMATE NORMALS FOR TOMORROW
                         NORMAL    RECORD    YEAR
 MAXIMUM TEMPERATURE (F)   34        70      1958
 MINIMUM TEMPERATURE (F)   13       -32      1919


SUNRISE AND SUNSET
FEBRUARY 24 2018......SUNRISE   729 AM CST   SUNSET   622 PM CST
FEBRUARY 25 2018......SUNRISE   727 AM CST   SUNSET   623 PM CST


-  INDICATES NEGATIVE NUMBERS.
R  INDICATES RECORD WAS SET OR TIED.
MM INDICATES DATA IS MISSING.
T  INDICATES TRACE AMOUNT.




$$
