000
CDUS43 KABR 012235
CLIMBG


CLIMATE REPORT
NATIONAL WEATHER SERVICE ABERDEEN SD
534 PM CDT FRI AUG 1 2014


...................................

...THE MOBRIDGE SD CLIMATE SUMMARY FOR AUGUST 1 2014...
VALID TODAY AS OF 0500 PM LOCAL TIME.

CLIMATE NORMAL PERIOD 1981 TO 2010
CLIMATE RECORD PERIOD 1911 TO 2014


WEATHER ITEM   OBSERVED TIME   RECORD YEAR NORMAL DEPARTURE LAST
                VALUE   (LST)  VALUE       VALUE  FROM      YEAR
                                                  NORMAL
..................................................................
TEMPERATURE (F)
 TODAY
  MAXIMUM         89    222 PM 107    1936  87      2       82
  MINIMUM         59    500 AM  40    1927  60     -1       53
  AVERAGE         74                        74      0       68

PRECIPITATION (IN)
  TODAY            T             1.57 1914   0.07  -0.07     0.00
  MONTH TO DATE    T                         0.07  -0.07     0.00
  SINCE JUN 1      8.44                      5.93   2.51     3.88
  SINCE JAN 1     14.56                     11.95   2.61    11.56

DEGREE DAYS
 HEATING
  TODAY            0                         0      0        0
  MONTH TO DATE    0                         0      0        0
  SINCE JUN 1     98                        87     11       79
  SINCE JUL 1     23                        12     11       11

 COOLING
  TODAY            9                         9      0        3
  MONTH TO DATE    9                         9      0        3
  SINCE JUN 1    224                       357   -133      329
  SINCE JAN 1    274                       373    -99      344
..................................................................


WIND (MPH)
  HIGHEST WIND SPEED    16   HIGHEST WIND DIRECTION     S (160)
  HIGHEST GUST SPEED    22   HIGHEST GUST DIRECTION     S (160)
  AVERAGE WIND SPEED     9.5


SKY COVER
  POSSIBLE SUNSHINE  MM
  AVERAGE SKY COVER 0.2


WEATHER CONDITIONS
 THE FOLLOWING WEATHER WAS RECORDED TODAY.
  THUNDERSTORM


RELATIVE HUMIDITY (PERCENT)
 HIGHEST    90           400 AM
 LOWEST     39           100 PM
 AVERAGE    65

..........................................................


THE MOBRIDGE SD CLIMATE NORMALS FOR TOMORROW
                         NORMAL    RECORD    YEAR
 MAXIMUM TEMPERATURE (F)   87       109      1938
 MINIMUM TEMPERATURE (F)   60        43      1927


SUNRISE AND SUNSET
AUGUST  1 2014........SUNRISE   625 AM CDT   SUNSET   910 PM CDT
AUGUST  2 2014........SUNRISE   627 AM CDT   SUNSET   908 PM CDT


-  INDICATES NEGATIVE NUMBERS.
R  INDICATES RECORD WAS SET OR TIED.
MM INDICATES DATA IS MISSING.
T  INDICATES TRACE AMOUNT.




$$
