000
CDUS43 KDTX 240542
CLIMBS


CLIMATE REPORT
NATIONAL WEATHER SERVICE DETROIT/PONTIAC MI
142 AM EDT FRI MAR 24 2017


...................................

...THE TRI CITIES MI CLIMATE SUMMARY FOR MARCH 23 2017...

CLIMATE NORMAL PERIOD 1981 TO 2010
CLIMATE RECORD PERIOD 1898 TO 2017


WEATHER ITEM   OBSERVED TIME   NORMAL DEPARTURE LAST
                VALUE   (LST)  VALUE  FROM      YEAR
                                      NORMAL
......................................................
TEMPERATURE (F)
 YESTERDAY
  MAXIMUM         43    508 PM  45     -2       38
  MINIMUM         23    131 AM  28     -5       33
  AVERAGE         33            36     -3

PRECIPITATION (IN)
  YESTERDAY        T             0.06  -0.06
  MONTH TO DATE    1.27          1.50  -0.23
  SINCE MAR 1      1.27          1.50  -0.23
  SINCE JAN 1      5.78          4.82   0.96

SNOWFALL (IN)
  YESTERDAY        0.0
  MONTH TO DATE    7.5
  SINCE MAR 1      7.5
  SINCE JUL 1     37.4
  SNOW DEPTH       0

DEGREE DAYS
 HEATING
  YESTERDAY       32                    3
  MONTH TO DATE  794                   39
  SINCE MAR 1    794                   39
  SINCE JUL 1   4963                 -891

 COOLING
  YESTERDAY        0                    0
  MONTH TO DATE    0                    0
  SINCE MAR 1      0                    0
  SINCE JAN 1      0                    0
......................................................


WIND (MPH)
  HIGHEST WIND SPEED    18   HIGHEST WIND DIRECTION     S (170)
  HIGHEST GUST SPEED    23   HIGHEST GUST DIRECTION     S (170)
  AVERAGE WIND SPEED     9.4



WEATHER CONDITIONS
 THE FOLLOWING WEATHER WAS RECORDED YESTERDAY.
  LIGHT RAIN


RELATIVE HUMIDITY (PERCENT)
 HIGHEST    75
 LOWEST     28
 AVERAGE    52

..........................................................


THE TRI CITIES MI CLIMATE NORMALS FOR TODAY
                         NORMAL
 MAXIMUM TEMPERATURE (F)   46
 MINIMUM TEMPERATURE (F)   28


SUNRISE AND SUNSET
MARCH 24 2017.........SUNRISE   732 AM EDT   SUNSET   754 PM EDT
MARCH 25 2017.........SUNRISE   730 AM EDT   SUNSET   755 PM EDT


-  INDICATES NEGATIVE NUMBERS.
R  INDICATES RECORD WAS SET OR TIED.
MM INDICATES DATA IS MISSING.
T  INDICATES TRACE AMOUNT.




$$
