000
CDUS43 KDTX 250537
CLIMBS


CLIMATE REPORT
NATIONAL WEATHER SERVICE DETROIT/PONTIAC MI
1237 AM EST SUN JAN 25 2015


...................................

...THE TRI CITIES MI CLIMATE SUMMARY FOR JANUARY 24 2015...

CLIMATE NORMAL PERIOD 1981 TO 2010
CLIMATE RECORD PERIOD 1898 TO 2015


WEATHER ITEM   OBSERVED TIME   NORMAL DEPARTURE LAST
                VALUE   (LST)  VALUE  FROM      YEAR
                                      NORMAL
......................................................
TEMPERATURE (F)
 YESTERDAY
  MAXIMUM         38    724 PM  29      9       20
  MINIMUM         30    451 AM  15     15       -1
  AVERAGE         34            22     12

PRECIPITATION (IN)
  YESTERDAY        T             0.04  -0.04
  MONTH TO DATE    0.98          1.38  -0.40
  SINCE DEC 1      2.45          3.24  -0.79
  SINCE JAN 1      0.98          1.38  -0.40

SNOWFALL (IN)
  YESTERDAY        0.0
  MONTH TO DATE   10.5
  SINCE DEC 1     11.4
  SINCE JUL 1     14.3
  SNOW DEPTH       5

DEGREE DAYS
 HEATING
  YESTERDAY       31                  -12
  MONTH TO DATE 1058                   35
  SINCE DEC 1   2071                 -119
  SINCE JUL 1   3567                  -96

 COOLING
  YESTERDAY        0                    0
  MONTH TO DATE    0                    0
  SINCE DEC 1      0                    0
  SINCE JAN 1      0                    0
......................................................


WIND (MPH)
  HIGHEST WIND SPEED    20   HIGHEST WIND DIRECTION    SW (230)
  HIGHEST GUST SPEED    26   HIGHEST GUST DIRECTION    SW (230)
  AVERAGE WIND SPEED    10.4



WEATHER CONDITIONS
 THE FOLLOWING WEATHER WAS RECORDED YESTERDAY.
  LIGHT RAIN
  FOG
  HAZE


RELATIVE HUMIDITY (PERCENT)
 HIGHEST    85
 LOWEST     72
 AVERAGE    79

..........................................................


THE TRI CITIES MI CLIMATE NORMALS FOR TODAY
                         NORMAL
 MAXIMUM TEMPERATURE (F)   29
 MINIMUM TEMPERATURE (F)   15


SUNRISE AND SUNSET
JANUARY 25 2015.......SUNRISE   800 AM EST   SUNSET   538 PM EST
JANUARY 26 2015.......SUNRISE   759 AM EST   SUNSET   539 PM EST


-  INDICATES NEGATIVE NUMBERS.
R  INDICATES RECORD WAS SET OR TIED.
MM INDICATES DATA IS MISSING.
T  INDICATES TRACE AMOUNT.




$$
