000
CDUS43 KDTX 190535
CLIMBS


CLIMATE REPORT
NATIONAL WEATHER SERVICE DETROIT/PONTIAC MI
135 AM EDT SUN OCT 19 2014


...................................

...THE  TRI CITIES MI CLIMATE SUMMARY FOR OCTOBER 18 2014...

CLIMATE NORMAL PERIOD 1981 TO 2010
CLIMATE RECORD PERIOD 1898 TO 2014


WEATHER ITEM   OBSERVED TIME   NORMAL DEPARTURE
                VALUE   (LST)  VALUE  FROM
                                      NORMAL
...................................................
TEMPERATURE (F)
 YESTERDAY
  MAXIMUM         49    245 PM  58     -9
  MINIMUM         37   1145 PM  39     -2
  AVERAGE         43            49     -6

PRECIPITATION (IN)
  YESTERDAY        T             0.08  -0.08
  MONTH TO DATE    1.99          1.57   0.42
  SINCE SEP 1      5.68          5.40   0.28
  SINCE JAN 1     27.79         25.92   1.87

SNOWFALL (IN)
  YESTERDAY        0.0
  MONTH TO DATE    0.0
  SINCE SEP 1      0.0
  SINCE JUL 1      0.0
  SNOW DEPTH       0

DEGREE DAYS
 HEATING
  YESTERDAY       22                    6
  MONTH TO DATE  200                  -40
  SINCE SEP 1    340                  -59
  SINCE JUL 1    366                  -73

 COOLING
  YESTERDAY        0                    0
  MONTH TO DATE    1                   -1
  SINCE SEP 1     54                    4
  SINCE JAN 1    539                  -15
...................................................


WIND (MPH)
  HIGHEST WIND SPEED    23   HIGHEST WIND DIRECTION     N (340)
  HIGHEST GUST SPEED    26   HIGHEST GUST DIRECTION     N (350)
  AVERAGE WIND SPEED    12.7




RELATIVE HUMIDITY (PERCENT)
 HIGHEST    83
 LOWEST     60
 AVERAGE    72

..........................................................


THE  TRI CITIES MI CLIMATE NORMALS FOR TODAY
                         NORMAL
 MAXIMUM TEMPERATURE (F)   58
 MINIMUM TEMPERATURE (F)   39


SUNRISE AND SUNSET
OCTOBER 19 2014.......SUNRISE   755 AM EDT   SUNSET   647 PM EDT
OCTOBER 20 2014.......SUNRISE   757 AM EDT   SUNSET   645 PM EDT


-  INDICATES NEGATIVE NUMBERS.
R  INDICATES RECORD WAS SET OR TIED.
MM INDICATES DATA IS MISSING.
T  INDICATES TRACE AMOUNT.




$$
