000
CDUS43 KDTX 030536
CLIMBS


CLIMATE REPORT
NATIONAL WEATHER SERVICE DETROIT/PONTIAC MI
136 AM EDT FRI JUL 3 2015


...................................

...THE TRI CITIES MI CLIMATE SUMMARY FOR JULY 2 2015...

CLIMATE NORMAL PERIOD 1981 TO 2010
CLIMATE RECORD PERIOD 1898 TO 2015


WEATHER ITEM   OBSERVED TIME   NORMAL DEPARTURE LAST
                VALUE   (LST)  VALUE  FROM      YEAR
                                      NORMAL
......................................................
TEMPERATURE (F)
 YESTERDAY
  MAXIMUM         72    519 PM  82    -10       74
  MINIMUM         56   1159 PM  60     -4       62
  AVERAGE         64            71     -7

PRECIPITATION (IN)
  YESTERDAY        0.00          0.09  -0.09
  MONTH TO DATE    0.00          0.18  -0.18
  SINCE JUN 1      4.08          3.16   0.92
  SINCE JAN 1     12.72         14.81  -2.09

SNOWFALL (IN)
  YESTERDAY        0.0
  MONTH TO DATE    0.0
  SINCE JUN 1      0.0
  SINCE JUL 1      0.0
  SNOW DEPTH       0

DEGREE DAYS
 HEATING
  YESTERDAY        1                    0
  MONTH TO DATE    2                    0
  SINCE JUN 1     42                  -19
  SINCE JUL 1      2                    0

 COOLING
  YESTERDAY        0                   -6
  MONTH TO DATE    0                  -12
  SINCE JUN 1    118                  -18
  SINCE JAN 1    182                   10
......................................................


WIND (MPH)
  HIGHEST WIND SPEED    16   HIGHEST WIND DIRECTION    NE (50)
  HIGHEST GUST SPEED    23   HIGHEST GUST DIRECTION    NE (40)
  AVERAGE WIND SPEED     7.4



WEATHER CONDITIONS
 THE FOLLOWING WEATHER WAS RECORDED YESTERDAY.
  NO SIGNIFICANT WEATHER WAS OBSERVED.


RELATIVE HUMIDITY (PERCENT)
 HIGHEST    80
 LOWEST     41
 AVERAGE    61

..........................................................


THE TRI CITIES MI CLIMATE NORMALS FOR TODAY
                         NORMAL
 MAXIMUM TEMPERATURE (F)   82
 MINIMUM TEMPERATURE (F)   60


SUNRISE AND SUNSET
JULY  3 2015..........SUNRISE   600 AM EDT   SUNSET   921 PM EDT
JULY  4 2015..........SUNRISE   601 AM EDT   SUNSET   921 PM EDT


-  INDICATES NEGATIVE NUMBERS.
R  INDICATES RECORD WAS SET OR TIED.
MM INDICATES DATA IS MISSING.
T  INDICATES TRACE AMOUNT.




$$
