000
CDUS43 KDTX 292041
CLIMBS


CLIMATE REPORT
NATIONAL WEATHER SERVICE DETROIT/PONTIAC MI
429 PM EDT MON MAY 29 2017


...................................

...THE TRI CITIES MI CLIMATE SUMMARY FOR MAY 29 2017...
VALID TODAY AS OF 0400 PM LOCAL TIME.

CLIMATE NORMAL PERIOD 1981 TO 2010
CLIMATE RECORD PERIOD 1898 TO 2017


WEATHER ITEM   OBSERVED TIME   NORMAL DEPARTURE LAST
                VALUE   (LST)  VALUE  FROM      YEAR
                                      NORMAL
......................................................
TEMPERATURE (F)
 TODAY
  MAXIMUM         77    213 PM  72      5       86
  MINIMUM         55    534 AM  51      4       67
  AVERAGE         66            62      4       77

PRECIPITATION (IN)
  TODAY            0.00          0.10  -0.10      T
  MONTH TO DATE    2.06          3.17  -1.11     2.11
  SINCE MAR 1     10.75          8.12   2.63     7.92
  SINCE JAN 1     15.26         11.44   3.82    11.84

SNOWFALL (IN)
  TODAY            0.0           0.0    0.0      0.0
  MONTH TO DATE    0.0           0.0    0.0      0.0
  SINCE MAR 1      7.5           8.1   -0.6     16.5
  SINCE JUL 1     37.4          41.5   -4.1     50.2
  SNOW DEPTH       0

DEGREE DAYS
 HEATING
  TODAY            0             5     -5        0
  MONTH TO DATE  261           263     -2      214
  SINCE MAR 1   1675          1804   -129     1634
  SINCE JUL 1   5844          6903  -1059     5647

 COOLING
  TODAY            1             2     -1       12
  MONTH TO DATE   22            27     -5       66
  SINCE MAR 1     26            31     -5       67
  SINCE JAN 1     26            31     -5       67
......................................................


WIND (MPH)
  HIGHEST WIND SPEED    33   HIGHEST WIND DIRECTION     W (250)
  HIGHEST GUST SPEED    47   HIGHEST GUST DIRECTION     W (250)
  AVERAGE WIND SPEED    13.5


SKY COVER
  AVERAGE SKY COVER 0.1


WEATHER CONDITIONS
 THE FOLLOWING WEATHER WAS RECORDED TODAY.
  NO SIGNIFICANT WEATHER WAS OBSERVED.


..........................................................


THE TRI CITIES MI CLIMATE NORMALS FOR TOMORROW
                         NORMAL
 MAXIMUM TEMPERATURE (F)   73
 MINIMUM TEMPERATURE (F)   52


SUNRISE AND SUNSET
MAY 29 2017...........SUNRISE   600 AM EDT   SUNSET   908 PM EDT
MAY 30 2017...........SUNRISE   559 AM EDT   SUNSET   909 PM EDT


-  INDICATES NEGATIVE NUMBERS.
R  INDICATES RECORD WAS SET OR TIED.
MM INDICATES DATA IS MISSING.
T  INDICATES TRACE AMOUNT.




$$
