231
CDUS46 KHNX 280823
CLIMCE


CLIMATE REPORT
NATIONAL WEATHER SERVICE SAN JOAQUIN VALLEY, CA
123 AM PDT THU APR 28 2016


...................................

...THE MERCED  CA CLIMATE SUMMARY FOR APRIL 27 2016...

CLIMATE NORMAL PERIOD 1981 TO 2010
CLIMATE RECORD PERIOD 1998 TO 2016


WEATHER ITEM   OBSERVED TIME   RECORD YEAR NORMAL DEPARTURE
                VALUE   (LST)  VALUE       VALUE  FROM
                                                  NORMAL
...............................................................
TEMPERATURE (F)
 YESTERDAY
  MAXIMUM         70   1146 AM  97    2004  77     -7
  MINIMUM         46    546 AM  40    1999  47     -1
  AVERAGE         58                        62     -4

PRECIPITATION (IN)
  YESTERDAY        0.92R         T    2005   0.03   0.89
  MONTH TO DATE    3.59                      0.87   2.72
  SINCE OCT 1     14.55                     11.40   3.15
  SINCE JAN 1     10.83                      7.89   2.94

SNOWFALL (IN)
  YESTERDAY       MM
  MONTH TO DATE    0.0
  SINCE MAR 1      0.0
  SINCE JUL 1      0.0
  SNOW DEPTH       0

DEGREE DAYS
 HEATING
  YESTERDAY        7
  MONTH TO DATE   83
  SINCE MAR 1    333
  SINCE JUL 1   2230

 COOLING
  YESTERDAY        0
  MONTH TO DATE   27
  SINCE MAR 1     27
  SINCE JAN 1     27
...............................................................


WIND (MPH)
  HIGHEST WIND SPEED    24   HIGHEST WIND DIRECTION     W (260)
  HIGHEST GUST SPEED    31   HIGHEST GUST DIRECTION     W (270)
  AVERAGE WIND SPEED     5.0




RELATIVE HUMIDITY (PERCENT)
 HIGHEST    96
 LOWEST     42
 AVERAGE    69

..........................................................


THE MERCED  CA CLIMATE NORMALS FOR TODAY
                         NORMAL    RECORD    YEAR
 MAXIMUM TEMPERATURE (F)   77        95      2007
 MINIMUM TEMPERATURE (F)   48        36      1999


SUNRISE AND SUNSET
APRIL 28 2016.........SUNRISE   610 AM PDT   SUNSET   750 PM PDT
APRIL 29 2016.........SUNRISE   609 AM PDT   SUNSET   751 PM PDT


-  INDICATES NEGATIVE NUMBERS.
R  INDICATES RECORD WAS SET OR TIED.
MM INDICATES DATA IS MISSING.
T  INDICATES TRACE AMOUNT.




$$
