000
CDUS46 KHNX 230821
CLIMCE


CLIMATE REPORT
NATIONAL WEATHER SERVICE SAN JOAQUIN VALLEY, CA
120 AM PDT SAT MAY 23 2015


...................................

...THE MERCED  CA CLIMATE SUMMARY FOR MAY 22 2015...

CLIMATE NORMAL PERIOD 1981 TO 2010
CLIMATE RECORD PERIOD 1998 TO 2015


WEATHER ITEM   OBSERVED TIME   RECORD YEAR NORMAL DEPARTURE
                VALUE   (LST)  VALUE       VALUE  FROM
                                                  NORMAL
...............................................................
TEMPERATURE (F)
 YESTERDAY
  MAXIMUM         76    358 PM 100    2000  84     -8
  MINIMUM         55    546 AM  40    2010  53      2
  AVERAGE         66                        68     -2

PRECIPITATION (IN)
  YESTERDAY        0.00          0.07 2006   0.01  -0.01
  MONTH TO DATE    0.74                      0.50   0.24
  SINCE OCT 1      7.84                     11.98  -4.14
  SINCE JAN 1      3.09                      8.47  -5.38

SNOWFALL (IN)
  YESTERDAY        0.0
  MONTH TO DATE    0.0
  SINCE MAR 1      0.0
  SINCE JUL 1      0.0
  SNOW DEPTH       0

DEGREE DAYS
 HEATING
  YESTERDAY        0
  MONTH TO DATE   50
  SINCE MAR 1    309
  SINCE JUL 1   1773

 COOLING
  YESTERDAY        1
  MONTH TO DATE   27
  SINCE MAR 1     71
  SINCE JAN 1     71
...............................................................


WIND (MPH)
  HIGHEST WIND SPEED    15   HIGHEST WIND DIRECTION     W (260)
  HIGHEST GUST SPEED    19   HIGHEST GUST DIRECTION     W (260)
  AVERAGE WIND SPEED     8.0




RELATIVE HUMIDITY (PERCENT)
 HIGHEST    83
 LOWEST     36
 AVERAGE    60

..........................................................


THE MERCED  CA CLIMATE NORMALS FOR TODAY
                         NORMAL    RECORD    YEAR
 MAXIMUM TEMPERATURE (F)   84        98      2003
 MINIMUM TEMPERATURE (F)   53        43      2010


SUNRISE AND SUNSET
MAY 23 2015...........SUNRISE   548 AM PDT   SUNSET   811 PM PDT
MAY 24 2015...........SUNRISE   547 AM PDT   SUNSET   811 PM PDT


-  INDICATES NEGATIVE NUMBERS.
R  INDICATES RECORD WAS SET OR TIED.
MM INDICATES DATA IS MISSING.
T  INDICATES TRACE AMOUNT.




$$
