000
CDUS46 KHNX 220824
CLIMCE


CLIMATE REPORT
NATIONAL WEATHER SERVICE SAN JOAQUIN VALLEY, CA
1223 AM PST THU FEB 22 2018


...................................

...THE MERCED  CA CLIMATE SUMMARY FOR FEBRUARY 21 2018...

CLIMATE NORMAL PERIOD 1981 TO 2010
CLIMATE RECORD PERIOD 1998 TO 2018


WEATHER ITEM   OBSERVED TIME   RECORD YEAR NORMAL DEPARTURE
                VALUE   (LST)  VALUE       VALUE  FROM
                                                  NORMAL
...............................................................
TEMPERATURE (F)
 YESTERDAY
  MAXIMUM         57    411 PM  70    2014  62     -5
  MINIMUM         28R   444 AM  31    2006  40    -12
  AVERAGE         43                        51     -8

PRECIPITATION (IN)
  YESTERDAY        0.00          0.22 2010   0.10  -0.10
  MONTH TO DATE    0.00                      1.71  -1.71
  SINCE OCT 1      2.29                      7.83  -5.54
  SINCE JAN 1      1.18                      4.32  -3.14

SNOWFALL (IN)
  YESTERDAY        0.0
  MONTH TO DATE    0.0
  SINCE DEC 1      0.0
  SINCE JUL 1      0.0
  SNOW DEPTH       0

DEGREE DAYS
 HEATING
  YESTERDAY       22
  MONTH TO DATE  279
  SINCE DEC 1   1286
  SINCE JUL 1   1640

 COOLING
  YESTERDAY        0
  MONTH TO DATE    0
  SINCE DEC 1      0
  SINCE JAN 1      0
...............................................................


WIND (MPH)
  HIGHEST WIND SPEED    12   HIGHEST WIND DIRECTION     N (350)
  HIGHEST GUST SPEED    19   HIGHEST GUST DIRECTION    NW (330)
  AVERAGE WIND SPEED     3.5




RELATIVE HUMIDITY (PERCENT)
 HIGHEST    85
 LOWEST     23
 AVERAGE    54

..........................................................


THE MERCED  CA CLIMATE NORMALS FOR TODAY
                         NORMAL    RECORD    YEAR
 MAXIMUM TEMPERATURE (F)   62        74      2002
 MINIMUM TEMPERATURE (F)   40        29      2006


SUNRISE AND SUNSET
FEBRUARY 22 2018......SUNRISE   643 AM PST   SUNSET   550 PM PST
FEBRUARY 23 2018......SUNRISE   641 AM PST   SUNSET   551 PM PST


-  INDICATES NEGATIVE NUMBERS.
R  INDICATES RECORD WAS SET OR TIED.
MM INDICATES DATA IS MISSING.
T  INDICATES TRACE AMOUNT.




$$
