000
CDUS46 KHNX 290824
CLIMCE


CLIMATE REPORT
NATIONAL WEATHER SERVICE SAN JOAQUIN VALLEY, CA
123 AM PDT THU SEP 29 2016


...................................

...THE MERCED  CA CLIMATE SUMMARY FOR SEPTEMBER 28 2016...

CLIMATE NORMAL PERIOD 1981 TO 2010
CLIMATE RECORD PERIOD 1998 TO 2016


WEATHER ITEM   OBSERVED TIME   RECORD YEAR NORMAL DEPARTURE
                VALUE   (LST)  VALUE       VALUE  FROM
                                                  NORMAL
...............................................................
TEMPERATURE (F)
 YESTERDAY
  MAXIMUM         96    449 PM 100    2010  85     11
  MINIMUM         57    603 AM  47    2013  53      4
  AVERAGE         77                        69      8

PRECIPITATION (IN)
  YESTERDAY        0.00          T    2014   0.01  -0.01
                                      2014
                                      2015
  MONTH TO DATE    T                         0.27  -0.27
  SINCE OCT 1     14.66                     12.48   2.18
  SINCE JAN 1     10.94                      8.97   1.97

SNOWFALL (IN)
  YESTERDAY        0.0
  MONTH TO DATE    0.0
  SINCE SEP 1      0.0
  SINCE JUL 1      0.0
  SNOW DEPTH       0

DEGREE DAYS
 HEATING
  YESTERDAY        0
  MONTH TO DATE    9
  SINCE SEP 1      9
  SINCE JUL 1      9

 COOLING
  YESTERDAY       12
  MONTH TO DATE  210
  SINCE SEP 1    210
  SINCE JAN 1   1603
...............................................................


WIND (MPH)
  HIGHEST WIND SPEED     9   HIGHEST WIND DIRECTION     W (280)
  HIGHEST GUST SPEED    23   HIGHEST GUST DIRECTION     S (170)
  AVERAGE WIND SPEED     3.1




RELATIVE HUMIDITY (PERCENT)
 HIGHEST    57
 LOWEST     12
 AVERAGE    35

..........................................................


THE MERCED  CA CLIMATE NORMALS FOR TODAY
                         NORMAL    RECORD    YEAR
 MAXIMUM TEMPERATURE (F)   85        99      2010
 MINIMUM TEMPERATURE (F)   53        48      2007


SUNRISE AND SUNSET
SEPTEMBER 29 2016.....SUNRISE   657 AM PDT   SUNSET   648 PM PDT
SEPTEMBER 30 2016.....SUNRISE   657 AM PDT   SUNSET   646 PM PDT


-  INDICATES NEGATIVE NUMBERS.
R  INDICATES RECORD WAS SET OR TIED.
MM INDICATES DATA IS MISSING.
T  INDICATES TRACE AMOUNT.




$$
