000
CDUS46 KHNX 220023
CLIMCE


CLIMATE REPORT
NATIONAL WEATHER SERVICE SAN JOAQUIN VALLEY, CA
422 PM PST TUE NOV 21 2017


...................................

...THE MERCED  CA CLIMATE SUMMARY FOR NOVEMBER 21 2017...
VALID AS OF 0400 PM LOCAL TIME.

CLIMATE NORMAL PERIOD 1981 TO 2010
CLIMATE RECORD PERIOD 1998 TO 2017


WEATHER ITEM   OBSERVED TIME   RECORD YEAR NORMAL DEPARTURE LAST
                VALUE   (LST)  VALUE       VALUE  FROM      YEAR
                                                  NORMAL
..................................................................
TEMPERATURE (F)
 TODAY
  MAXIMUM         68    325 PM  73    2005  61      7       62
  MINIMUM         51    848 AM  35    2011  39     12       43
                                      2009
                                      2000
  AVERAGE         60                        50     10       53

PRECIPITATION (IN)
  TODAY            0.00          0.17 2010   0.05  -0.05     0.02
  MONTH TO DATE    0.67                      0.88  -0.21     0.23
  SINCE OCT 1      0.82                      1.69  -0.87     1.66
  SINCE JAN 1     12.64                     10.68   1.96    12.60

SNOWFALL (IN)
  TODAY            0.0
  MONTH TO DATE    0.0
  SINCE SEP 1      0.0
  SINCE JUL 1      0.0
  SNOW DEPTH       0

DEGREE DAYS
 HEATING
  TODAY            5                                        12
  MONTH TO DATE  172                                       130
  SINCE SEP 1    267                                       195
  SINCE JUL 1    267                                       195

 COOLING
  TODAY            0                                         0
  MONTH TO DATE    0                                         1
  SINCE SEP 1    307                                       256
  SINCE JAN 1   1843                                      1649
..................................................................


WIND (MPH)
  HIGHEST WIND SPEED     8   HIGHEST WIND DIRECTION    NW (330)
  HIGHEST GUST SPEED    10   HIGHEST GUST DIRECTION     N (350)
  AVERAGE WIND SPEED     2.8




RELATIVE HUMIDITY (PERCENT)
 HIGHEST    96
 LOWEST     49
 AVERAGE    73

..........................................................


THE MERCED  CA CLIMATE NORMALS FOR TOMORROW
                         NORMAL    RECORD    YEAR
 MAXIMUM TEMPERATURE (F)   61        72      2005
 MINIMUM TEMPERATURE (F)   39        28      2003


SUNRISE AND SUNSET
NOVEMBER 21 2017......SUNRISE   648 AM PST   SUNSET   448 PM PST
NOVEMBER 22 2017......SUNRISE   649 AM PST   SUNSET   448 PM PST


-  INDICATES NEGATIVE NUMBERS.
R  INDICATES RECORD WAS SET OR TIED.
MM INDICATES DATA IS MISSING.
T  INDICATES TRACE AMOUNT.




$$
