000
CDUS46 KHNX 180825
CLIMCE


CLIMATE REPORT
NATIONAL WEATHER SERVICE SAN JOAQUIN VALLEY, CA
1224 AM PST WED JAN 18 2017


...................................

...THE MERCED  CA CLIMATE SUMMARY FOR JANUARY 17 2017...

CLIMATE NORMAL PERIOD 1981 TO 2010
CLIMATE RECORD PERIOD 1998 TO 2017


WEATHER ITEM   OBSERVED TIME   RECORD YEAR NORMAL DEPARTURE
                VALUE   (LST)  VALUE       VALUE  FROM
                                                  NORMAL
...............................................................
TEMPERATURE (F)
 YESTERDAY
  MAXIMUM         52    304 PM  68    2014  53     -1
  MINIMUM         29    737 AM  21    2012  37     -8
  AVERAGE         41                        45     -4

PRECIPITATION (IN)
  YESTERDAY        0.00          0.51 2010   0.08  -0.08
  MONTH TO DATE    4.19                      1.73   2.46
  SINCE OCT 1      8.42                      5.24   3.18
  SINCE JAN 1      4.19                      1.73   2.46

SNOWFALL (IN)
  YESTERDAY        0.0
  MONTH TO DATE    0.0
  SINCE DEC 1      0.0
  SINCE JUL 1      0.0
  SNOW DEPTH       0

DEGREE DAYS
 HEATING
  YESTERDAY       24
  MONTH TO DATE  307
  SINCE DEC 1    913
  SINCE JUL 1   1258

 COOLING
  YESTERDAY        0
  MONTH TO DATE    0
  SINCE DEC 1      0
  SINCE JAN 1      0
...............................................................


WIND (MPH)
  HIGHEST WIND SPEED    10   HIGHEST WIND DIRECTION     W (250)
  HIGHEST GUST SPEED    13   HIGHEST GUST DIRECTION     E (80)
  AVERAGE WIND SPEED     2.6




RELATIVE HUMIDITY (PERCENT)
 HIGHEST   100
 LOWEST     71
 AVERAGE    86

..........................................................


THE MERCED  CA CLIMATE NORMALS FOR TODAY
                         NORMAL    RECORD    YEAR
 MAXIMUM TEMPERATURE (F)   53        70      2014
                                             2000
 MINIMUM TEMPERATURE (F)   37        23      2007


SUNRISE AND SUNSET
JANUARY 18 2017.......SUNRISE   714 AM PST   SUNSET   512 PM PST
JANUARY 19 2017.......SUNRISE   714 AM PST   SUNSET   513 PM PST


-  INDICATES NEGATIVE NUMBERS.
R  INDICATES RECORD WAS SET OR TIED.
MM INDICATES DATA IS MISSING.
T  INDICATES TRACE AMOUNT.




$$
