000
CDUS46 KHNX 040022
CLIMCE


CLIMATE REPORT
NATIONAL WEATHER SERVICE SAN JOAQUIN VALLEY, CA
422 PM PST SAT DEC 3 2016


...................................

...THE MERCED  CA CLIMATE SUMMARY FOR DECEMBER 3 2016...
VALID AS OF 0400 PM LOCAL TIME.

CLIMATE NORMAL PERIOD 1981 TO 2010
CLIMATE RECORD PERIOD 1998 TO 2016


WEATHER ITEM   OBSERVED TIME   RECORD YEAR NORMAL DEPARTURE LAST
                VALUE   (LST)  VALUE       VALUE  FROM      YEAR
                                                  NORMAL
..................................................................
TEMPERATURE (F)
 TODAY
  MAXIMUM         57    324 PM  70    2014  57      0       65
  MINIMUM         33    646 AM  26    2004  37     -4       37
  AVERAGE         45                        47     -2       51

PRECIPITATION (IN)
  TODAY            0.00          0.30 1998   0.03  -0.03     0.03
  MONTH TO DATE    0.00                      0.08  -0.08     0.03
  SINCE OCT 1      2.32                      2.07   0.25     2.13
  SINCE JAN 1     13.26                     11.06   2.20     5.22

SNOWFALL (IN)
  TODAY            0.0
  MONTH TO DATE    0.0
  SINCE DEC 1      0.0
  SINCE JUL 1      0.0
  SNOW DEPTH       0

DEGREE DAYS
 HEATING
  TODAY           20                                        14
  MONTH TO DATE   62                                        56
  SINCE DEC 1     62                                        56
  SINCE JUL 1    407                                       509

 COOLING
  TODAY            0                                         0
  MONTH TO DATE    0                                         0
  SINCE DEC 1      0                                         0
  SINCE JAN 1   1649                                      1781
..................................................................


WIND (MPH)
  HIGHEST WIND SPEED     7   HIGHEST WIND DIRECTION     S (170)
  HIGHEST GUST SPEED     9   HIGHEST GUST DIRECTION    SE (130)
  AVERAGE WIND SPEED     1.7




RELATIVE HUMIDITY (PERCENT)
 HIGHEST    96
 LOWEST     55
 AVERAGE    76

..........................................................


THE MERCED  CA CLIMATE NORMALS FOR TOMORROW
                         NORMAL    RECORD    YEAR
 MAXIMUM TEMPERATURE (F)   56        70      2014
 MINIMUM TEMPERATURE (F)   37        25      2013
                                             2004


SUNRISE AND SUNSET
DECEMBER  3 2016......SUNRISE   700 AM PST   SUNSET   445 PM PST
DECEMBER  4 2016......SUNRISE   701 AM PST   SUNSET   445 PM PST


-  INDICATES NEGATIVE NUMBERS.
R  INDICATES RECORD WAS SET OR TIED.
MM INDICATES DATA IS MISSING.
T  INDICATES TRACE AMOUNT.




$$
