000
CDUS46 KHNX 250824
CLIMCE


CLIMATE REPORT
NATIONAL WEATHER SERVICE SAN JOAQUIN VALLEY, CA
124 AM PDT TUE APR 25 2017


...................................

...THE MERCED  CA CLIMATE SUMMARY FOR APRIL 24 2017...

CLIMATE NORMAL PERIOD 1981 TO 2010
CLIMATE RECORD PERIOD 1998 TO 2017


WEATHER ITEM   OBSERVED TIME   RECORD YEAR NORMAL DEPARTURE
                VALUE   (LST)  VALUE       VALUE  FROM
                                                  NORMAL
...............................................................
TEMPERATURE (F)
 YESTERDAY
  MAXIMUM         68    235 PM  87    2013  76     -8
  MINIMUM         50    213 AM  39    2008  47      3
  AVERAGE         59                        61     -2

PRECIPITATION (IN)
  YESTERDAY        0.00          0.05 2003   0.03  -0.03
  MONTH TO DATE    1.15                      0.78   0.37
  SINCE OCT 1     15.79                     11.31   4.48
  SINCE JAN 1     11.56                      7.80   3.76

SNOWFALL (IN)
  YESTERDAY        0.0
  MONTH TO DATE    0.0
  SINCE MAR 1      0.0
  SINCE JUL 1      0.0
  SNOW DEPTH       0

DEGREE DAYS
 HEATING
  YESTERDAY        6
  MONTH TO DATE  159
  SINCE MAR 1    449
  SINCE JUL 1   2319

 COOLING
  YESTERDAY        0
  MONTH TO DATE    0
  SINCE MAR 1      0
  SINCE JAN 1      0
...............................................................


WIND (MPH)
  HIGHEST WIND SPEED    21   HIGHEST WIND DIRECTION    NW (320)
  HIGHEST GUST SPEED    26   HIGHEST GUST DIRECTION     N (340)
  AVERAGE WIND SPEED    12.2




RELATIVE HUMIDITY (PERCENT)
 HIGHEST    83
 LOWEST     48
 AVERAGE    66

..........................................................


THE MERCED  CA CLIMATE NORMALS FOR TODAY
                         NORMAL    RECORD    YEAR
 MAXIMUM TEMPERATURE (F)   76        92      2004
 MINIMUM TEMPERATURE (F)   47        39      2009


SUNRISE AND SUNSET
APRIL 25 2017.........SUNRISE   614 AM PDT   SUNSET   747 PM PDT
APRIL 26 2017.........SUNRISE   613 AM PDT   SUNSET   748 PM PDT


-  INDICATES NEGATIVE NUMBERS.
R  INDICATES RECORD WAS SET OR TIED.
MM INDICATES DATA IS MISSING.
T  INDICATES TRACE AMOUNT.




$$
