797
CDUS46 KHNX 270824
CLIMCE


CLIMATE REPORT
NATIONAL WEATHER SERVICE SAN JOAQUIN VALLEY, CA
123 AM PDT SAT MAY 27 2017


...................................

...THE MERCED  CA CLIMATE SUMMARY FOR MAY 26 2017...

CLIMATE NORMAL PERIOD 1981 TO 2010
CLIMATE RECORD PERIOD 1998 TO 2017


WEATHER ITEM   OBSERVED TIME   RECORD YEAR NORMAL DEPARTURE
                VALUE   (LST)  VALUE       VALUE  FROM
                                                  NORMAL
...............................................................
TEMPERATURE (F)
 YESTERDAY
  MAXIMUM         74        MM  97    2014  85    -11
  MINIMUM         51        MM  48    2011  54     -3
  AVERAGE         63                        69     -6

PRECIPITATION (IN)
  YESTERDAY        0.00          0.05 2010   0.01  -0.01
  MONTH TO DATE    0.00                      0.54  -0.54
  SINCE OCT 1     15.79                     12.02   3.77
  SINCE JAN 1     11.56                      8.51   3.05

SNOWFALL (IN)
  YESTERDAY        0.0
  MONTH TO DATE    0.0
  SINCE MAR 1      0.0
  SINCE JUL 1      0.0
  SNOW DEPTH       0

DEGREE DAYS
 HEATING
  YESTERDAY        2
  MONTH TO DATE   38
  SINCE MAR 1    501
  SINCE JUL 1   2371

 COOLING
  YESTERDAY        0
  MONTH TO DATE  126
  SINCE MAR 1    126
  SINCE JAN 1    126
...............................................................


WIND (MPH)
  HIGHEST WIND SPEED    10   HIGHEST WIND DIRECTION    NW (330)
  HIGHEST GUST SPEED    MM   HIGHEST GUST DIRECTION    MM
  AVERAGE WIND SPEED     6.2




RELATIVE HUMIDITY (PERCENT)
 HIGHEST    83
 LOWEST     44
 AVERAGE    64

..........................................................


THE MERCED  CA CLIMATE NORMALS FOR TODAY
                         NORMAL    RECORD    YEAR
 MAXIMUM TEMPERATURE (F)   85        97      2009
 MINIMUM TEMPERATURE (F)   54        49      2012


SUNRISE AND SUNSET
MAY 27 2017...........SUNRISE   546 AM PDT   SUNSET   814 PM PDT
MAY 28 2017...........SUNRISE   545 AM PDT   SUNSET   815 PM PDT


-  INDICATES NEGATIVE NUMBERS.
R  INDICATES RECORD WAS SET OR TIED.
MM INDICATES DATA IS MISSING.
T  INDICATES TRACE AMOUNT.




$$
