000
CDUS46 KHNX 250825
CLIMCE


CLIMATE REPORT
NATIONAL WEATHER SERVICE SAN JOAQUIN VALLEY, CA
1224 AM PST SAT FEB 25 2017


...................................

...THE MERCED  CA CLIMATE SUMMARY FOR FEBRUARY 24 2017...

CLIMATE NORMAL PERIOD 1981 TO 2010
CLIMATE RECORD PERIOD 1998 TO 2017


WEATHER ITEM   OBSERVED TIME   RECORD YEAR NORMAL DEPARTURE
                VALUE   (LST)  VALUE       VALUE  FROM
                                                  NORMAL
...............................................................
TEMPERATURE (F)
 YESTERDAY
  MAXIMUM         56    240 PM  77    2014  63     -7
  MINIMUM         31    642 AM  29    2007  40     -9
  AVERAGE         44                        51     -7

PRECIPITATION (IN)
  YESTERDAY        0.00          0.45 2001   0.09  -0.09
  MONTH TO DATE    3.51                      1.99   1.52
  SINCE OCT 1     13.35                      8.11   5.24
  SINCE JAN 1      9.12                      4.60   4.52

SNOWFALL (IN)
  YESTERDAY        0.0
  MONTH TO DATE    0.0
  SINCE DEC 1      0.0
  SINCE JUL 1      0.0
  SNOW DEPTH       0

DEGREE DAYS
 HEATING
  YESTERDAY       21
  MONTH TO DATE  270
  SINCE DEC 1   1449
  SINCE JUL 1   1794

 COOLING
  YESTERDAY        0
  MONTH TO DATE    0
  SINCE DEC 1      0
  SINCE JAN 1      0
...............................................................


WIND (MPH)
  HIGHEST WIND SPEED     8   HIGHEST WIND DIRECTION     N (20)
  HIGHEST GUST SPEED    11   HIGHEST GUST DIRECTION     N (360)
  AVERAGE WIND SPEED     1.8




RELATIVE HUMIDITY (PERCENT)
 HIGHEST    89
 LOWEST     38
 AVERAGE    64

..........................................................


THE MERCED  CA CLIMATE NORMALS FOR TODAY
                         NORMAL    RECORD    YEAR
 MAXIMUM TEMPERATURE (F)   63        77      2014
 MINIMUM TEMPERATURE (F)   40        32      2013


SUNRISE AND SUNSET
FEBRUARY 25 2017......SUNRISE   638 AM PST   SUNSET   553 PM PST
FEBRUARY 26 2017......SUNRISE   637 AM PST   SUNSET   554 PM PST


-  INDICATES NEGATIVE NUMBERS.
R  INDICATES RECORD WAS SET OR TIED.
MM INDICATES DATA IS MISSING.
T  INDICATES TRACE AMOUNT.




$$
