905
CDAK49 PAMC 031115
CLIMCG

CLIMATE REPORT
NATIONAL WEATHER SERVICE MCGRATH, AK
315 AM AKDT TUE MAY 3 2016

...................................
...THE MCGRATH AIRPORT CLIMATE SUMMARY FOR MAY 2 2016...

CLIMATE NORMAL PERIOD  1981 TO  2010
CLIMATE RECORD PERIOD  1940 TO  2016

WEATHER ITEM   OBSERVED TIME    RECORD YEAR NORMAL DEPARTURE LAST
               VALUE    (LST)   VALUE       VALUE  FROM      YEAR
                                                   NORMAL
...................................................................
TEMPERATURE
YESTERDAY
 MAXIMUM            58  0229 PM    71  2014     51       7     58
 MINIMUM            32  0619 AM    -2  1945     30       2     30
 AVERAGE            45                          41       4     44

PRECIPITATION
(INCHES)
 YESTERDAY        0.05           0.22  1946   0.02    0.03   0.03
 MONTH TO DATE    0.05                        0.05    0.00   0.07
 SINCE MAR 1      1.49                        1.60   -0.11   0.59
 SINCE JAN 1      1.69                        3.63   -1.94   1.03

SNOWFALL
(INCHES)
 YESTERDAY         0.0            0.8  1998    0.0     0.0    0.0
 MONTH TO DATE     0.0                         0.1    -0.1    0.0
 SINCE MAR 1      14.9                        16.5    -1.6    8.5
 SINCE JUL 1      79.0                        96.5   -17.5   41.6
 SNOW DEPTH (IN)     0                                          0

DEGREE DAYS
 HEATING
  YESTERDAY         20                          24      -4     21
  MONTH TO DATE     37                          49     -12     41
  SINCE MAR 1     2284                        2765    -481   2375
  SINCE JUL 1    11728                       13003   -1275  11460

 COOLING
  YESTERDAY          0                           0       0      0
  MONTH TO DATE      0                           0       0      0
  SINCE MAR 1        0                           0       0      0
  SINCE JAN 1        0                           0       0      0
...................................................................

WIND (MPH)
 HIGHEST WIND SPEED    17     HIGHEST WIND DIRECTION     30
 HIGHEST GUST SPEED    22     HIGHEST GUST DIRECTION    220
 AVERAGE WIND SPEED   4.3

WEATHER CONDITIONS
 THE FOLLOWING WEATHER WAS RECORDED YESTERDAY...RAIN
...................................................................

THE MCGRATH CLIMATE NORMALS FOR TODAY
                           NORMAL    RECORD   YEAR
 MAXIMUM TEMPERATURE (F)     51        69     2014
 MINIMUM TEMPERATURE (F)     31        -2     2001

SUNRISE AND SUNSET
 MAY 3 2016..........SUNRISE  5:55 AM      SUNSET 10:47 PM
 MAY 4 2016..........SUNRISE  5:51 AM      SUNSET 10:50 PM

-  INDICATES NEGATIVE NUMBERS.
R  INDICATES RECORD HAS BEEN SET OR TIED.
MM INDICATES DATA IS MISSING.
T  INDICATES TRACE OF PRECIPITATION.

&&
-------------------------------------------------------------------

AMOUNT OF DAYLIGHT TODAY  (HOUR:MIN)........16 HOURS 52 MINUTES
GAIN SINCE YESTERDAY (HOUR:MIN:SEC)....+0:06:08

$$
JMM MAY 16
