869
CDAK49 PAFG 250958
CLIMCG

CLIMATE REPORT
NATIONAL WEATHER SERVICE FAIRBANKS AK
1258 AM AKST SAT FEB 25 2017


...................................

...THE MCGRATH AK CLIMATE SUMMARY FOR FEBRUARY 24 2017...

CLIMATE NORMAL PERIOD 1981 TO 2010
CLIMATE RECORD PERIOD 1946 TO 2017


WEATHER ITEM   OBSERVED TIME   RECORD YEAR NORMAL DEPARTURE LAST
                VALUE   (LST)  VALUE       VALUE  FROM      YEAR
                                                  NORMAL
..................................................................
TEMPERATURE (F)
 YESTERDAY
  MAXIMUM         38    408 PM  55    1943  17     21       45
  MINIMUM         31    744 AM -51    1971  -7     38       24
  AVERAGE         35                         5     30       35

PRECIPITATION (IN)
  YESTERDAY        0.04          0.94 1989   0.03   0.01     0.00
  MONTH TO DATE    0.59                      0.81  -0.22     0.06
  SINCE DEC 1      2.10                      3.19  -1.09     0.06
  SINCE JAN 1      1.13                      1.90  -0.77     0.06

SNOWFALL (IN)
  YESTERDAY        T             9.6  1996   0.4   -0.4      0.0
  MONTH TO DATE   10.0                      11.2   -1.2      0.0
  SINCE DEC 1     38.6                      47.1   -8.5      0.0
  SINCE JUL 1     46.9                      78.1  -31.2      0.0
  SNOW DEPTH      16

DEGREE DAYS
 HEATING
  YESTERDAY       30                        60    -30       30
  MONTH TO DATE 1603                      1541     62      775
  SINCE DEC 1   5843                      5871    -28      775
  SINCE JUL 1   9589                      9994   -405      775

 COOLING
  YESTERDAY        0                         0      0        0
  MONTH TO DATE    0                         0      0        0
  SINCE DEC 1      0                         0      0        0
  SINCE JAN 1      0                         0      0        0
..................................................................


WIND (MPH)
  HIGHEST GUST SPEED    27   HIGHEST GUST DIRECTION    SW (210)


SKY COVER
  AVERAGE SKY COVER 0.7


WEATHER CONDITIONS
 THE FOLLOWING WEATHER WAS RECORDED YESTERDAY.
  LIGHT RAIN
  LIGHT SNOW
  FOG
  HAZE


RELATIVE HUMIDITY (PERCENT)
 HIGHEST    89
 LOWEST     59
 AVERAGE    74

..........................................................


THE MCGRATH AK CLIMATE NORMALS FOR TODAY
                         NORMAL    RECORD    YEAR
 MAXIMUM TEMPERATURE (F)   18        44      1978
                                             1947
 MINIMUM TEMPERATURE (F)   -7       -50      1954


SUNRISE AND SUNSET
FEBRUARY 25 2017......SUNRISE   839 AM AKST  SUNSET   634 PM AKST
FEBRUARY 26 2017......SUNRISE   836 AM AKST  SUNSET   637 PM AKST

-  INDICATES NEGATIVE NUMBERS.
R  INDICATES RECORD WAS SET OR TIED.
MM INDICATES DATA IS MISSING.
T  INDICATES TRACE AMOUNT.

&&

SNOW DEPTH IS MEASURED AT 3AM AKST/4AM AKDT.

----------------------------
AVAILABLE DAYLIGHT

AMOUNT OF DAYLIGHT TODAY  (HOUR:MIN)........9:55
GAIN/LOSS SINCE YESTERDAY (HOUR:MIN:SEC)....+0:06:12

$$
CCC FEB 17
