000
CDAK49 PAFG 160944
CLIMCG

CLIMATE REPORT
NATIONAL WEATHER SERVICE FAIRBANKS AK
1244 AM AKST SAT DEC 16 2017


...................................

...THE MCGRATH AK CLIMATE SUMMARY FOR DECEMBER 15 2017...

CLIMATE NORMAL PERIOD 1981 TO 2010
CLIMATE RECORD PERIOD 1946 TO 2017


WEATHER ITEM   OBSERVED TIME   RECORD YEAR NORMAL DEPARTURE LAST
                VALUE   (LST)  VALUE       VALUE  FROM      YEAR
                                                  NORMAL
..................................................................
TEMPERATURE (F)
 YESTERDAY
  MAXIMUM         32    742 PM  44    1944   6     26       14
  MINIMUM         19    250 AM -61    1946 -12     31        7
  AVERAGE         26                        -3     29       11

PRECIPITATION (IN)
  YESTERDAY        T             0.42 1984   0.04  -0.04     0.04
  MONTH TO DATE    0.79                      0.60   0.19     0.04
  SINCE DEC 1      0.79                      0.60   0.19     0.04
  SINCE JAN 1     17.64                     17.31   0.33    18.57

SNOWFALL (IN)
  YESTERDAY        0.0           7.4  1984   0.7   -0.7      1.5
  MONTH TO DATE    8.1                       9.7   -1.6      1.7
  SINCE DEC 1      8.1                       9.7   -1.6      1.7
  SINCE JUL 1     34.9                      40.7   -5.8     10.0
  SNOW DEPTH      14

DEGREE DAYS
 HEATING
  YESTERDAY       39                        68    -29       54
  MONTH TO DATE  643                       998   -355     1186
  SINCE DEC 1    643                       998   -355     1186
  SINCE JUL 1   4068                      5121  -1053     4932

 COOLING
  YESTERDAY        0                         0      0        0
  MONTH TO DATE    0                         0      0        0
  SINCE DEC 1      0                         0      0        0
  SINCE JAN 1     37                        20     17       29
..................................................................


WIND (MPH)
  HIGHEST GUST SPEED    14   HIGHEST GUST DIRECTION    SE (120)


SKY COVER
  AVERAGE SKY COVER 1.0


WEATHER CONDITIONS
 THE FOLLOWING WEATHER WAS RECORDED YESTERDAY.
  FOG
  HAZE


RELATIVE HUMIDITY (PERCENT)
 HIGHEST    91
 LOWEST     66
 AVERAGE    79

..........................................................


THE MCGRATH AK CLIMATE NORMALS FOR TODAY
                         NORMAL    RECORD    YEAR
 MAXIMUM TEMPERATURE (F)    6        41      1944
 MINIMUM TEMPERATURE (F)  -12       -49      2012


SUNRISE AND SUNSET
DECEMBER 16 2017......SUNRISE  1055 AM AKST  SUNSET   342 PM AKST
DECEMBER 17 2017......SUNRISE  1056 AM AKST  SUNSET   342 PM AKST

-  INDICATES NEGATIVE NUMBERS.
R  INDICATES RECORD WAS SET OR TIED.
MM INDICATES DATA IS MISSING.
T  INDICATES TRACE AMOUNT.

&&

SNOW DEPTH IS MEASURED AT 3AM AKST/4AM AKDT.

----------------------------
AVAILABLE DAYLIGHT

AMOUNT OF DAYLIGHT TODAY  (HOUR:MIN)........4:47
GAIN/LOSS SINCE YESTERDAY (HOUR:MIN:SEC)....-0:01:17

$$
SDB DEC 17
