000
CDAK49 PAFG 220044
CLIMCG

CLIMATE REPORT
NATIONAL WEATHER SERVICE FAIRBANKS AK
444 PM AKDT SAT OCT 21 2017


...................................

...THE MCGRATH AK CLIMATE SUMMARY FOR OCTOBER 21 2017...
VALID TODAY AS OF 0400 PM LOCAL TIME.

CLIMATE NORMAL PERIOD 1981 TO 2010
CLIMATE RECORD PERIOD 1946 TO 2017


WEATHER ITEM   OBSERVED TIME   RECORD YEAR NORMAL DEPARTURE LAST
                VALUE   (LST)  VALUE       VALUE  FROM      YEAR
                                                  NORMAL
..................................................................
TEMPERATURE (F)
 TODAY
  MAXIMUM         20   1205 AM  46    1980  28     -8       29
  MINIMUM         11   1017 AM  -8    1965  15     -4       16
                                      1956
  AVERAGE         16                        21     -5       23

PRECIPITATION (IN)
  TODAY            0.00          0.38 1981   0.04  -0.04      T
  MONTH TO DATE    2.19                      1.07   1.12     0.05
  SINCE SEP 1      3.84                      3.56   0.28     5.13
  SINCE JAN 1     14.21                     14.93  -0.72    17.96

SNOWFALL (IN)
  TODAY            0.0           5.2  2002   0.4   -0.4       T
  MONTH TO DATE    0.3                       5.7   -5.4       T
  SINCE SEP 1      0.3                       7.2   -6.9       T
  SINCE JUL 1      0.3                       7.2   -6.9       T
  SNOW DEPTH       0

DEGREE DAYS
 HEATING
  TODAY           49                        44      5       42
  MONTH TO DATE  597                       760   -163      660
  SINCE SEP 1   1120                      1372   -252     1203
  SINCE JUL 1   1473                      1863   -390     1479

 COOLING
  TODAY            0                         0      0        0
  MONTH TO DATE    0                         0      0        0
  SINCE SEP 1      0                         0      0        0
  SINCE JAN 1     37                        20     17       29
..................................................................


WIND (MPH)
  HIGHEST GUST SPEED    12   HIGHEST GUST DIRECTION    SE (120)


SKY COVER
  AVERAGE SKY COVER 0.9


WEATHER CONDITIONS
 THE FOLLOWING WEATHER WAS RECORDED TODAY.
  NO SIGNIFICANT WEATHER WAS OBSERVED.


RELATIVE HUMIDITY (PERCENT)
 HIGHEST    76
 LOWEST     56
 AVERAGE    66

..........................................................


THE MCGRATH AK CLIMATE NORMALS FOR TOMORROW
                         NORMAL    RECORD    YEAR
 MAXIMUM TEMPERATURE (F)   27        54      1980
 MINIMUM TEMPERATURE (F)   14       -13      2008
                                             1956


SUNRISE AND SUNSET
OCTOBER 21 2017.......SUNRISE   928 AM AKDT  SUNSET   645 PM AKDT
OCTOBER 22 2017.......SUNRISE   931 AM AKDT  SUNSET   642 PM AKDT

-  INDICATES NEGATIVE NUMBERS.
R  INDICATES RECORD WAS SET OR TIED.
MM INDICATES DATA IS MISSING.
T  INDICATES TRACE AMOUNT.

&&

SNOW DEPTH IS MEASURED AT 3AM AKST/4AM AKDT.

----------------------------
AVAILABLE DAYLIGHT

AMOUNT OF DAYLIGHT TODAY  (HOUR:MIN)........9:17
GAIN/LOSS SINCE YESTERDAY (HOUR:MIN:SEC)....-0:06:06

$$
HFL OCT 17
