000
CDAK49 PAMC 272329
CLIMCG

CLIMATE REPORT
NATIONAL WEATHER SERVICE MCGRATH, AK
329 PM AKDT WED AUG 27 2014

...................................
...THE MCGRATH AIRPORT CLIMATE SUMMARY FOR AUGUST 27 2014...
VALID TODAY AS OF 2:00 PM LOCAL TIME

CLIMATE NORMAL PERIOD  1981 TO  2010
CLIMATE RECORD PERIOD  1940 TO  2014

WEATHER ITEM   OBSERVED TIME    RECORD YEAR NORMAL DEPARTURE LAST
               VALUE    (LST)   VALUE       VALUE  FROM      YEAR
                                                   NORMAL
...................................................................
TEMPERATURE
TODAY
 MAXIMUM            61  0109 PM    80  1981     61       0     58
 MINIMUM            44  0547 AM    30  1996     43       1     47
 AVERAGE            53                          52       1     53

PRECIPITATION
(INCHES)
 TODAY            0.00           0.85  1974   0.09   -0.09   0.04
 MONTH TO DATE    1.65                        2.45   -0.80   2.42
 SINCE JUN 1      5.75                        6.35   -0.60   5.20
 SINCE JAN 1      8.48                       11.02   -2.54   9.06

SNOWFALL
(INCHES)
 TODAY             0.0            0.0  2014    0.0     0.0    0.0
 MONTH TO DATE     0.0                         0.0     0.0    0.0
 SINCE JUN 1       0.0                         0.0     0.0    0.0
 SINCE JUL 1       0.0                         0.0     0.0    0.0
 SNOW DEPTH (IN)     0                                          0

DEGREE DAYS
 HEATING
  TODAY             12                          13      -1     12
  MONTH TO DATE    164                         271    -107    193
  SINCE JUN 1      656                         677     -21    493
  SINCE JUL 1      351                         443     -92    358

 COOLING
  TODAY              0                           0       0      0
  MONTH TO DATE      0                           0       0      3
  SINCE JUN 1       11                          16      -5     69
  SINCE JAN 1       11                          16      -5     78
...................................................................

WIND (MPH)
 HIGHEST WIND SPEED     6     HIGHEST WIND DIRECTION     90
 HIGHEST GUST SPEED     8     HIGHEST GUST DIRECTION     80
 AVERAGE WIND SPEED    MM

WEATHER CONDITIONS
 THE FOLLOWING WEATHER WAS RECORDED TODAY.
 FOG

...................................................................

THE MCGRATH CLIMATE NORMALS FOR TOMORROW
                        NORMAL    RECORD   YEAR
 MAXIMUM TEMPERATURE      61        76     1981
 MINIMUM TEMPERATURE      43        25     1984

SUNRISE AND SUNSET
 AUG 27 2014..........SUNRISE  6:56 AM      SUNSET  9:51 PM
 AUG 28 2014..........SUNRISE  6:59 AM      SUNSET  9:47 PM

-  INDICATES NEGATIVE NUMBERS.
R  INDICATES RECORD HAS BEEN SET OR TIED.
MM INDICATES DATA IS MISSING.
T  INDICATES TRACE OF PRECIPITATION.

&&
-------------------------------------------------------------------

AMOUNT OF DAYLIGHT TODAY  (HOUR:MIN)........14 HOURS 55 MINUTES
LOSS SINCE YESTERDAY (HOUR:MIN:SEC)....-0:06:08

$$
JMC AUG 14
