000
CDAK49 PAFG 040943
CLIMCG

CLIMATE REPORT
NATIONAL WEATHER SERVICE FAIRBANKS AK
1243 AM AKST SUN DEC 4 2016


...................................

...THE MCGRATH AK CLIMATE SUMMARY FOR DECEMBER 3 2016...

CLIMATE NORMAL PERIOD 1981 TO 2010
CLIMATE RECORD PERIOD 1946 TO 2016


WEATHER ITEM   OBSERVED TIME   RECORD YEAR NORMAL DEPARTURE LAST
                VALUE   (LST)  VALUE       VALUE  FROM      YEAR
                                                  NORMAL
..................................................................
TEMPERATURE (F)
 YESTERDAY
  MAXIMUM         -6    257 PM  45    2002   8    -14       MM
  MINIMUM        -26   1211 AM -50    1970  -9    -17       MM
  AVERAGE        -16                         0    -16       MM

PRECIPITATION (IN)
  YESTERDAY        0.00          0.98 1947   0.04  -0.04    MM
  MONTH TO DATE    T                         0.12  -0.12    MM
  SINCE DEC 1      T                         0.12  -0.12    MM
  SINCE JAN 1     18.53                     16.83   1.70    MM

SNOWFALL (IN)
  YESTERDAY        0.0          12.7  1994   0.7   -0.7     MM
  MONTH TO DATE    0.1                       1.9   -1.8     MM
  SINCE DEC 1      0.1                       1.9   -1.8     MM
  SINCE JUL 1      8.4                      32.9  -24.5     MM
  SNOW DEPTH       5

DEGREE DAYS
 HEATING
  YESTERDAY       81                        65     16       MM
  MONTH TO DATE  251                       195     56       MM
  SINCE DEC 1    251                       195     56       MM
  SINCE JUL 1   3997                      4318   -321       MM

 COOLING
  YESTERDAY        0                         0      0       MM
  MONTH TO DATE    0                         0      0       MM
  SINCE DEC 1      0                         0      0       MM
  SINCE JAN 1     29                        20      9       MM
..................................................................


WIND (MPH)
  HIGHEST GUST SPEED    12   HIGHEST GUST DIRECTION     W (280)


SKY COVER
  AVERAGE SKY COVER 0.1


WEATHER CONDITIONS
 THE FOLLOWING WEATHER WAS RECORDED YESTERDAY.
  NO SIGNIFICANT WEATHER WAS OBSERVED.


RELATIVE HUMIDITY (PERCENT)
 HIGHEST    86
 LOWEST     63
 AVERAGE    75

..........................................................


THE MCGRATH AK CLIMATE NORMALS FOR TODAY
                         NORMAL    RECORD    YEAR
 MAXIMUM TEMPERATURE (F)    8        45      2002
 MINIMUM TEMPERATURE (F)   -9       -50      1975
                                             1970


SUNRISE AND SUNSET
DECEMBER 04 2016......SUNRISE  1035 AM AKST  SUNSET   351 PM AKST
DECEMBER 05 2016......SUNRISE  1038 AM AKST  SUNSET   350 PM AKST

-  INDICATES NEGATIVE NUMBERS.
R  INDICATES RECORD WAS SET OR TIED.
MM INDICATES DATA IS MISSING.
T  INDICATES TRACE AMOUNT.

&&

SNOW DEPTH IS MEASURED AT 3AM AKST/4AM AKDT.

----------------------------
AVAILABLE DAYLIGHT

AMOUNT OF DAYLIGHT TODAY  (HOUR:MIN)........5:16
GAIN/LOSS SINCE YESTERDAY (HOUR:MIN:SEC)....-0:03:41

$$
DEC 16
