000
CDAK49 PAMC 301207
CLIMCG

CLIMATE REPORT
NATIONAL WEATHER SERVICE MCGRATH, AK
307 AM AKST FRI JAN 30 2015

...................................
...THE MCGRATH AIRPORT CLIMATE SUMMARY FOR JANUARY 29 2015...

CLIMATE NORMAL PERIOD  1981 TO  2010
CLIMATE RECORD PERIOD  1940 TO  2015

WEATHER ITEM   OBSERVED TIME    RECORD YEAR NORMAL DEPARTURE LAST
               VALUE    (LST)   VALUE       VALUE  FROM      YEAR
                                                   NORMAL
...................................................................
TEMPERATURE
YESTERDAY
 MAXIMUM           -16  0213 PM    45  1945      5     -21     19
 MINIMUM           -40  1043 AM   -64  1989    -14     -26      4
 AVERAGE           -28                          -5     -23     12

PRECIPITATION
(INCHES)
 YESTERDAY        0.00           0.60  1996   0.04   -0.04   0.00
 MONTH TO DATE    0.27                        1.03   -0.76   1.56
 SINCE DEC 1      1.67                        2.32   -0.65   3.01
 SINCE JAN 1      0.27                        1.03   -0.76   1.56

SNOWFALL
(INCHES)
 YESTERDAY         0.0            5.9  1996    0.4    -0.4    0.0
 MONTH TO DATE     5.7                        14.7    -9.0   14.4
 SINCE DEC 1      21.4                        34.9   -13.5   31.8
 SINCE JUL 1      31.1                        65.9   -34.8   44.7
 SNOW DEPTH (IN)    13                                         16

DEGREE DAYS
 HEATING
  YESTERDAY         93                          70      23     53
  MONTH TO DATE   2007                        2075     -68   1493
  SINCE DEC 1     3672                        4189    -517   3530
  SINCE JUL 1     7317                        8321   -1004   6996

 COOLING
  YESTERDAY          0                           0       0      0
  MONTH TO DATE      0                           0       0      0
  SINCE DEC 1        0                           0       0      0
  SINCE JAN 1        0                           0       0      0
...................................................................

WIND (MPH)
 HIGHEST WIND SPEED     7     HIGHEST WIND DIRECTION    280
 HIGHEST GUST SPEED     7     HIGHEST GUST DIRECTION    280
 AVERAGE WIND SPEED   0.2

WEATHER CONDITIONS
 THE FOLLOWING WEATHER WAS RECORDED YESTERDAY.
 FOG

...................................................................

THE MCGRATH CLIMATE NORMALS FOR TODAY
                           NORMAL    RECORD   YEAR
 MAXIMUM TEMPERATURE (F)      5        54     1945
 MINIMUM TEMPERATURE (F)    -14       -63     1947

SUNRISE AND SUNSET
 JAN 30 2015..........SUNRISE 10:00 AM      SUNSET  5:13 PM
 JAN 31 2015..........SUNRISE  9:57 AM      SUNSET  5:16 PM

-  INDICATES NEGATIVE NUMBERS.
R  INDICATES RECORD HAS BEEN SET OR TIED.
MM INDICATES DATA IS MISSING.
T  INDICATES TRACE OF PRECIPITATION.

&&
-------------------------------------------------------------------

AMOUNT OF DAYLIGHT TODAY  (HOUR:MIN)........7 HOURS 13 MINUTES
GAIN SINCE YESTERDAY (HOUR:MIN:SEC)....+0:05:49

$$
JCD JAN 15
