000
CDAK49 PAFG 220940
CLIMCG

CLIMATE REPORT
NATIONAL WEATHER SERVICE FAIRBANKS AK
1240 AM AKST SUN JAN 22 2017


...................................

...THE MCGRATH AK CLIMATE SUMMARY FOR JANUARY 21 2017...

CLIMATE NORMAL PERIOD 1981 TO 2010
CLIMATE RECORD PERIOD 1946 TO 2017


WEATHER ITEM   OBSERVED TIME   RECORD YEAR NORMAL DEPARTURE LAST
                VALUE   (LST)  VALUE       VALUE  FROM      YEAR
                                                  NORMAL
..................................................................
TEMPERATURE (F)
 YESTERDAY
  MAXIMUM        -19    346 PM  41    1961   2    -21       MM
  MINIMUM        -41   1037 AM -61    1973 -15    -26       MM
  AVERAGE        -30                        -7    -23       MM

PRECIPITATION (IN)
  YESTERDAY        0.00          0.51 1962   0.03  -0.03    MM
  MONTH TO DATE    0.41                      0.76  -0.35    MM
  SINCE DEC 1      1.38                      2.05  -0.67    MM
  SINCE JAN 1      0.41                      0.76  -0.35    MM

SNOWFALL (IN)
  YESTERDAY        0.0           3.6  1962   0.5   -0.5     MM
  MONTH TO DATE   12.5                      10.9    1.6     MM
  SINCE DEC 1     26.4                      31.1   -4.7     MM
  SINCE JUL 1     34.7                      62.1  -27.4     MM
  SNOW DEPTH      18

DEGREE DAYS
 HEATING
  YESTERDAY       95                        72     23       MM
  MONTH TO DATE 1591                      1511     80       MM
  SINCE DEC 1   3613                      3625    -12       MM
  SINCE JUL 1   7359                      7748   -389       MM

 COOLING
  YESTERDAY        0                         0      0       MM
  MONTH TO DATE    0                         0      0       MM
  SINCE DEC 1      0                         0      0       MM
  SINCE JAN 1      0                         0      0       MM
..................................................................


WIND (MPH)
  HIGHEST GUST SPEED    12   HIGHEST GUST DIRECTION    NW (330)


SKY COVER
  AVERAGE SKY COVER 0.1


WEATHER CONDITIONS
 THE FOLLOWING WEATHER WAS RECORDED YESTERDAY.
  NO SIGNIFICANT WEATHER WAS OBSERVED.


RELATIVE HUMIDITY (PERCENT)
 HIGHEST    77
 LOWEST     63
 AVERAGE    70

..........................................................


THE MCGRATH AK CLIMATE NORMALS FOR TODAY
                         NORMAL    RECORD    YEAR
 MAXIMUM TEMPERATURE (F)    2        39      2008
 MINIMUM TEMPERATURE (F)  -15       -61      1989


SUNRISE AND SUNSET
JANUARY 22 2017.......SUNRISE  1020 AM AKST  SUNSET   450 PM AKST
JANUARY 23 2017.......SUNRISE  1017 AM AKST  SUNSET   453 PM AKST

-  INDICATES NEGATIVE NUMBERS.
R  INDICATES RECORD WAS SET OR TIED.
MM INDICATES DATA IS MISSING.
T  INDICATES TRACE AMOUNT.

&&

SNOW DEPTH IS MEASURED AT 3AM AKST/4AM AKDT.

----------------------------
AVAILABLE DAYLIGHT

AMOUNT OF DAYLIGHT TODAY  (HOUR:MIN)........6:31
GAIN/LOSS SINCE YESTERDAY (HOUR:MIN:SEC)....+0:05:25

$$
SDB JAN 17
